000
CXUS53 KARX 010937
CLMLSE
CLIMATE REPORT
NATIONAL WEATHER SERVICE LA CROSSE WI
437 AM CDT SAT APR 01 2023
...................................
...THE LA CROSSE WI CLIMATE SUMMARY FOR THE MONTH OF MARCH 2023...
CLIMATE NORMAL PERIOD 1991 TO 2020
CLIMATE RECORD PERIOD 1872 TO 2023
WEATHER OBSERVED NORMAL DEPART LAST YEAR`S
VALUE DATE(S) VALUE FROM VALUE DATE(S)
NORMAL
................................................................
TEMPERATURE (F)
RECORD
HIGH 84 03/29/1986
LOW -28 03/01/1962
HIGHEST 53 03/21 75 03/21
03/24
LOWEST 2 03/14 2 03/12
AVG. MAXIMUM 42.7 45.6 -2.9 43.6
AVG. MINIMUM 24.6 26.0 -1.4 26.7
MEAN 33.7 35.8 -2.1 35.2
DAYS MAX >= 90 0 0.0 0.0 0
DAYS MAX <= 32 3 4.8 -1.8 5
DAYS MIN <= 32 28 23.5 4.5 21
DAYS MIN <= 0 0 1.0 -1.0 0
PRECIPITATION (INCHES)
RECORD
MAXIMUM 4.23 1876
TOTALS 3.48 2.04 1.44 1.81
DAYS >= .01 12 9.9 2.1 9
DAYS >= .10 6 5.0 1.0 4
DAYS >= .50 1 1.2 -0.2 2
DAYS >= 1.00 1 0.3 0.7 0
GREATEST
24 HR. TOTAL 1.67 03/31 TO 03/31 0.78 03/22 TO 03/23
SNOWFALL (INCHES)
RECORDS
TOTAL 33.5 1959
SNOW DEPTH 31 03/07/1959
TOTALS 12.2 7.3 4.9 0.3
SINCE 7/1 54.1 43.4 10.7 MM
SNOWDEPTH AVG. 1 0
DAYS >= TRACE 14 4.5 9.5 9
DAYS >= 1.0 5 1.9 3.1 0
GREATEST
SNOW DEPTH 6 03/10 3 03/02
03/12
03/03
03/01
DEGREE DAYS
HEATING TOTAL 962 906 56 919
SINCE 7/1 5977 6096 -119 MM
COOLING TOTAL 0 1 -1 0
SINCE 1/1 0 1 -1 MM
................................................................
WIND (MPH)
AVERAGE WIND SPEED 8.8
HIGHEST WIND SPEED/DIRECTION 31/320 DATE 03/16
HIGHEST GUST SPEED/DIRECTION 43/320 DATE 03/16
AVERAGE RH (PERCENT) 66
WEATHER CONDITIONS. NUMBER OF DAYS WITH
THUNDERSTORM 2 MIXED PRECIP 0
HEAVY RAIN 1 RAIN 2
LIGHT RAIN 6 FREEZING RAIN 0
LT FREEZING RAIN 1 HAIL 0
HEAVY SNOW 0 SNOW 2
LIGHT SNOW 12 SLEET 0
FOG 13 FOG W/VIS <= 1/4 MILE 0
HAZE 5
- INDICATES NEGATIVE NUMBERS.
R INDICATES RECORD WAS SET OR TIED.
MM INDICATES DATA IS MISSING.
T INDICATES TRACE AMOUNT.
$$