000
CXUS53 KARX 020403
CLSLSE
CLIMATE REPORT
NATIONAL WEATHER SERVICE LA CROSSE WI
1003 PM CST WED MAR 01 2023
...................................
...THE LA CROSSE WI CLIMATE SUMMARY FOR THE SEASON, FROM
12/1/2022 TO 2/28/2023...
CLIMATE NORMAL PERIOD 1991 TO 2020
CLIMATE RECORD PERIOD 1872 TO 2023
WEATHER OBSERVED NORMAL DEPART LAST YEAR`S
VALUE DATE(S) VALUE FROM VALUE DATE(S)
NORMAL
................................................................
TEMPERATURE (F)
RECORD
HIGH 69 12/15/2021
12/15/2021
LOW -43 01/18/1873
HIGHEST 48 02/08 69 12/15
02/11
LOWEST -12 01/31 -18 01/26
AVG. MAXIMUM 31.4 30.9 0.5 29.9
AVG. MINIMUM 16.5 14.1 2.4 9.9
MEAN 24.0 22.5 1.5 19.9
DAYS MAX >= 90 0 0.0 0.0 0
DAYS MAX <= 32 45 50.1 -5.1 48
DAYS MIN <= 32 81 84.0 -3.0 86
DAYS MIN <= 0 14 18.5 -4.5 24
PRECIPITATION (INCHES)
RECORD
MAXIMUM 7.47 1875
MINIMUM 0.92 1963
TOTALS 6.74 3.93 2.81 2.67
DAYS >= .01 36 28.5 7.5 25
DAYS >= .10 16 11.3 4.7 10
DAYS >= .50 3 1.6 1.4 0
DAYS >= 1.00 0 0.1 -0.1 0
GREATEST
24 HR. TOTAL 0.93 0.47 12/10 TO 12/11
SNOWFALL (INCHES)
RECORDS
TOTAL 60.4 1970
SNOW DEPTH 34 01/24/1979
TOTALS 38.7 32.4 6.3 28.4
SNOWDEPTH AVG. 4 4
DAYS >= TRACE 38 23.3 14.7 MM
DAYS >= 1.0 13 9.5 3.5 MM
GREATEST
SNOW DEPTH 10 02/24 9 01/28
02/25
01/29
01/30
DEGREE DAYS
HEATING TOTAL 3677 3830 -153 4029
COOLING TOTAL 0 0 0 0
................................................................
WIND (MPH)
AVERAGE WIND SPEED 8.3
HIGHEST WIND SPEED/DIRECTION 30/270 DATE 01/27
HIGHEST GUST SPEED/DIRECTION 43/270 DATE 02/20
AVERAGE RH (PERCENT) 75
WEATHER CONDITIONS. NUMBER OF DAYS WITH
THUNDERSTORM 0 MIXED PRECIP 0
HEAVY RAIN 3 RAIN 5
LIGHT RAIN 15 FREEZING RAIN 1
LT FREEZING RAIN 3 HAIL 0
HEAVY SNOW 2 SNOW 5
LIGHT SNOW 37 SLEET 0
FOG 49 FOG W/VIS <= 1/4 MILE 8
HAZE 22
- INDICATES NEGATIVE NUMBERS.
R INDICATES RECORD WAS SET OR TIED.
MM INDICATES DATA IS MISSING.
T INDICATES TRACE AMOUNT.
$$
BOYNE