000
CXUS51 KILN 010630
CF6LUK
PRELIMINARY LOCAL CLIMATOLOGICAL DATA (WS FORM: F-6)
STATION: CINCINNATI/LUNK ASOS
MONTH: DECEMBER
YEAR: 2023
LATITUDE: 39 5 N
LONGITUDE: 84 26 W
TEMPERATURE IN F: :PCPN: SNOW: WIND :SUNSHINE: SKY :PK WND
================================================================================
1 2 3 4 5 6A 6B 7 8 9 10 11 12 13 14 15 16 17 18
12Z AVG MX 2MIN
DY MAX MIN AVG DEP HDD CDD WTR SNW DPTH SPD SPD DIR MIN PSBL S-S WX SPD DR
================================================================================
1 55 44 50 10 15 0 M M M 6.6 32 220 M M 10 1 41 220
2 57 45 51 12 14 0 M M M 3.4 15 220 M M 8 12 22 220
3 52 38 45 6 20 0 M M M 9.7 26 240 M M 10 18 34 230
4 46 29 38 -1 27 0 T M M 2.5 10 350 M M 6 128 13 360
5 47 32 40 1 25 0 0.14 M M 3.4 14 360 M M 10 138 17 350
6 45 27 36 -2 29 0 T M M 6.0 15 280 M M 7 18 21 340
7 56 26 41 3 24 0 0.00 M M 6.9 18 230 M M 1 18 25 220
8 64 34 49 11 16 0 0.00 M M 9.1 20 210 M M 4 26 210
9 63 48 56 18 9 0 0.32 M M 9.2 18 180 M M 9 1 22 190
10 49 35 42 5 23 0 T M M 7.3 16 280 M M 7 22 280
11 42 26 34 -3 31 0 0.00 M M 4.8 13 270 M M 6 1 14 280
12 52 21 37 0 28 0 0.00 M M 3.5 15 230 M M 0 1 20 250
13 47 21 34 -3 31 0 0.00 M M 0.7 7 40 M M 1 9 40
14 54 18 36 -1 29 0 0.00 M M 0.1 6 170 M M 0 1 8 200
15 58 21 40 4 25 0 0.00 M M 0.3 6 170 M M 0 18 9 150
16 57 26 42 6 23 0 T M M 0.9 7 230 M M 2 1 10 230
17 56 44 50 14 15 0 M M M 6.9 16 300 M M 8 1 22 270
18 44 28 36 0 29 0 0.00 M M 13.1 30 260 M M 9 128 43 270
19 38 21 30 -6 35 0 0.00 M M 4.2 14 270 M M 2 20 270
20 50 20 35 0 30 0 0.00 M M 1.7 10 170 M M 0 1 14 190
21 53 24 39 4 26 0 0.00 M M 0.6 8 180 M M 1 11 180
22 54 28 41 6 24 0 0.00 M M 1.4 9 190 M M 6 11 160
23 51 39 45 10 20 0 M M M 1.9 15 210 M M 10 1 19 210
24 61 38 50 15 15 0 M M M 0.7 8 120 M M 8 12 10 140
25 62 34 48 14 17 0 M M M 4.4 18 150 M M 8 12 27 170
26 59 43 51 17 14 0 M M M 4.1 14 260 M M 10 12 16 260
27 54 36 45 11 20 0 M M M 1.4 8 20 M M 1 1 10 20
28 43 33 38 4 27 0 M M M 7.4 16 200 M M 10 12 20 220
29 41 36 39 5 26 0 M M M 7.4 14 220 M M 10 18 16 220
30 44 36 40 6 25 0 M M M 7.7 17 260 M M 10 1 20 270
31 43 33 38 4 27 0 M M M 10.7 23 240 M M 10 18 28 230
================================================================================
SM 1597 984 719 0 0.46 M 148.0 M 184
================================================================================
AV 51.5 31.7 4.8 FASTST M M 6 MAX(MPH)
MISC ----> 32 220 43 270
================================================================================
NOTES:
# LAST OF SEVERAL OCCURRENCES
COLUMN 17 PEAK WIND IN M.P.H.
PRELIMINARY LOCAL CLIMATOLOGICAL DATA (WS FORM: F-6) , PAGE 2
STATION: CINCINNATI/LUNK ASOS
MONTH: DECEMBER
YEAR: 2023
LATITUDE: 39 5 N
LONGITUDE: 84 26 W
[TEMPERATURE DATA] [PRECIPITATION DATA] SYMBOLS USED IN COLUMN 16
AVERAGE MONTHLY: 41.6 TOTAL FOR MONTH: 0.46 1 = FOG OR MIST
DPTR FM NORMAL: 5.3 DPTR FM NORMAL: -2.86 2 = FOG REDUCING VISIBILITY
HIGHEST: 64 ON 8 GRTST 24HR 0.32 ON 9- 9 TO 1/4 MILE OR LESS
LOWEST: 18 ON 14 3 = THUNDER
SNOW, ICE PELLETS, HAIL 4 = ICE PELLETS
TOTAL MONTH: M 5 = HAIL
GRTST 24HR M ON M 6 = FREEZING RAIN OR DRIZZLE
GRTST DEPTH: M ON M 7 = DUSTSTORM OR SANDSTORM:
VSBY 1/2 MILE OR LESS
8 = SMOKE OR HAZE
[NO. OF DAYS WITH] [WEATHER - DAYS WITH] 9 = BLOWING SNOW
X = TORNADO
MAX 32 OR BELOW: 0 0.01 INCH OR MORE: 2
MAX 90 OR ABOVE: 0 0.10 INCH OR MORE: 2
MIN 32 OR BELOW: 15 0.50 INCH OR MORE: 0
MIN 0 OR BELOW: 0 1.00 INCH OR MORE: 0
[HDD (BASE 65) ]
TOTAL THIS MO. 719 CLEAR (SCALE 0-3) 10
DPTR FM NORMAL -171 PTCLDY (SCALE 4-7) 8
TOTAL FM JUL 1 1545 CLOUDY (SCALE 8-10) 13
DPTR FM NORMAL -305
[CDD (BASE 65) ]
TOTAL THIS MO. 0
DPTR FM NORMAL 0 [PRESSURE DATA]
TOTAL FM JAN 1 1060 HIGHEST SLP M ON M
DPTR FM NORMAL -66 LOWEST SLP 29.75 ON 18
[REMARKS]
#FINAL-12-23#