000
CXUS54 KHGX 011410
CF6LVJ
PRELIMINARY LOCAL CLIMATOLOGICAL DATA (WS FORM: F-6)
STATION: HOUSTON/CLOVER_FIELD
MONTH: JULY
YEAR: 2022
LATITUDE: 29 31 N
LONGITUDE: 95 14 W
TEMPERATURE IN F: :PCPN: SNOW: WIND :SUNSHINE: SKY :PK WND
================================================================================
1 2 3 4 5 6A 6B 7 8 9 10 11 12 13 14 15 16 17 18
12Z AVG MX 2MIN
DY MAX MIN AVG DEP HDD CDD WTR SNW DPTH SPD SPD DIR MIN PSBL S-S WX SPD DR
================================================================================
1 89 78 84 0 0 19 T 0.0 0 5.5 13 190 M M 6 3 22 200
2 93 78 86 2 0 21 0.09 0.0 0 6.3 17 280 M M 2 13 27 290
3 95 77 86 2 0 21 0.00 0.0 0 5.5 17 150 M M 0 24 140
4 95 77 86 2 0 21 0.00 0.0 0 5.4 17 140 M M 1 28 130
5 96 77 87 3 0 22 0.00 0.0 0 5.6 17 140 M M 1 1 27 150
6 96 77 87 3 0 22 0.00 0.0 0 5.3 18 140 M M 1 26 140
7 96 77 87 3 0 22 0.00 0.0 0 5.6 18 150 M M 1 25 140
8 99 78 89 5 0 24 0.00 0.0 0 4.8 18 150 M M 1 26 140
9 100 77 89 5 0 24 0.00 0.0 0 5.5 16 130 M M 2 22 120
10 104 79 92 8 0 27 0.00 0.0 0 5.6 17 180 M M 1 3 26 180
11 102 81 92 8 0 27 0.46 0.0 0 5.8 17 50 M M 3 3 31 130
12 101 81 91 7 0 26 T 0.0 0 4.3 17 170 M M 4 26 170
13 99 79 89 4 0 24 0.00 0.0 0 5.5 18 180 M M 1 26 180
14 95 78 87 2 0 22 0.08 0.0 0 3.1 14 130 M M 3 13 21 210
15 90 76 83 -2 0 18 0.14 0.0 0 3.9 20 200 M M 3 13 40 200
16 96 76 86 1 0 21 0.00 0.0 0 3.7 15 180 M M 2 20 180
17 97 76 87 2 0 22 0.00 0.0 0 4.6 17 150 M M 1 18 25 140
18 98 77 88 3 0 23 0.00 0.0 M 6.7 18 180 M M 1 28 190
19 97 79 88 3 0 23 0.00 0.0 0 7.7 18 180 M M 2 28 180
20 97 80 89 4 0 24 0.00 0.0 0 7.5 17 170 M M 2 27 160
21 97 77 87 2 0 22 0.00 0.0 0 5.4 18 160 M M 2 27 170
22 92 77 85 0 0 20 0.27 0.0 0 4.2 22 170 M M 1 13 29 150
23 94 78 86 1 0 21 0.09 0.0 0 5.2 21 190 M M 0 3 32 180
24 94 78 86 1 0 21 0.14 0.0 0 5.0 17 180 M M 1 3 26 200
25 96 77 87 2 0 22 0.44 0.0 0 4.4 17 130 M M 1 3 30 120
26 94 77 86 1 0 21 T 0.0 0 4.5 17 140 M M 2 3 25 170
27 95 78 87 2 0 22 T 0.0 0 5.6 16 150 M M 2 3 23 160
28 95 77 86 1 0 21 T 0.0 0 5.7 18 170 M M 1 3 27 150
29 94 76 85 0 0 20 1.36 0.0 0 4.6 21 200 M M 2 13 32 200
30 93 78 86 1 0 21 0.00 0.0 0 4.9 15 190 M M 1 22 140
31 96 76 86 1 0 21 0.00 0.0 0 5.6 20 140 M M 1 25 140
================================================================================
SM 2975 2407 0 685 3.07 0.0 163.0 M 52
================================================================================
AV 96.0 77.6 5.3 FASTST M M 2 MAX(MPH)
MISC ----> 22 170 40 200
================================================================================
NOTES:
# LAST OF SEVERAL OCCURRENCES
COLUMN 17 PEAK WIND IN M.P.H.
PRELIMINARY LOCAL CLIMATOLOGICAL DATA (WS FORM: F-6) , PAGE 2
STATION: HOUSTON/CLOVER_FIELD
MONTH: JULY
YEAR: 2022
LATITUDE: 29 31 N
LONGITUDE: 95 14 W
[TEMPERATURE DATA] [PRECIPITATION DATA] SYMBOLS USED IN COLUMN 16
AVERAGE MONTHLY: 86.8 TOTAL FOR MONTH: 3.07 1 = FOG OR MIST
DPTR FM NORMAL: 2.1 DPTR FM NORMAL: -1.14 2 = FOG REDUCING VISIBILITY
HIGHEST: 104 ON 10 GRTST 24HR 1.36 ON 29-29 TO 1/4 MILE OR LESS
LOWEST: 76 ON 31,29 3 = THUNDER
SNOW, ICE PELLETS, HAIL 4 = ICE PELLETS
TOTAL MONTH: 0.0 INCH 5 = HAIL
GRTST 24HR 0.0 6 = FREEZING RAIN OR DRIZZLE
GRTST DEPTH: 0 7 = DUSTSTORM OR SANDSTORM:
VSBY 1/2 MILE OR LESS
8 = SMOKE OR HAZE
[NO. OF DAYS WITH] [WEATHER - DAYS WITH] 9 = BLOWING SNOW
X = TORNADO
MAX 32 OR BELOW: 0 0.01 INCH OR MORE: 9
MAX 90 OR ABOVE: 30 0.10 INCH OR MORE: 6
MIN 32 OR BELOW: 0 0.50 INCH OR MORE: 1
MIN 0 OR BELOW: 0 1.00 INCH OR MORE: 1
[HDD (BASE 65) ]
TOTAL THIS MO. 0 CLEAR (SCALE 0-3) 28
DPTR FM NORMAL 0 PTCLDY (SCALE 4-7) 3
TOTAL FM JUL 1 0 CLOUDY (SCALE 8-10) 0
DPTR FM NORMAL 0
[CDD (BASE 65) ]
TOTAL THIS MO. 685
DPTR FM NORMAL 73 [PRESSURE DATA]
TOTAL FM JAN 1 2148 HIGHEST SLP 30.14 ON 30
DPTR FM NORMAL 247 LOWEST SLP 29.77 ON 11
[REMARKS]
#FINAL-07-22#