000
CXUS54 KHGX 011510
CF6LVJ
PRELIMINARY LOCAL CLIMATOLOGICAL DATA (WS FORM: F-6)
STATION: HOUSTON/CLOVER_FIELD
MONTH: FEBRUARY
YEAR: 2024
LATITUDE: 29 31 N
LONGITUDE: 95 14 W
TEMPERATURE IN F: :PCPN: SNOW: WIND :SUNSHINE: SKY :PK WND
================================================================================
1 2 3 4 5 6A 6B 7 8 9 10 11 12 13 14 15 16 17 18
12Z AVG MX 2MIN
DY MAX MIN AVG DEP HDD CDD WTR SNW DPTH SPD SPD DIR MIN PSBL S-S WX SPD DR
================================================================================
1 70 51 61 4 4 0 0.00 0.0 0 3.7 15 150 M M 1 1 20 140
2 73 54 64 7 1 0 0.01 0.0 0 8.7 20 120 M M 5 1 33 120
3 70 55 63 6 2 0 1.21 0.0 0 5.5 23 250 M M 5 13 47 250
4 70 52 61 4 4 0 0.00 0.0 0 9.1 24 320 M M 0 38 310
5 66 55 61 3 4 0 T 0.0 0 12.1 24 350 M M 6 36 350
6 72 44 58 0 7 0 0.00 0.0 0 3.5 9 130 M M 0 14 140
7 69 44 57 -1 8 0 0.00 0.0 0 7.8 21 140 M M 4 29 140
8 74 63 69 11 0 4 0.00 0.0 0 3.6 10 140 M M 7 15 150
9 76 62 69 11 0 4 0.02 0.0 0 7.4 18 140 M M 8 1 25 190
10 74 67 71 13 0 6 0.08 0.0 0 9.4 22 180 M M 8 1 36 190
11 78 54 66 8 0 1 T 0.0 0 9.4 21 330 M M 8 1 32 330
12 61 43 52 -7 13 0 0.00 0.0 0 11.7 22 320 M M 1 37 300
13 66 38 52 -7 13 0 0.00 0.0 0 2.0 13 140 M M 0 16 140
14 66 43 55 -4 10 0 0.00 0.0 0 4.7 13 130 M M 1 21 140
15 72 58 65 6 0 0 0.00 0.0 0 4.0 12 140 M M 7 1 16 140
16 66 61 64 4 1 0 0.06 0.0 0 3.5 12 170 M M 9 1 16 170
17 62 42 52 -8 13 0 0.00 0.0 0 14.1 23 360 M M 4 40 350
18 57 37 47 -13 18 0 0.00 0.0 0 6.1 15 340 M M 1 21 340
19 64 35 50 -10 15 0 0.00 0.0 0 3.7 16 160 M M 0 24 150
20 77 45 61 1 4 0 0.00 0.0 0 4.7 14 180 M M 2 12 20 200
21 76 55 66 6 0 1 0.00 0.0 0 8.7 20 170 M M 2 1 28 180
22 75 63 69 8 0 4 0.00 0.0 0 7.0 16 210 M M 7 18 27 210
23 78 56 67 6 0 2 0.00 0.0 0 4.9 12 350 M M 0 1 17 340
24 80 46 63 2 2 0 0.00 0.0 0 2.2 6 210 M M 0 8 9 220
25 77 51 64 3 1 0 0.00 0.0 0 8.7 22 180 M M 2 33 170
26 78 64 71 10 0 6 0.00 0.0 0 9.0 16 190 M M 8 28 180
27 82 68 75 13 0 10 0.00 0.0 0 12.2 22 190 M M 7 8 37 190
28 73 53 63 1 2 0 T 0.0 0 12.6 23 10 M M 6 18 33 360
29 58 52 55 -7 10 0 T 0.0 0 9.7 18 100 M M 10 28 100
================================================================================
SM 2060 1511 132 38 1.38 0.0 209.7 M 119
================================================================================
AV 71.0 52.1 7.2 FASTST M M 4 MAX(MPH)
MISC ----> # 24 320 47 250
================================================================================
NOTES:
# LAST OF SEVERAL OCCURRENCES
COLUMN 17 PEAK WIND IN M.P.H.
PRELIMINARY LOCAL CLIMATOLOGICAL DATA (WS FORM: F-6) , PAGE 2
STATION: HOUSTON/CLOVER_FIELD
MONTH: FEBRUARY
YEAR: 2024
LATITUDE: 29 31 N
LONGITUDE: 95 14 W
[TEMPERATURE DATA] [PRECIPITATION DATA] SYMBOLS USED IN COLUMN 16
AVERAGE MONTHLY: 61.6 TOTAL FOR MONTH: 1.38 1 = FOG OR MIST
DPTR FM NORMAL: 2.4 DPTR FM NORMAL: -1.56 2 = FOG REDUCING VISIBILITY
HIGHEST: 82 ON 27 GRTST 24HR 1.22 ON 2- 3 TO 1/4 MILE OR LESS
LOWEST: 35 ON 19 3 = THUNDER
SNOW, ICE PELLETS, HAIL 4 = ICE PELLETS
TOTAL MONTH: 0.0 INCH 5 = HAIL
GRTST 24HR 0.0 6 = FREEZING RAIN OR DRIZZLE
GRTST DEPTH: 0 7 = DUSTSTORM OR SANDSTORM:
VSBY 1/2 MILE OR LESS
8 = SMOKE OR HAZE
[NO. OF DAYS WITH] [WEATHER - DAYS WITH] 9 = BLOWING SNOW
X = TORNADO
MAX 32 OR BELOW: 0 0.01 INCH OR MORE: 5
MAX 90 OR ABOVE: 0 0.10 INCH OR MORE: 1
MIN 32 OR BELOW: 0 0.50 INCH OR MORE: 1
MIN 0 OR BELOW: 0 1.00 INCH OR MORE: 1
[HDD (BASE 65) ]
TOTAL THIS MO. 132 CLEAR (SCALE 0-3) 13
DPTR FM NORMAL -69 PTCLDY (SCALE 4-7) 13
TOTAL FM JUL 1 944 CLOUDY (SCALE 8-10) 3
DPTR FM NORMAL -10
[CDD (BASE 65) ]
TOTAL THIS MO. 38
DPTR FM NORMAL -1 [PRESSURE DATA]
TOTAL FM JAN 1 39 HIGHEST SLP 30.32 ON 18
DPTR FM NORMAL -21 LOWEST SLP 29.55 ON 3
[REMARKS]
#FINAL-02-24#