000
CXUS54 KHGX 011410
CF6LVJ
PRELIMINARY LOCAL CLIMATOLOGICAL DATA (WS FORM: F-6)
STATION: HOUSTON/CLOVER_FIELD
MONTH: SEPTEMBER
YEAR: 2021
LATITUDE: 29 31 N
LONGITUDE: 95 14 W
TEMPERATURE IN F: :PCPN: SNOW: WIND :SUNSHINE: SKY :PK WND
================================================================================
1 2 3 4 5 6A 6B 7 8 9 10 11 12 13 14 15 16 17 18
12Z AVG MX 2MIN
DY MAX MIN AVG DEP HDD CDD WTR SNW DPTH SPD SPD DIR MIN PSBL S-S WX SPD DR
================================================================================
1 94 79 87 3 0 22 0.00 0.0 0 3.9 16 140 M M 0 138 21 140
2 93 79 86 2 0 21 0.00 0.0 0 3.1 13 130 M M 1 138 18 150
3 94 75 85 2 0 20 0.89 0.0 0 2.5 17 30 M M 1 123 24 70
4 95 75 85 2 0 20 0.00 0.0 0 3.2 12 180 M M 1 17 170
5 96 77 87 4 0 22 0.00 0.0 0 2.5 10 280 M M 0 1 16 270
6 93 74 84 1 0 19 0.01 0.0 0 2.8 10 340 M M 3 13 16 290
7 94 72 83 0 0 18 0.00 0.0 0 3.6 13 30 M M 0 1 17 50
8 94 71 83 0 0 18 0.00 0.0 0 3.4 12 20 M M 0 17 10
9 95 73 84 2 0 19 0.00 0.0 0 4.5 13 70 M M 1 8 20 80
10 91 69 80 -2 0 15 0.00 0.0 0 5.2 15 90 M M 1 22 70
11 89 66 78 -4 0 13 0.00 0.0 0 5.8 17 80 M M 2 24 90
12 91 73 82 0 0 17 0.24 0.0 0 5.9 21 150 M M 2 1 29 140
13 77 69 73 -9 0 8 2.70 0.0 0 11.7 31 90 M M 7 1 47 130
14 78 69 74 -8 0 9 2.76 0.0 0 12.7 43 80 M M 10 1 60 80
15 83 73 78 -3 0 13 T 0.0 0 7.6 17 360 M M 10 1 23 360
16 85 73 79 -2 0 14 T 0.0 0 5.5 12 10 M M 9 1 17 30
17 92 73 83 2 0 18 0.00 0.0 0 2.6 12 90 M M 4 15 100
18 93 73 83 2 0 18 0.12 0.0 0 2.7 20 10 M M 1 13 26 20
19 90 72 81 1 0 16 0.05 0.0 0 2.7 12 160 M M 1 3 17 180
20 94 75 85 5 0 20 0.00 0.0 0 4.2 15 140 M M 1 20 180
21 94 77 86 6 0 21 0.01 0.0 0 4.6 17 20 M M 2 1 28 20
22 84 62 73 -7 0 8 0.00 0.0 0 9.9 22 30 M M 1 33 10
23 83 59 71 -9 0 6 0.00 0.0 0 3.2 14 100 M M 0 18 110
24 83 60 72 -8 0 7 0.00 0.0 0 3.7 14 70 M M 0 23 90
25 86 59 73 -6 0 8 0.00 0.0 0 3.3 12 100 M M 0 8 16 90
26 85 62 74 -5 0 9 0.00 0.0 0 3.6 14 130 M M 2 18 17 120
27 89 70 80 1 0 15 0.00 0.0 0 4.4 15 150 M M 3 20 130
28 85 74 80 2 0 15 0.05 0.0 0 5.4 17 150 M M 6 13 26 150
29 85 69 77 -1 0 12 0.76 0.0 0 5.3 23 310 M M 3 13 38 280
30 87 75 81 3 0 16 0.73 0.0 0 5.0 22 120 M M 5 138 29 110
================================================================================
SM 2672 2127 0 457 8.32 0.0 144.5 M 77
================================================================================
AV 89.1 70.9 4.8 FASTST M M 3 MAX(MPH)
MISC ----> 43 80 60 80
================================================================================
NOTES:
# LAST OF SEVERAL OCCURRENCES
COLUMN 17 PEAK WIND IN M.P.H.
PRELIMINARY LOCAL CLIMATOLOGICAL DATA (WS FORM: F-6) , PAGE 2
STATION: HOUSTON/CLOVER_FIELD
MONTH: SEPTEMBER
YEAR: 2021
LATITUDE: 29 31 N
LONGITUDE: 95 14 W
[TEMPERATURE DATA] [PRECIPITATION DATA] SYMBOLS USED IN COLUMN 16
AVERAGE MONTHLY: 80.0 TOTAL FOR MONTH: 8.32 1 = FOG OR MIST
DPTR FM NORMAL: -1.1 DPTR FM NORMAL: 2.92 2 = FOG REDUCING VISIBILITY
HIGHEST: 96 ON 5 GRTST 24HR 5.45 ON 13-14 TO 1/4 MILE OR LESS
LOWEST: 59 ON 25,23 3 = THUNDER
SNOW, ICE PELLETS, HAIL 4 = ICE PELLETS
TOTAL MONTH: 0.0 INCH 5 = HAIL
GRTST 24HR 0.0 6 = FREEZING RAIN OR DRIZZLE
GRTST DEPTH: 0 7 = DUSTSTORM OR SANDSTORM:
VSBY 1/2 MILE OR LESS
8 = SMOKE OR HAZE
[NO. OF DAYS WITH] [WEATHER - DAYS WITH] 9 = BLOWING SNOW
X = TORNADO
MAX 32 OR BELOW: 0 0.01 INCH OR MORE: 11
MAX 90 OR ABOVE: 16 0.10 INCH OR MORE: 7
MIN 32 OR BELOW: 0 0.50 INCH OR MORE: 5
MIN 0 OR BELOW: 0 1.00 INCH OR MORE: 2
[HDD (BASE 65) ]
TOTAL THIS MO. 0 CLEAR (SCALE 0-3) 23
DPTR FM NORMAL 0 PTCLDY (SCALE 4-7) 4
TOTAL FM JUL 1 0 CLOUDY (SCALE 8-10) 3
DPTR FM NORMAL 0
[CDD (BASE 65) ]
TOTAL THIS MO. 457
DPTR FM NORMAL -26 [PRESSURE DATA]
TOTAL FM JAN 1 2943 HIGHEST SLP 30.25 ON 22
DPTR FM NORMAL -64 LOWEST SLP 29.64 ON 14
[REMARKS]
#FINAL-09-21#