000
CXUS56 KMTR 010900
CF6LVK
PRELIMINARY LOCAL CLIMATOLOGICAL DATA (WS FORM: F-6)
STATION: LIVERMORE AIRPORT
MONTH: AUGUST
YEAR: 2021
LATITUDE: 37 42 N
LONGITUDE: 121 49 W
TEMPERATURE IN F: :PCPN: SNOW: WIND :SUNSHINE: SKY :PK WND
================================================================================
1 2 3 4 5 6A 6B 7 8 9 10 11 12 13 14 15 16 17 18
12Z AVG MX 2MIN
DY MAX MIN AVG DEP HDD CDD WTR SNW DPTH SPD SPD DIR MIN PSBL S-S WX SPD DR
================================================================================
1 85 57 71 -1 0 6 0.00 M M 10.0 22 280 M M 1 1 26 280
2 91 55 73 1 0 8 0.00 M M 6.8 16 300 M M 1 19 290
3 96 54 75 3 0 10 0.00 M M 7.1 16 290 M M 1 1 19 290
4 87 54 71 -1 0 6 0.00 M M 10.5 20 290 M M 0 22 280
5 79 57 68 -4 0 3 0.00 M M 10.3 18 290 M M 3 23 290
6 95 54 75 3 0 10 0.00 M M 4.5 16 290 M M 1 8 19 290
7 94 59 77 5 0 12 0.00 M M 4.6 14 300 M M 1 8 17 310
8 92 59 76 4 0 11 0.00 M M 7.2 17 280 M M 0 8 21 290
9 93 58 76 4 0 11 0.00 M M 6.0 16 290 M M 0 8 20 300
10 99 59 79 7 0 14 0.00 M M 6.2 16 280 M M 0 20 290
11 94 65 80 8 0 15 0.00 M M 8.6 20 300 M M 0 25 280
12 92 63 78 6 0 13 0.00 M M 8.6 20 290 M M 0 24 280
13 88 58 73 1 0 8 0.00 M M 8.5 18 290 M M 0 22 290
14 94 58 76 4 0 11 0.00 M M 8.5 18 290 M M 0 8 21 290
15 95 61 78 6 0 13 0.00 M M 6.4 15 290 M M 0 8 18 290
16 95 60 78 6 0 13 0.00 M M 8.2 15 240 M M 0 18 19 270
17 86 59 73 1 0 8 0.00 M M 11.1 18 220 M M 0 8 24 230
18 83 56 70 -2 0 5 0.00 M M 5.6 15 270 M M 2 8 18 280
19 82 57 70 -2 0 5 0.00 M M 7.5 17 290 M M 1 8 20 290
20 83 57 70 -2 0 5 0.00 M M 6.9 18 300 M M 0 18 22 300
21 78 57 68 -4 0 3 0.00 M M 11.0 22 280 M M 3 18 26 280
22 82 57 70 -2 0 5 0.00 M M 8.6 17 290 M M 4 8 22 290
23 85 54 70 -2 0 5 0.00 M M 7.0 21 290 M M 0 8 24 280
24 85 56 71 -1 0 6 0.00 M M 6.9 18 310 M M 2 18 22 290
25 84 56 70 -2 0 5 0.00 M M 5.4 17 280 M M 3 8 20 280
26 95 52 74 2 0 9 0.00 M M 4.0 16 270 M M 0 8 18 270
27 100 58 79 7 0 14 0.00 M M 3.7 15 80 M M 3 8 20 80
28 104 61 83 11 0 18 0.00 M M 3.6 15 280 M M 0 8 19 270
29 100 62 81 9 0 16 0.00 M M 5.5 16 290 M M 0 8 19 290
30 98 61 80 8 0 15 0.00 M M 6.3 17 290 M M 0 8 20 290
31 86 57 72 0 0 7 0.00 M M 8.8 20 310 M M 0 8 23 300
================================================================================
SM 2800 1791 0 290 0.00 M 223.9 M 26
================================================================================
AV 90.3 57.8 7.2 FASTST M M 1 MAX(MPH)
MISC ----> # 22 280 # 26 280
================================================================================
NOTES:
# LAST OF SEVERAL OCCURRENCES
COLUMN 17 PEAK WIND IN M.P.H.
PRELIMINARY LOCAL CLIMATOLOGICAL DATA (WS FORM: F-6) , PAGE 2
STATION: LIVERMORE AIRPORT
MONTH: AUGUST
YEAR: 2021
LATITUDE: 37 42 N
LONGITUDE: 121 49 W
[TEMPERATURE DATA] [PRECIPITATION DATA] SYMBOLS USED IN COLUMN 16
AVERAGE MONTHLY: 74.0 TOTAL FOR MONTH: 0.00 1 = FOG OR MIST
DPTR FM NORMAL: 1.9 DPTR FM NORMAL: -0.09 2 = FOG REDUCING VISIBILITY
HIGHEST: 104 ON 28 GRTST 24HR 0.00 ON 1- 1 TO 1/4 MILE OR LESS
LOWEST: 52 ON 26 3 = THUNDER
SNOW, ICE PELLETS, HAIL 4 = ICE PELLETS
TOTAL MONTH: M 5 = HAIL
GRTST 24HR M ON M 6 = FREEZING RAIN OR DRIZZLE
GRTST DEPTH: M ON M 7 = DUSTSTORM OR SANDSTORM:
VSBY 1/2 MILE OR LESS
8 = SMOKE OR HAZE
[NO. OF DAYS WITH] [WEATHER - DAYS WITH] 9 = BLOWING SNOW
X = TORNADO
MAX 32 OR BELOW: 0 0.01 INCH OR MORE: 0
MAX 90 OR ABOVE: 17 0.10 INCH OR MORE: 0
MIN 32 OR BELOW: 0 0.50 INCH OR MORE: 0
MIN 0 OR BELOW: 0 1.00 INCH OR MORE: 0
[HDD (BASE 65) ]
TOTAL THIS MO. 0 CLEAR (SCALE 0-3) 30
DPTR FM NORMAL -3 PTCLDY (SCALE 4-7) 1
TOTAL FM JUL 1 0 CLOUDY (SCALE 8-10) 0
DPTR FM NORMAL -4
[CDD (BASE 65) ]
TOTAL THIS MO. 290
DPTR FM NORMAL 67 [PRESSURE DATA]
TOTAL FM JAN 1 832 HIGHEST SLP M ON M
DPTR FM NORMAL 206 LOWEST SLP 29.64 ON 30
[REMARKS]
#FINAL-08-21#