000
CXUS56 KMTR 011000
CF6LVK
PRELIMINARY LOCAL CLIMATOLOGICAL DATA (WS FORM: F-6)
STATION: LIVERMORE AIRPORT
MONTH: JANUARY
YEAR: 2024
LATITUDE: 37 42 N
LONGITUDE: 121 49 W
TEMPERATURE IN F: :PCPN: SNOW: WIND :SUNSHINE: SKY :PK WND
================================================================================
1 2 3 4 5 6A 6B 7 8 9 10 11 12 13 14 15 16 17 18
12Z AVG MX 2MIN
DY MAX MIN AVG DEP HDD CDD WTR SNW DPTH SPD SPD DIR MIN PSBL S-S WX SPD DR
================================================================================
1 63 41 52 5 13 0 0.00 M M 1.5 9 80 M M 3 12 12 90
2 64 40 52 5 13 0 0.49 M M 4.3 21 290 M M 7 12 30 200
3 55 39 47 0 18 0 0.12 M M 3.8 15 300 M M 6 1 23 290
4 60 36 48 1 17 0 0.00 M M 3.2 12 270 M M 1 14 280
5 63 39 51 4 14 0 0.01 M M 2.8 12 30 M M 3 18 18 30
6 55 34 45 -2 20 0 0.19 M M 5.5 21 250 M M 2 1 31 230
7 54 29 42 -5 23 0 0.00 M M 2.6 13 280 M M 0 19 280
8 57 30 44 -3 21 0 0.00 M M 2.3 8 40 M M 1 13 270
9 57 39 48 1 17 0 0.00 M M 5.1 18 240 M M 8 18 25 260
10 54 35 45 -2 20 0 0.12 M M 9.5 24 250 M M 6 18 31 250
11 54 30 42 -5 23 0 0.00 M M 2.4 9 260 M M 0 14 310
12 53 33 43 -4 22 0 T M M 1.7 7 270 M M 3 9 280
13 56 42 49 2 16 0 0.23 M M 5.0 15 230 M M 10 1 21 230
14 62 47 55 8 10 0 T M M 5.4 12 80 M M 7 1 15 70
15 60 43 52 5 13 0 0.00 M M 5.6 15 90 M M 6 1 20 80
16 57 41 49 1 16 0 0.42 M M 4.8 13 50 M M 9 18 17 70
17 62 43 53 5 12 0 0.00 M M 2.8 9 300 M M 4 1 13 140
18 57 40 49 1 16 0 0.00 M M 4.5 16 70 M M 0 1 21 60
19 53 47 50 2 15 0 0.03 M M 4.6 15 70 M M 7 18 20 50
20 62 49 56 8 9 0 0.39 M M 4.6 15 190 M M 9 1 21 200
21 63 51 57 9 8 0 M M M 4.3 13 200 M M 9 M M
22 61 53 57 9 8 0 0.80 M M 4.0 14 270 M M 9 1 18 270
23 61 50 56 8 9 0 0.01 M M 4.2 18 280 M M 7 1 23 280
24 60 51 56 8 9 0 0.23 M M 4.3 16 280 M M 10 1 19 290
25 63 44 54 6 11 0 0.00 M M 3.5 13 280 M M 3 1 15 270
26 61 45 53 5 12 0 T M M 4.5 12 60 M M 2 15 60
27 65 47 56 8 9 0 0.00 M M 4.8 16 70 M M 0 23 90
28 67 47 57 9 8 0 0.00 M M 5.9 15 80 M M 0 1 22 50
29 75 43 59 11 6 0 0.00 M M 1.8 13 70 M M 1 12 14 70
30 71 48 60 12 5 0 0.00 M M 3.3 14 280 M M 0 18 17 280
31 62 52 57 8 8 0 0.17 M M 7.0 21 110 M M 6 1 31 100
================================================================================
SM 1867 1308 421 0 3.21 M 129.6 M 139
================================================================================
AV 60.2 42.2 4.2 FASTST M M 4 MAX(MPH)
MISC ----> 24 250 # 31 230
================================================================================
NOTES:
# LAST OF SEVERAL OCCURRENCES
COLUMN 17 PEAK WIND IN M.P.H.
PRELIMINARY LOCAL CLIMATOLOGICAL DATA (WS FORM: F-6) , PAGE 2
STATION: LIVERMORE AIRPORT
MONTH: JANUARY
YEAR: 2024
LATITUDE: 37 42 N
LONGITUDE: 121 49 W
[TEMPERATURE DATA] [PRECIPITATION DATA] SYMBOLS USED IN COLUMN 16
AVERAGE MONTHLY: 51.2 TOTAL FOR MONTH: 3.21 1 = FOG OR MIST
DPTR FM NORMAL: 3.6 DPTR FM NORMAL: 0.38 2 = FOG REDUCING VISIBILITY
HIGHEST: 75 ON 29 GRTST 24HR 0.89 ON 31-31 TO 1/4 MILE OR LESS
LOWEST: 29 ON 7 3 = THUNDER
SNOW, ICE PELLETS, HAIL 4 = ICE PELLETS
TOTAL MONTH: M 5 = HAIL
GRTST 24HR M ON M 6 = FREEZING RAIN OR DRIZZLE
GRTST DEPTH: M ON M 7 = DUSTSTORM OR SANDSTORM:
VSBY 1/2 MILE OR LESS
8 = SMOKE OR HAZE
[NO. OF DAYS WITH] [WEATHER - DAYS WITH] 9 = BLOWING SNOW
X = TORNADO
MAX 32 OR BELOW: 0 0.01 INCH OR MORE: 13
MAX 90 OR ABOVE: 0 0.10 INCH OR MORE: 10
MIN 32 OR BELOW: 3 0.50 INCH OR MORE: 1
MIN 0 OR BELOW: 0 1.00 INCH OR MORE: 0
[HDD (BASE 65) ]
TOTAL THIS MO. 421 CLEAR (SCALE 0-3) 12
DPTR FM NORMAL -118 PTCLDY (SCALE 4-7) 13
TOTAL FM JUL 1 1191 CLOUDY (SCALE 8-10) 6
DPTR FM NORMAL -346
[CDD (BASE 65) ]
TOTAL THIS MO. 0
DPTR FM NORMAL 0 [PRESSURE DATA]
TOTAL FM JAN 1 0 HIGHEST SLP M ON M
DPTR FM NORMAL 0 LOWEST SLP 29.56 ON 31
[REMARKS]
#FINAL-01-24#