000
CXUS56 KMTR 171751
CF6LVK
PRELIMINARY LOCAL CLIMATOLOGICAL DATA (WS FORM: F-6)
STATION: LIVERMORE AIRPORT
MONTH: OCTOBER
YEAR: 2020
LATITUDE: 37 42 N
LONGITUDE: 121 49 W
TEMPERATURE IN F: :PCPN: SNOW: WIND :SUNSHINE: SKY :PK WND
================================================================================
1 2 3 4 5 6A 6B 7 8 9 10 11 12 13 14 15 16 17 18
12Z AVG MX 2MIN
DY MAX MIN AVG DEP HDD CDD WTR SNW DPTH SPD SPD DIR MIN PSBL S-S WX SPD DR
================================================================================
1 97 62 80 13 0 15 0.00 M M 1.5 8 250 M M 1 8 10 230
2 95 61 78 11 0 13 0.00 M M 1.7 10 280 M M 2 8 13 290
3 100 59 80 14 0 15 0.00 M M 3.4 16 270 M M 0 8 20 270
4 98 54 76 10 0 11 0.00 M M 4.1 15 290 M M 0 8 18 260
5 95 54 75 9 0 10 0.00 M M 2.3 10 70 M M 0 8 13 90
6 94 56 75 9 0 10 0.00 M M 3.1 12 280 M M 0 8 12 280
7 79 56 68 3 0 3 0.00 M M 5.9 13 290 M M 0 18 14 300
8 73 56 65 0 0 0 0.00 M M 9.3 17 300 M M 5 18 21 310
9 75 58 67 2 0 2 0.00 M M 5.7 13 290 M M 5 8 16 300
10 76 55 66 1 0 1 0.00 M M 6.6 20 270 M M 4 23 270
11 83 52 68 4 0 3 0.00 M M 3.5 16 70 M M 1 24 50
12 87 51 69 5 0 4 0.00 M M 3.4 14 90 M M 0 19 80
13 93 52 73 9 0 8 0.00 M M 2.4 9 280 M M 0 12 300
14 94 56 75 11 0 10 0.00 M M 5.2 16 50 M M 0 22 50
15 91 63 77 14 0 12 0.00 M M 8.0 18 60 M M 0 23 90
16 92 60 76 13 0 11 0.00 M M 5.3 18 90 M M 0 23 80
17 95 53 74 11 0 9 0.00 M M 2.0 9 290 M M 0 11 280
18 92 54 73 11 0 8 0.00 M M 2.4 10 80 M M 0 14 110
19 90 54 72 10 0 7 0.00 M M 2.6 10 300 M M 0 13 220
20 91 54 73 11 0 8 0.00 M M 3.4 13 270 M M 0 15 270
21 90 52 71 9 0 6 0.00 M M 2.8 14 100 M M 0 17 120
22 81 54 68 7 0 3 0.00 M M 5.9 17 70 M M 0 30 20
23 76 47 62 1 3 0 0.00 M M 4.3 14 290 M M 0 16 300
24 72 49 61 0 4 0 0.00 M M 5.6 17 270 M M 2 21 270
25 69 52 61 1 4 0 0.00 M M 7.8 23 360 M M 4 35 360
26 74 48 61 1 4 0 0.00 M M 6.5 28 20 M M 0 37 30
27 74 47 61 1 4 0 0.00 M M 5.2 14 70 M M 0 17 70
28 76 43 60 0 5 0 0.00 M M 2.8 12 90 M M 0 8 14 80
29 78 43 61 2 4 0 0.00 M M 3.1 13 80 M M 0 8 16 60
30 81 43 62 3 3 0 0.00 M M 2.5 9 300 M M 0 8 12 280
31 81 43 62 3 3 0 0.00 M M 4.1 15 70 M M 0 8 18 70
================================================================================
SM 2642 1641 34 169 0.00 M 132.4 M 24
================================================================================
AV 85.2 52.9 4.3 FASTST M M 1 MAX(MPH)
MISC ----> 28 20 37 30
================================================================================
NOTES:
# LAST OF SEVERAL OCCURRENCES
COLUMN 17 PEAK WIND IN M.P.H.
PRELIMINARY LOCAL CLIMATOLOGICAL DATA (WS FORM: F-6) , PAGE 2
STATION: LIVERMORE AIRPORT
MONTH: OCTOBER
YEAR: 2020
LATITUDE: 37 42 N
LONGITUDE: 121 49 W
[TEMPERATURE DATA] [PRECIPITATION DATA] SYMBOLS USED IN COLUMN 16
AVERAGE MONTHLY: 69.1 TOTAL FOR MONTH: 0.00 1 = FOG OR MIST
DPTR FM NORMAL: 6.1 DPTR FM NORMAL: -0.92 2 = FOG REDUCING VISIBILITY
HIGHEST: 100 ON 3 GRTST 24HR 0.00 ON 1- 1 TO 1/4 MILE OR LESS
LOWEST: 43 ON 31,30 3 = THUNDER
SNOW, ICE PELLETS, HAIL 4 = ICE PELLETS
TOTAL MONTH: M 5 = HAIL
GRTST 24HR M ON M 6 = FREEZING RAIN OR DRIZZLE
GRTST DEPTH: M ON M 7 = DUSTSTORM OR SANDSTORM:
VSBY 1/2 MILE OR LESS
8 = SMOKE OR HAZE
[NO. OF DAYS WITH] [WEATHER - DAYS WITH] 9 = BLOWING SNOW
X = TORNADO
MAX 32 OR BELOW: 0 0.01 INCH OR MORE: 0
MAX 90 OR ABOVE: 15 0.10 INCH OR MORE: 0
MIN 32 OR BELOW: 0 0.50 INCH OR MORE: 0
MIN 0 OR BELOW: 0 1.00 INCH OR MORE: 0
[HDD (BASE 65) ]
TOTAL THIS MO. 34 CLEAR (SCALE 0-3) 27
DPTR FM NORMAL -70 PTCLDY (SCALE 4-7) 4
TOTAL FM JUL 1 37 CLOUDY (SCALE 8-10) 0
DPTR FM NORMAL -91
[CDD (BASE 65) ]
TOTAL THIS MO. 169
DPTR FM NORMAL 129 [PRESSURE DATA]
TOTAL FM JAN 1 1391 HIGHEST SLP 30.18 ON 26
DPTR FM NORMAL 562 LOWEST SLP 29.72 ON 21
[REMARKS]
#FINAL-10-20#