000
CXUS55 KBYZ 011750
CF6LVM
PRELIMINARY LOCAL CLIMATOLOGICAL DATA (WS FORM: F-6)
STATION: LIVINGSTON MT
MONTH: NOVEMBER
YEAR: 2022
LATITUDE: 45 41 N
LONGITUDE: 110 26 W
TEMPERATURE IN F: :PCPN: SNOW: WIND :SUNSHINE: SKY :PK WND
================================================================================
1 2 3 4 5 6A 6B 7 8 9 10 11 12 13 14 15 16 17 18
12Z AVG MX 2MIN
DY MAX MIN AVG DEP HDD CDD WTR SNW DPTH SPD SPD DIR MIN PSBL S-S WX SPD DR
================================================================================
1 68 43 56 16 9 0 T M M 12.6 32 210 M M 1 39 210
2 54 27 41 2 24 0 0.11 M M 16.0 44 220 M M 6 1 53 220
3 34 17 26 -13 39 0 0.04 M M 10.6 30 240 M M 4 1 39 240
4 44 29 37 -2 28 0 T M M 35.3 54 220 M M 8 67 210
5 50 30 40 2 25 0 0.03 M M 34.5 54 220 M M 5 13 69 220
6 42 21 32 -6 33 0 T M M 16.7 32 90 M M 6 43 80
7 22 15 19 -19 46 0 0.22 M M 11.3 28 100 M M 10 12 34 90
8 20 10 15 -23 50 0 0.16 M M 13.6 25 80 M M 10 128 31 80
9 11 5 8 -29 57 0 0.01 M M 12.2 24 90 M M 10 18 30 80
10 21 -1 10 -27 55 0 T M M 10.7 20 330 M M 7 18 22 330
11 29 6 18 -19 47 0 0.00 M M 18.4 32 250 M M 0 41 250
12 32 14 23 -13 42 0 T M M 20.1 36 270 M M 0 8 43 260
13 29 15 22 -14 43 0 T M M 10.8 17 270 M M 6 22 270
14 30 15 23 -13 42 0 T M M 18.0 28 240 M M 9 12 32 240
15 34 20 27 -8 38 0 T M M 14.8 29 260 M M 7 34 250
16 37 25 31 -4 34 0 T M M 12.0 25 320 M M 9 1 32 320
17 25 -4 11 -24 54 0 0.00 M M 16.3 29 330 M M 6 36 330
18 21 -5 8 -26 57 0 0.00 M M 17.3 28 250 M M 0 33 240
19 35 7 21 -13 44 0 0.00 M M 28.2 46 230 M M 0 8 55 230
20 40 27 34 0 31 0 0.00 M M 30.3 40 230 M M 0 53 220
21 42 30 36 3 29 0 0.00 M M 24.2 39 230 M M 4 49 240
22 44 29 37 4 28 0 0.00 M M 25.7 45 220 M M 1 56 220
23 42 25 34 1 31 0 T M M 20.7 44 220 M M 9 1 59 210
24 44 26 35 3 30 0 0.00 M M 21.8 32 240 M M 0 40 240
25 57 29 43 11 22 0 0.00 M M 25.1 43 240 M M 0 56 250
26 46 31 39 7 26 0 0.02 M M 16.3 36 240 M M 5 1 46 260
27 40 25 33 2 32 0 0.01 M M 32.9 51 220 M M 6 1 64 220
28 27 2 15 -16 50 0 0.00 M M 8.7 18 320 M M 2 21 310
29 13 1 7 -24 58 0 T M M 11.5 22 320 M M 8 27 310
30 39 -2 19 -11 46 0 0.00 M M 19.1 46 210 M M 7 58 210
================================================================================
SM 1072 512 1150 0 0.60 M 565.7 M 146
================================================================================
AV 35.7 17.1 18.9 FASTST M M 5 MAX(MPH)
MISC ----> # 54 220 69 220
================================================================================
NOTES:
# LAST OF SEVERAL OCCURRENCES
COLUMN 17 PEAK WIND IN M.P.H.
PRELIMINARY LOCAL CLIMATOLOGICAL DATA (WS FORM: F-6) , PAGE 2
STATION: LIVINGSTON MT
MONTH: NOVEMBER
YEAR: 2022
LATITUDE: 45 41 N
LONGITUDE: 110 26 W
[TEMPERATURE DATA] [PRECIPITATION DATA] SYMBOLS USED IN COLUMN 16
AVERAGE MONTHLY: 26.4 TOTAL FOR MONTH: 0.60 1 = FOG OR MIST
DPTR FM NORMAL: -8.7 DPTR FM NORMAL: -0.02 2 = FOG REDUCING VISIBILITY
HIGHEST: 68 ON 1 GRTST 24HR 0.38 ON 7- 8 TO 1/4 MILE OR LESS
LOWEST: -5 ON 18 3 = THUNDER
SNOW, ICE PELLETS, HAIL 4 = ICE PELLETS
TOTAL MONTH: M 5 = HAIL
GRTST 24HR M ON M 6 = FREEZING RAIN OR DRIZZLE
GRTST DEPTH: M ON M 7 = DUSTSTORM OR SANDSTORM:
VSBY 1/2 MILE OR LESS
8 = SMOKE OR HAZE
[NO. OF DAYS WITH] [WEATHER - DAYS WITH] 9 = BLOWING SNOW
X = TORNADO
MAX 32 OR BELOW: 12 0.01 INCH OR MORE: 8
MAX 90 OR ABOVE: 0 0.10 INCH OR MORE: 3
MIN 32 OR BELOW: 29 0.50 INCH OR MORE: 0
MIN 0 OR BELOW: 4 1.00 INCH OR MORE: 0
[HDD (BASE 65) ]
TOTAL THIS MO. 1150 CLEAR (SCALE 0-3) 10
DPTR FM NORMAL 253 PTCLDY (SCALE 4-7) 13
TOTAL FM JUL 1 1773 CLOUDY (SCALE 8-10) 7
DPTR FM NORMAL -78
[CDD (BASE 65) ]
TOTAL THIS MO. 0
DPTR FM NORMAL 0 [PRESSURE DATA]
TOTAL FM JAN 1 481 HIGHEST SLP 30.76 ON 17
DPTR FM NORMAL 203 LOWEST SLP 29.12 ON 5
[REMARKS]
#FINAL-11-22#