000
CXUS55 KABQ 291010
CF6LVS
PRELIMINARY LOCAL CLIMATOLOGICAL DATA (WS FORM: F-6)
STATION: LAS VEGAS NM
MONTH: MARCH
YEAR: 2024
LATITUDE: 35 39 N
LONGITUDE: 105 8 W
TEMPERATURE IN F: :PCPN: SNOW: WIND :SUNSHINE: SKY :PK WND
================================================================================
1 2 3 4 5 6A 6B 7 8 9 10 11 12 13 14 15 16 17 18
12Z AVG MX 2MIN
DY MAX MIN AVG DEP HDD CDD WTR SNW DPTH SPD SPD DIR MIN PSBL S-S WX SPD DR
================================================================================
1 64 31 48 10 17 0 0.00 M M 14.5 28 260 M M 0 40 270
2 62 33 48 10 17 0 0.00 M M 23.3 38 240 M M 0 53 240
3 61 38 50 12 15 0 0.00 M M 27.8 46 250 M M 0 61 270
4 62 34 48 10 17 0 0.00 M M 14.4 29 250 M M 0 43 270
5 60 27 44 5 21 0 0.00 M M 9.7 30 230 M M 1 41 210
6 56 23 40 1 25 0 0.00 M M 11.8 35 230 M M 0 45 250
7 53 28 41 2 24 0 0.00 M M 14.4 28 250 M M 1 41 240
8 34 26 30 -10 35 0 0.30 M M 10.1 18 80 M M 10 1 M M
9 41 14 28 -12 37 0 0.00 M M 6.4 15 190 M M M 17 180
10 M M M M M M 0.00 M M M M M M M M M M
11 61 30 46 6 19 0 0.00 M M 11.3 29 240 M M 0 37 210
12 65 34 50 10 15 0 0.00 M M 10.1 28 240 M M 0 39 240
13 55 27 41 0 24 0 0.00 M M 15.9 35 240 M M 1 47 250
14 51 21 36 -5 29 0 T M M 10.7 30 40 M M 6 1 36 40
15 31 29 30 -11 35 0 0.07 M M 14.6 23 10 M M 10 1 31 360
16 37 29 33 -9 32 0 0.13 M M 8.9 16 70 M M 10 12 20 70
17 33 31 32 -10 33 0 0.51 M M 11.3 18 20 M M 10 12 23 340
18 42 20 31 -11 34 0 0.00 M M 5.7 15 210 M M 1 1 17 210
19 54 24 39 -3 26 0 0.00 M M 7.7 23 350 M M 2 29 350
20 57 28 43 1 22 0 0.00 M M 6.4 18 310 M M 3 24 140
21 59 29 44 1 21 0 0.00 M M 8.8 16 310 M M 2 22 40
22 60 34 47 4 18 0 0.00 M M 11.3 21 150 M M 0 28 180
23 56 33 45 2 20 0 0.00 M M 16.3 33 220 M M 5 46 200
24 50 32 41 -2 24 0 0.02 M M 18.0 43 240 M M 3 1 57 220
25 38 24 31 -13 34 0 0.01 M M 11.8 22 100 M M 10 1 31 110
26 44 24 34 -10 31 0 T M M 10.2 31 290 M M 5 12 40 280
27 50 24 37 -7 28 0 0.00 M M 9.3 31 350 M M 2 40 350
28 62 23 43 -1 22 0 0.00 M M 12.5 33 230 M M 0 46 220
================================================================================
SM 1398 750 675 0 1.04 M 333.2 M 82
================================================================================
AV 51.8 27.8 12.3 FASTST M M 3 MAX(MPH)
MISC ----> 46 250 61 270
================================================================================
NOTES:
# LAST OF SEVERAL OCCURRENCES
COLUMN 17 PEAK WIND IN M.P.H.
PRELIMINARY LOCAL CLIMATOLOGICAL DATA (WS FORM: F-6) , PAGE 2
STATION: LAS VEGAS NM
MONTH: MARCH
YEAR: 2024
LATITUDE: 35 39 N
LONGITUDE: 105 8 W
[TEMPERATURE DATA] [PRECIPITATION DATA] SYMBOLS USED IN COLUMN 16
AVERAGE MONTHLY: 39.8 TOTAL FOR MONTH: 1.04 1 = FOG OR MIST
DPTR FM NORMAL: -1.3 DPTR FM NORMAL: 0.51 2 = FOG REDUCING VISIBILITY
HIGHEST: 65 ON 12 GRTST 24HR 0.57 ON 16-17 TO 1/4 MILE OR LESS
LOWEST: 14 ON 9 3 = THUNDER
SNOW, ICE PELLETS, HAIL 4 = ICE PELLETS
TOTAL MONTH: M 5 = HAIL
GRTST 24HR M ON M 6 = FREEZING RAIN OR DRIZZLE
GRTST DEPTH: M ON M 7 = DUSTSTORM OR SANDSTORM:
VSBY 1/2 MILE OR LESS
8 = SMOKE OR HAZE
[NO. OF DAYS WITH] [WEATHER - DAYS WITH] 9 = BLOWING SNOW
X = TORNADO
MAX 32 OR BELOW: 1 0.01 INCH OR MORE: 6
MAX 90 OR ABOVE: 0 0.10 INCH OR MORE: 3
MIN 32 OR BELOW: 21 0.50 INCH OR MORE: 1
MIN 0 OR BELOW: 0 1.00 INCH OR MORE: 0
[HDD (BASE 65) ]
TOTAL THIS MO. 675 CLEAR (SCALE 0-3) 17
DPTR FM NORMAL 4 PTCLDY (SCALE 4-7) 4
TOTAL FM JUL 1 4515 CLOUDY (SCALE 8-10) 7
DPTR FM NORMAL -300
[CDD (BASE 65) ]
TOTAL THIS MO. 0
DPTR FM NORMAL 0 [PRESSURE DATA]
TOTAL FM JAN 1 0 HIGHEST SLP M ON M
DPTR FM NORMAL 0 LOWEST SLP 29.18 ON 24
[REMARKS]