000
CXUS55 KABQ 011228
CF6LVS
PRELIMINARY LOCAL CLIMATOLOGICAL DATA (WS FORM: F-6)
STATION: LAS VEGAS NM
MONTH: SEPTEMBER
YEAR: 2022
LATITUDE: 35 39 N
LONGITUDE: 105 8 W
TEMPERATURE IN F: :PCPN: SNOW: WIND :SUNSHINE: SKY :PK WND
================================================================================
1 2 3 4 5 6A 6B 7 8 9 10 11 12 13 14 15 16 17 18
12Z AVG MX 2MIN
DY MAX MIN AVG DEP HDD CDD WTR SNW DPTH SPD SPD DIR MIN PSBL S-S WX SPD DR
================================================================================
1 83 54 69 4 0 4 T M M 6.5 20 330 M M 1 31 330
2 88 52 70 5 0 5 0.00 M M 7.5 22 70 M M 0 30 70
3 81 51 66 1 0 1 0.14 M M 9.3 20 30 M M 3 3 28 20
4 83 47 65 1 0 0 0.00 M M 7.1 16 180 M M 0 21 200
5 88 51 70 6 0 5 0.00 M M 8.3 18 90 M M 0 25 70
6 88 50 69 5 0 4 T M M 7.5 20 60 M M 0 25 80
7 90 50 70 6 0 5 0.00 M M 7.1 18 60 M M 0 24 30
8 89 49 69 5 0 4 0.00 M M 7.5 20 310 M M 0 28 310
9 83 50 67 4 0 2 0.16 M M 9.2 22 250 M M 2 13 28 250
10 68 50 59 -4 6 0 0.10 M M 9.5 20 30 M M 6 1 27 150
11 70 49 60 -3 5 0 0.00 M M 9.6 20 160 M M 5 12 27 170
12 82 45 64 2 1 0 0.00 M M 6.6 21 120 M M 1 12 30 120
13 81 48 65 3 0 0 T M M 9.5 24 140 M M 3 3 36 140
14 80 53 67 5 0 2 T M M 9.4 24 250 M M 2 33 240
15 80 44 62 0 3 0 T M M 9.9 23 220 M M 2 33 170
16 82 47 65 4 0 0 0.00 M M 10.4 25 250 M M 2 34 250
17 83 50 67 6 0 2 0.00 M M 13.0 32 240 M M 0 44 250
18 85 51 68 7 0 3 0.00 M M 12.6 23 200 M M 1 32 200
19 84 53 69 9 0 4 0.00 M M 12.6 24 210 M M 2 33 180
20 85 51 68 8 0 3 0.23 M M 6.4 23 270 M M 4 13 34 220
21 83 52 68 8 0 3 0.00 M M 11.2 24 70 M M 4 12 35 200
22 80 46 63 4 2 0 0.02 M M 13.1 29 200 M M 3 42 200
23 82 52 67 8 0 2 0.00 M M 10.7 24 250 M M 2 34 250
24 80 49 65 6 0 0 0.00 M M 7.8 17 70 M M 0 24 70
25 75 46 61 3 4 0 0.00 M M 7.8 20 60 M M 2 25 180
26 79 46 63 5 2 0 T M M 9.5 22 220 M M 1 29 240
27 79 46 63 5 2 0 0.00 M M 7.6 16 130 M M 1 22 160
28 78 44 61 4 4 0 0.00 M M 9.8 20 200 M M 2 28 180
29 78 46 62 5 3 0 0.00 M M 11.2 22 200 M M 0 31 210
30 77 43 60 3 5 0 0.00 M M 12.7 22 170 M M 0 34 190
================================================================================
SM 2444 1465 37 49 0.65 M 280.9 M 49
================================================================================
AV 81.5 48.8 9.4 FASTST M M 2 MAX(MPH)
MISC ----> 32 240 44 250
================================================================================
NOTES:
# LAST OF SEVERAL OCCURRENCES
COLUMN 17 PEAK WIND IN M.P.H.
PRELIMINARY LOCAL CLIMATOLOGICAL DATA (WS FORM: F-6) , PAGE 2
STATION: LAS VEGAS NM
MONTH: SEPTEMBER
YEAR: 2022
LATITUDE: 35 39 N
LONGITUDE: 105 8 W
[TEMPERATURE DATA] [PRECIPITATION DATA] SYMBOLS USED IN COLUMN 16
AVERAGE MONTHLY: 65.2 TOTAL FOR MONTH: 0.65 1 = FOG OR MIST
DPTR FM NORMAL: 4.0 DPTR FM NORMAL: -1.51 2 = FOG REDUCING VISIBILITY
HIGHEST: 90 ON 7 GRTST 24HR 0.26 ON 9-10 TO 1/4 MILE OR LESS
LOWEST: 43 ON 30 3 = THUNDER
SNOW, ICE PELLETS, HAIL 4 = ICE PELLETS
TOTAL MONTH: M 5 = HAIL
GRTST 24HR M ON M 6 = FREEZING RAIN OR DRIZZLE
GRTST DEPTH: M ON M 7 = DUSTSTORM OR SANDSTORM:
VSBY 1/2 MILE OR LESS
8 = SMOKE OR HAZE
[NO. OF DAYS WITH] [WEATHER - DAYS WITH] 9 = BLOWING SNOW
X = TORNADO
MAX 32 OR BELOW: 0 0.01 INCH OR MORE: 5
MAX 90 OR ABOVE: 1 0.10 INCH OR MORE: 4
MIN 32 OR BELOW: 0 0.50 INCH OR MORE: 0
MIN 0 OR BELOW: 0 1.00 INCH OR MORE: 0
[HDD (BASE 65) ]
TOTAL THIS MO. 37 CLEAR (SCALE 0-3) 24
DPTR FM NORMAL -97 PTCLDY (SCALE 4-7) 6
TOTAL FM JUL 1 58 CLOUDY (SCALE 8-10) 0
DPTR FM NORMAL -107
[CDD (BASE 65) ]
TOTAL THIS MO. 49
DPTR FM NORMAL 29 [PRESSURE DATA]
TOTAL FM JAN 1 506 HIGHEST SLP 30.29 ON 11
DPTR FM NORMAL 189 LOWEST SLP 29.63 ON 9
[REMARKS]
#FINAL-09-22#