000
CXUS53 KTOP 010810
CF6LWC
PRELIMINARY LOCAL CLIMATOLOGICAL DATA (WS FORM: F-6)
STATION: LAWRENCE KS
MONTH: MARCH
YEAR: 2023
LATITUDE: 39 0 N
LONGITUDE: 95 13 W
TEMPERATURE IN F: :PCPN: SNOW: WIND :SUNSHINE: SKY :PK WND
================================================================================
1 2 3 4 5 6A 6B 7 8 9 10 11 12 13 14 15 16 17 18
12Z AVG MX 2MIN
DY MAX MIN AVG DEP HDD CDD WTR SNW DPTH SPD SPD DIR MIN PSBL S-S WX SPD DR
================================================================================
1 63 32 48 8 17 0 0.00 M M 10.3 18 30 M M 0 27 30
2 47 31 39 -1 26 0 0.00 M M 10.2 18 30 M M 2 25 10
3 58 34 46 6 19 0 0.55 M M 7.8 16 340 M M 5 18 20 20
4 62 28 45 4 20 0 0.01 M M 5.4 14 50 M M 3 20 280
5 75 42 59 18 6 0 0.00 M M 12.6 26 170 M M 2 35 170
6 63 39 51 9 14 0 0.00 M M 12.7 24 340 M M 0 18 34 330
7 51 38 45 3 20 0 0.13 M M 10.7 21 100 M M 9 1 29 90
8 46 43 45 3 20 0 0.01 M M 6.2 10 70 M M 10 1 14 40
9 46 38 42 -1 23 0 0.10 M M 9.6 23 330 M M 10 18 30 330
10 41 29 35 -8 30 0 0.00 M M 7.4 20 350 M M 7 18 25 350
11 43 33 38 -5 27 0 0.10 M M 10.0 18 110 M M 7 18 23 110
12 48 27 38 -6 27 0 0.01 M M 12.9 25 340 M M 5 1 38 310
13 38 21 30 -14 35 0 0.00 M M 10.6 20 340 M M 6 27 350
14 51 14 33 -11 32 0 0.00 M M 7.2 17 160 M M 0 18 23 140
15 66 33 50 5 15 0 0.00 M M 14.9 30 170 M M 0 42 170
16 62 29 46 1 19 0 0.31 M M 16.1 31 330 M M 9 128 39 330
17 46 22 34 -12 31 0 0.00 M M 12.2 24 320 M M 4 32 320
18 33 16 25 -21 40 0 0.00 M M 14.0 25 330 M M 5 35 320
19 48 10 29 -17 36 0 0.00 M M 8.5 18 210 M M 0 28 170
20 64 32 48 1 17 0 0.00 M M 13.9 30 200 M M 0 46 230
21 48 42 45 -2 20 0 0.19 M M 12.6 21 160 M M 10 1 27 170
22 60 47 54 7 11 0 0.03 M M 7.2 15 70 M M 10 128 21 70
23 52 38 45 -3 20 0 0.00 M M 9.6 21 320 M M 8 18 25 330
24 57 38 48 0 17 0 0.89 M M 9.0 20 50 M M 7 18 28 90
25 64 38 51 3 14 0 0.13 M M 7.0 24 260 M M 5 18 34 270
26 43 30 37 -12 28 0 0.00 M M 10.5 22 280 M M 6 18 30 300
27 55 25 40 -9 25 0 0.08 M M 5.8 18 340 M M 3 18 24 360
28 54 30 42 -7 23 0 0.02 M M 7.6 20 330 M M 4 18 24 340
29 62 26 44 -6 21 0 0.00 M M 6.7 15 120 M M 0 18 21 150
30 74 37 56 6 9 0 T M M 16.1 32 180 M M 5 8 47 170
31 81 41 61 11 4 0 0.00 M M 20.8 44 260 M M 6 8 68 250
================================================================================
SM 1701 983 666 0 2.56 M 326.1 M 148
================================================================================
AV 54.9 31.7 10.5 FASTST M M 5 MAX(MPH)
MISC ----> 44 260 68 250
================================================================================
NOTES:
# LAST OF SEVERAL OCCURRENCES
COLUMN 17 PEAK WIND IN M.P.H.
PRELIMINARY LOCAL CLIMATOLOGICAL DATA (WS FORM: F-6) , PAGE 2
STATION: LAWRENCE KS
MONTH: MARCH
YEAR: 2023
LATITUDE: 39 0 N
LONGITUDE: 95 13 W
[TEMPERATURE DATA] [PRECIPITATION DATA] SYMBOLS USED IN COLUMN 16
AVERAGE MONTHLY: 43.3 TOTAL FOR MONTH: 2.56 1 = FOG OR MIST
DPTR FM NORMAL: -1.8 DPTR FM NORMAL: 0.36 2 = FOG REDUCING VISIBILITY
HIGHEST: 81 ON 31 GRTST 24HR 0.89 ON 24-24 TO 1/4 MILE OR LESS
LOWEST: 10 ON 19 3 = THUNDER
SNOW, ICE PELLETS, HAIL 4 = ICE PELLETS
TOTAL MONTH: M 5 = HAIL
GRTST 24HR M ON M 6 = FREEZING RAIN OR DRIZZLE
GRTST DEPTH: M ON M 7 = DUSTSTORM OR SANDSTORM:
VSBY 1/2 MILE OR LESS
8 = SMOKE OR HAZE
[NO. OF DAYS WITH] [WEATHER - DAYS WITH] 9 = BLOWING SNOW
X = TORNADO
MAX 32 OR BELOW: 0 0.01 INCH OR MORE: 14
MAX 90 OR ABOVE: 0 0.10 INCH OR MORE: 8
MIN 32 OR BELOW: 16 0.50 INCH OR MORE: 2
MIN 0 OR BELOW: 0 1.00 INCH OR MORE: 0
[HDD (BASE 65) ]
TOTAL THIS MO. 666 CLEAR (SCALE 0-3) 11
DPTR FM NORMAL 45 PTCLDY (SCALE 4-7) 14
TOTAL FM JUL 1 4455 CLOUDY (SCALE 8-10) 6
DPTR FM NORMAL -111
[CDD (BASE 65) ]
TOTAL THIS MO. 0
DPTR FM NORMAL -4 [PRESSURE DATA]
TOTAL FM JAN 1 0 HIGHEST SLP M ON M
DPTR FM NORMAL -4 LOWEST SLP 29.35 ON 31
[REMARKS]
#FINAL-03-23#