000
CXUS53 KDMX 011349
CF6LWD
PRELIMINARY LOCAL CLIMATOLOGICAL DATA (WS FORM: F-6)
STATION: LAMONI IA
MONTH: JANUARY
YEAR: 2023
LATITUDE: 40 37 N
LONGITUDE: 93 56 W
TEMPERATURE IN F: :PCPN: SNOW: WIND :SUNSHINE: SKY :PK WND
================================================================================
1 2 3 4 5 6A 6B 7 8 9 10 11 12 13 14 15 16 17 18
12Z AVG MX 2MIN
DY MAX MIN AVG DEP HDD CDD WTR SNW DPTH SPD SPD DIR MIN PSBL S-S WX SPD DR
================================================================================
1 48 30 39 14 26 0 0.00 0.0 M 5.4 13 20 M M 1 1 18 30
2 42 33 38 13 27 0 0.15 0.0 M 9.9 17 20 M M 8 1 24 30
3 43 30 37 12 28 0 T 0.0 M 13.0 26 220 M M 10 12 35 220
4 30 28 29 4 36 0 T M M 14.9 22 290 M M 10 18 28 290
5 33 22 28 3 37 0 0.01 M M 13.0 22 290 M M 7 1 27 290
6 42 18 30 5 35 0 0.00 0.0 M 4.6 9 50 M M 0 14 50
7 30 16 23 -2 42 0 0.00 0.0 M 7.1 14 30 M M 4 18 19 40
8 42 14 28 4 37 0 0.00 0.0 M 5.6 10 260 M M 0 18 14 240
9 53 26 40 16 25 0 0.00 0.0 M 9.6 20 190 M M 0 1 27 180
10 48 26 37 13 28 0 0.00 0.0 M 5.1 10 290 M M 0 12 280
11 48 28 38 14 27 0 0.00 0.0 M 9.0 23 360 M M 2 1 30 360
12 30 22 26 2 39 0 0.00 0.0 M 17.7 25 320 M M 10 18 37 350
13 35 17 26 2 39 0 0.00 0.0 M 8.7 21 350 M M 4 31 350
14 38 19 29 5 36 0 0.00 0.0 M 10.3 20 150 M M 0 27 150
15 50 32 41 17 24 0 0.00 0.0 M 11.5 20 150 M M 1 29 180
16 56 37 47 23 18 0 0.01 0.0 M 15.6 28 230 M M 8 18 39 180
17 43 29 36 12 29 0 0.00 0.0 M 11.1 22 290 M M 6 30 290
18 34 30 32 8 33 0 0.78 M M 9.9 22 70 M M 10 16 33 70
19 32 27 30 6 35 0 0.01 M M 14.7 24 300 M M 10 1 32 300
20 32 25 29 5 36 0 0.00 0.0 M 6.9 20 320 M M 10 1 25 320
21 32 25 29 5 36 0 0.22 M M 2.0 9 250 M M 10 12 12 250
22 31 17 24 0 41 0 0.04 M M 6.2 13 340 M M 10 128 16 330
23 30 17 24 0 41 0 0.00 0.0 M 8.4 14 200 M M 8 12 19 230
24 35 29 32 8 33 0 T M M 3.0 7 180 M M 10 18 10 180
25 32 15 24 0 41 0 0.04 M M 13.0 25 320 M M 9 1 33 320
26 25 5 15 -9 50 0 0.00 0.0 M 11.1 22 300 M M 1 28 310
27 40 21 31 7 34 0 T M M 12.5 29 290 M M 4 1 37 290
28 27 12 20 -4 45 0 T M M 14.8 23 20 M M 8 1 31 30
29 13 4 9 -16 56 0 T M M 14.1 23 10 M M 9 31 360
30 14 2 8 -17 57 0 0.00 0.0 M 10.0 16 360 M M 9 23 340
31 24 1 13 -12 52 0 0.00 0.0 M 6.6 14 280 M M 0 18 260
================================================================================
SM 1112 657 1123 0 1.26 0.0 305.3 M 179
================================================================================
AV 35.9 21.2 9.8 FASTST M M 6 MAX(MPH)
MISC ----> 29 290 39 180
================================================================================
NOTES:
# LAST OF SEVERAL OCCURRENCES
COLUMN 17 PEAK WIND IN M.P.H.
PRELIMINARY LOCAL CLIMATOLOGICAL DATA (WS FORM: F-6) , PAGE 2
STATION: LAMONI IA
MONTH: JANUARY
YEAR: 2023
LATITUDE: 40 37 N
LONGITUDE: 93 56 W
[TEMPERATURE DATA] [PRECIPITATION DATA] SYMBOLS USED IN COLUMN 16
AVERAGE MONTHLY: 28.5 TOTAL FOR MONTH: 1.26 1 = FOG OR MIST
DPTR FM NORMAL: 4.2 DPTR FM NORMAL: 0.22 2 = FOG REDUCING VISIBILITY
HIGHEST: 56 ON 16 GRTST 24HR 1.28 ON 2- 3 TO 1/4 MILE OR LESS
LOWEST: 1 ON 31 3 = THUNDER
SNOW, ICE PELLETS, HAIL 4 = ICE PELLETS
TOTAL MONTH: 0.0 INCH 5 = HAIL
GRTST 24HR 0.0 6 = FREEZING RAIN OR DRIZZLE
GRTST DEPTH: M ON M 7 = DUSTSTORM OR SANDSTORM:
VSBY 1/2 MILE OR LESS
8 = SMOKE OR HAZE
[NO. OF DAYS WITH] [WEATHER - DAYS WITH] 9 = BLOWING SNOW
X = TORNADO
MAX 32 OR BELOW: 14 0.01 INCH OR MORE: 8
MAX 90 OR ABOVE: 0 0.10 INCH OR MORE: 3
MIN 32 OR BELOW: 29 0.50 INCH OR MORE: 1
MIN 0 OR BELOW: 0 1.00 INCH OR MORE: 0
[HDD (BASE 65) ]
TOTAL THIS MO. 1123 CLEAR (SCALE 0-3) 10
DPTR FM NORMAL -137 PTCLDY (SCALE 4-7) 6
TOTAL FM JUL 1 3458 CLOUDY (SCALE 8-10) 15
DPTR FM NORMAL -107
[CDD (BASE 65) ]
TOTAL THIS MO. 0
DPTR FM NORMAL 0 [PRESSURE DATA]
TOTAL FM JAN 1 0 HIGHEST SLP 30.57 ON 30
DPTR FM NORMAL 0 LOWEST SLP 29.33 ON 16
[REMARKS]
#FINAL-01-23#