000
CXUS56 KTFX 291110
CF6LWT
PRELIMINARY LOCAL CLIMATOLOGICAL DATA (WS FORM: F-6)
STATION: LEWISTOWN MT
MONTH: MARCH
YEAR: 2024
LATITUDE: 47 2 N
LONGITUDE: 109 28 W
TEMPERATURE IN F: :PCPN: SNOW: WIND :SUNSHINE: SKY :PK WND
================================================================================
1 2 3 4 5 6A 6B 7 8 9 10 11 12 13 14 15 16 17 18
12Z AVG MX 2MIN
DY MAX MIN AVG DEP HDD CDD WTR SNW DPTH SPD SPD DIR MIN PSBL S-S WX SPD DR
================================================================================
1 46 26 36 8 29 0 0.04 M M 9.2 25 270 M M 3 1 34 260
2 41 9 25 -3 40 0 0.04 M M 9.5 23 300 M M 5 19 31 300
3 12 -5 4 -24 61 0 0.04 M M 6.9 14 270 M M 6 1 17 310
4 25 -7 9 -19 56 0 0.00 M M 3.3 8 290 M M 3 11 300
5 33 11 22 -7 43 0 0.00 M M 6.7 15 210 M M 2 19 200
6 26 10 18 -11 47 0 T M M 5.8 17 270 M M 4 18 20 260
7 34 10 22 -8 43 0 0.00 M M 4.8 9 290 M M 0 14 360
8 46 13 30 0 35 0 0.00 M M 4.4 14 220 M M 0 15 220
9 59 24 42 12 23 0 0.00 M M 10.0 29 220 M M 0 37 210
10 54 34 44 13 21 0 0.00 M M 20.0 33 250 M M 0 45 230
11 51 30 41 10 24 0 0.00 M M 9.0 29 250 M M 3 38 240
12 53 36 45 13 20 0 T M M 10.5 21 300 M M 6 31 300
13 46 25 36 4 29 0 0.00 M M 8.1 18 300 M M 6 29 300
14 44 21 33 1 32 0 0.00 M M 4.9 12 250 M M 3 16 340
15 56 21 39 6 26 0 0.00 M M 6.2 14 220 M M 0 21 360
16 54 34 44 11 21 0 0.00 M M 5.1 12 20 M M 7 16 10
17 53 29 41 8 24 0 0.00 M M 4.4 12 110 M M 5 15 110
18 64 27 46 12 19 0 0.00 M M 9.3 24 300 M M 0 44 320
19 57 28 43 9 22 0 0.00 M M 9.5 22 100 M M 1 30 90
20 50 25 38 4 27 0 0.00 M M 9.5 17 110 M M 4 25 340
21 46 20 33 -2 32 0 T M M 6.7 18 10 M M 9 1 26 20
22 26 18 22 -13 43 0 0.03 M M 10.0 21 90 M M 10 1 27 100
23 24 18 21 -14 44 0 0.09 M M 11.4 18 100 M M 10 1 24 90
24 23 15 19 -17 46 0 0.01 M M 6.7 15 110 M M 10 1 20 110
25 28 12 20 -16 45 0 T M M 11.4 17 90 M M 9 1 22 80
26 38 13 26 -10 39 0 T M M 4.1 10 300 M M 5 1 19 280
27 48 24 36 -1 29 0 0.00 M M 7.0 20 300 M M 4 27 310
28 47 24 36 -1 29 0 0.25 M M 8.7 23 300 M M 7 1 32 300
================================================================================
SM 1184 545 949 0 0.50 M 223.1 M 122
================================================================================
AV 42.3 19.5 8.0 FASTST M M 4 MAX(MPH)
MISC ----> 33 250 45 230
================================================================================
NOTES:
# LAST OF SEVERAL OCCURRENCES
COLUMN 17 PEAK WIND IN M.P.H.
PRELIMINARY LOCAL CLIMATOLOGICAL DATA (WS FORM: F-6) , PAGE 2
STATION: LEWISTOWN MT
MONTH: MARCH
YEAR: 2024
LATITUDE: 47 2 N
LONGITUDE: 109 28 W
[TEMPERATURE DATA] [PRECIPITATION DATA] SYMBOLS USED IN COLUMN 16
AVERAGE MONTHLY: 30.9 TOTAL FOR MONTH: 0.50 1 = FOG OR MIST
DPTR FM NORMAL: -1.5 DPTR FM NORMAL: -0.24 2 = FOG REDUCING VISIBILITY
HIGHEST: 64 ON 18 GRTST 24HR 0.25 ON 28-28 TO 1/4 MILE OR LESS
LOWEST: -7 ON 4 3 = THUNDER
SNOW, ICE PELLETS, HAIL 4 = ICE PELLETS
TOTAL MONTH: M 5 = HAIL
GRTST 24HR M ON M 6 = FREEZING RAIN OR DRIZZLE
GRTST DEPTH: M ON M 7 = DUSTSTORM OR SANDSTORM:
VSBY 1/2 MILE OR LESS
8 = SMOKE OR HAZE
[NO. OF DAYS WITH] [WEATHER - DAYS WITH] 9 = BLOWING SNOW
X = TORNADO
MAX 32 OR BELOW: 7 0.01 INCH OR MORE: 7
MAX 90 OR ABOVE: 0 0.10 INCH OR MORE: 1
MIN 32 OR BELOW: 25 0.50 INCH OR MORE: 0
MIN 0 OR BELOW: 2 1.00 INCH OR MORE: 0
[HDD (BASE 65) ]
TOTAL THIS MO. 949 CLEAR (SCALE 0-3) 10
DPTR FM NORMAL 35 PTCLDY (SCALE 4-7) 13
TOTAL FM JUL 1 6181 CLOUDY (SCALE 8-10) 5
DPTR FM NORMAL -499
[CDD (BASE 65) ]
TOTAL THIS MO. 0
DPTR FM NORMAL 0 [PRESSURE DATA]
TOTAL FM JAN 1 0 HIGHEST SLP M ON M
DPTR FM NORMAL 0 LOWEST SLP 29.35 ON 2
[REMARKS]