000
CXUS53 KILX 010900
CF6LWV
PRELIMINARY LOCAL CLIMATOLOGICAL DATA (WS FORM: F-6)
STATION: LAWRENCEVILLE IL AIRPORT
MONTH: MAY
YEAR: 2023
LATITUDE: 38 45 N
LONGITUDE: 87 36 W
TEMPERATURE IN F: :PCPN: SNOW: WIND :SUNSHINE: SKY :PK WND
================================================================================
1 2 3 4 5 6A 6B 7 8 9 10 11 12 13 14 15 16 17 18
12Z AVG MX 2MIN
DY MAX MIN AVG DEP HDD CDD WTR SNW DPTH SPD SPD DIR MIN PSBL S-S WX SPD DR
================================================================================
1 61 46 54 -8 11 0 T M M 18.1 33 290 M M 8 45 290
2 63 45 54 -8 11 0 0.00 M M 14.5 28 300 M M 4 39 310
3 65 40 53 -9 12 0 0.00 M M 7.8 17 290 M M 0 22 320
4 74 39 57 -6 8 0 0.00 M M 3.5 10 240 M M 0 15 240
5 77 46 62 -1 3 0 0.00 M M 9.2 20 170 M M 1 28 170
6 77 56 67 4 0 2 0.17 M M 11.2 22 180 M M 6 13 32 170
7 73 61 67 3 0 2 0.30 M M 12.2 32 180 M M 4 13 46 180
8 80 62 71 7 0 6 0.29 M M 10.9 31 110 M M 5 13 39 110
9 77 58 68 4 0 3 0.00 M M 8.7 18 20 M M 3 1 25 10
10 80 53 67 3 0 2 0.00 M M 6.8 12 100 M M 0 16 100
11 83 56 70 5 0 5 0.00 M M 7.0 16 160 M M 1 24 160
12 79 64 72 7 0 7 T M M 7.4 17 210 M M 6 1 22 210
13 85 68 77 11 0 12 0.18 M M 4.6 16 290 M M 8 13 19 290
14 86 66 76 10 0 11 0.43 M M 5.2 15 300 M M 6 13 18 300
15 74 58 66 0 0 1 0.04 M M 6.9 15 120 M M 4 1 20 110
16 70 54 62 -4 3 0 0.25 M M 6.3 16 230 M M 6 1 21 230
17 81 50 66 -1 0 1 0.00 M M 4.1 10 50 M M 1 12 14 60
18 79 52 66 -1 0 1 0.00 M M 4.6 10 90 M M 1 14 110
19 82 54 68 1 0 3 0.20 M M 8.9 30 330 M M 4 13 38 320
20 72 52 62 -6 3 0 0.01 M M 10.1 21 340 M M 1 1 28 320
21 79 45 62 -6 3 0 0.00 M M 3.6 13 80 M M 0 16 60
22 83 50 67 -1 0 2 0.00 M M 4.9 15 90 M M 0 21 120
23 86 54 70 1 0 5 0.00 M M 4.5 12 100 M M 0 16 110
24 88 54 71 2 0 6 0.00 M M 6.1 16 20 M M 1 24 50
25 77 55 66 -3 0 1 0.00 M M 11.5 18 40 M M 0 27 50
26 80 48 64 -6 1 0 0.00 M M 9.4 18 70 M M 0 26 40
27 82 52 67 -3 0 2 0.00 M M 7.9 16 90 M M 0 22 70
28 81 52 67 -3 0 2 0.00 M M 5.9 14 360 M M 2 18 350
29 88 56 72 2 0 7 0.00 M M 4.0 13 110 M M 2 22 100
30 92 57 75 4 0 10 0.00 M M 4.4 16 180 M M 2 3 22 180
31 91 64 78 7 0 13 0.08 M M 5.4 21 210 M M 1 3 27 200
================================================================================
SM 2445 1667 55 104 1.95 M 235.6 M 77
================================================================================
AV 78.9 53.8 7.6 FASTST M M 2 MAX(MPH)
MISC ----> 33 290 46 180
================================================================================
NOTES:
# LAST OF SEVERAL OCCURRENCES
COLUMN 17 PEAK WIND IN M.P.H.
PRELIMINARY LOCAL CLIMATOLOGICAL DATA (WS FORM: F-6) , PAGE 2
STATION: LAWRENCEVILLE IL AIRPORT
MONTH: MAY
YEAR: 2023
LATITUDE: 38 45 N
LONGITUDE: 87 36 W
[TEMPERATURE DATA] [PRECIPITATION DATA] SYMBOLS USED IN COLUMN 16
AVERAGE MONTHLY: 66.3 TOTAL FOR MONTH: 1.95 1 = FOG OR MIST
DPTR FM NORMAL: -0.1 DPTR FM NORMAL: -2.90 2 = FOG REDUCING VISIBILITY
HIGHEST: 92 ON 30 GRTST 24HR 0.47 ON 14-15 TO 1/4 MILE OR LESS
LOWEST: 39 ON 4 3 = THUNDER
SNOW, ICE PELLETS, HAIL 4 = ICE PELLETS
TOTAL MONTH: M 5 = HAIL
GRTST 24HR M ON M 6 = FREEZING RAIN OR DRIZZLE
GRTST DEPTH: M ON M 7 = DUSTSTORM OR SANDSTORM:
VSBY 1/2 MILE OR LESS
8 = SMOKE OR HAZE
[NO. OF DAYS WITH] [WEATHER - DAYS WITH] 9 = BLOWING SNOW
X = TORNADO
MAX 32 OR BELOW: 0 0.01 INCH OR MORE: 10
MAX 90 OR ABOVE: 2 0.10 INCH OR MORE: 7
MIN 32 OR BELOW: 0 0.50 INCH OR MORE: 0
MIN 0 OR BELOW: 0 1.00 INCH OR MORE: 0
[HDD (BASE 65) ]
TOTAL THIS MO. 55 CLEAR (SCALE 0-3) 20
DPTR FM NORMAL -30 PTCLDY (SCALE 4-7) 11
TOTAL FM JUL 1 4136 CLOUDY (SCALE 8-10) 0
DPTR FM NORMAL -573
[CDD (BASE 65) ]
TOTAL THIS MO. 104
DPTR FM NORMAL -24 [PRESSURE DATA]
TOTAL FM JAN 1 114 HIGHEST SLP 30.26 ON 26
DPTR FM NORMAL -40 LOWEST SLP 29.55 ON 1
[REMARKS]
#FINAL-05-23#