000
CXUS53 KILX 010900
CF6LWV
PRELIMINARY LOCAL CLIMATOLOGICAL DATA (WS FORM: F-6)
STATION: LAWRENCEVILLE IL AIRPORT
MONTH: APRIL
YEAR: 2023
LATITUDE: 38 45 N
LONGITUDE: 87 36 W
TEMPERATURE IN F: :PCPN: SNOW: WIND :SUNSHINE: SKY :PK WND
================================================================================
1 2 3 4 5 6A 6B 7 8 9 10 11 12 13 14 15 16 17 18
12Z AVG MX 2MIN
DY MAX MIN AVG DEP HDD CDD WTR SNW DPTH SPD SPD DIR MIN PSBL S-S WX SPD DR
================================================================================
1 59 34 47 -4 18 0 0.00 M M 17.3 41 290 M M 6 54 300
2 60 30 45 -6 20 0 0.00 M M 7.8 22 170 M M 0 1 28 170
3 75 46 61 10 4 0 0.14 M M 13.5 28 170 M M 3 1 37 170
4 80 58 69 17 0 4 0.00 M M 15.0 29 180 M M 5 1 38 180
5 77 46 62 10 3 0 1.35 M M 15.8 31 250 M M 6 13 44 280
6 53 41 47 -6 18 0 0.00 M M 7.1 14 350 M M 2 20 350
7 61 40 51 -2 14 0 0.00 M M 9.3 18 70 M M 0 24 40
8 64 40 52 -1 13 0 0.00 M M 9.8 20 100 M M 0 26 110
9 68 38 53 -1 12 0 0.00 M M 8.0 20 110 M M 0 27 100
10 73 40 57 3 8 0 0.00 M M 3.4 10 150 M M 0 13 150
11 74 42 58 4 7 0 0.00 M M 5.7 16 220 M M 0 23 240
12 76 46 61 6 4 0 0.00 M M 8.0 17 220 M M 0 23 220
13 80 43 62 7 3 0 0.00 M M 3.1 10 180 M M 0 15 150
14 78 52 65 9 0 0 0.00 M M 5.6 12 160 M M 3 8 16 170
15 80 52 66 10 0 1 0.25 M M 9.6 31 250 M M 2 13 43 260
16 59 44 52 -4 13 0 0.07 M M 16.1 26 250 M M 9 1 37 250
17 62 43 53 -4 12 0 T M M 16.4 38 300 M M 3 49 290
18 67 38 53 -4 12 0 0.00 M M 4.1 10 30 M M 1 14 60
19 80 46 63 5 2 0 0.00 M M 13.1 30 190 M M 0 40 180
20 83 56 70 12 0 5 0.08 M M 18.5 32 180 M M 3 44 170
21 62 48 55 -3 10 0 0.60 M M 6.3 26 330 M M 6 1 32 330
22 54 41 48 -10 17 0 T M M 12.1 26 300 M M 6 37 260
23 52 37 45 -14 20 0 0.00 M M 8.5 18 300 M M 8 23 300
24 58 29 44 -15 21 0 0.00 M M 3.5 12 280 M M 0 15 240
25 68 35 52 -8 13 0 0.00 M M 7.6 20 230 M M 5 29 240
26 66 44 55 -5 10 0 0.00 M M 7.9 14 30 M M 2 18 18 30
27 69 45 57 -3 8 0 0.20 M M 8.3 16 70 M M 4 1 22 80
28 66 49 58 -3 7 0 0.00 M M 8.3 21 340 M M 7 1 26 340
29 71 47 59 -2 6 0 0.06 M M 9.4 30 330 M M 3 1 38 330
30 57 42 50 -11 15 0 0.14 M M 14.2 38 300 M M 8 13 49 280
================================================================================
SM 2032 1292 290 10 2.89 M 293.3 M 92
================================================================================
AV 67.7 43.1 9.8 FASTST M M 3 MAX(MPH)
MISC ----> 41 290 54 300
================================================================================
NOTES:
# LAST OF SEVERAL OCCURRENCES
COLUMN 17 PEAK WIND IN M.P.H.
PRELIMINARY LOCAL CLIMATOLOGICAL DATA (WS FORM: F-6) , PAGE 2
STATION: LAWRENCEVILLE IL AIRPORT
MONTH: APRIL
YEAR: 2023
LATITUDE: 38 45 N
LONGITUDE: 87 36 W
[TEMPERATURE DATA] [PRECIPITATION DATA] SYMBOLS USED IN COLUMN 16
AVERAGE MONTHLY: 55.4 TOTAL FOR MONTH: 2.89 1 = FOG OR MIST
DPTR FM NORMAL: -0.7 DPTR FM NORMAL: -1.35 2 = FOG REDUCING VISIBILITY
HIGHEST: 83 ON 20 GRTST 24HR 1.35 ON 5- 5 TO 1/4 MILE OR LESS
LOWEST: 29 ON 24 3 = THUNDER
SNOW, ICE PELLETS, HAIL 4 = ICE PELLETS
TOTAL MONTH: M 5 = HAIL
GRTST 24HR M ON M 6 = FREEZING RAIN OR DRIZZLE
GRTST DEPTH: M ON M 7 = DUSTSTORM OR SANDSTORM:
VSBY 1/2 MILE OR LESS
8 = SMOKE OR HAZE
[NO. OF DAYS WITH] [WEATHER - DAYS WITH] 9 = BLOWING SNOW
X = TORNADO
MAX 32 OR BELOW: 0 0.01 INCH OR MORE: 9
MAX 90 OR ABOVE: 0 0.10 INCH OR MORE: 6
MIN 32 OR BELOW: 2 0.50 INCH OR MORE: 2
MIN 0 OR BELOW: 0 1.00 INCH OR MORE: 1
[HDD (BASE 65) ]
TOTAL THIS MO. 290 CLEAR (SCALE 0-3) 19
DPTR FM NORMAL 0 PTCLDY (SCALE 4-7) 8
TOTAL FM JUL 1 4081 CLOUDY (SCALE 8-10) 3
DPTR FM NORMAL -542
[CDD (BASE 65) ]
TOTAL THIS MO. 10
DPTR FM NORMAL -13 [PRESSURE DATA]
TOTAL FM JAN 1 10 HIGHEST SLP 30.52 ON 7
DPTR FM NORMAL -16 LOWEST SLP 29.48 ON 1
[REMARKS]
#FINAL-04-23#