000
CXUS53 KILX 011000
CF6LWV
PRELIMINARY LOCAL CLIMATOLOGICAL DATA (WS FORM: F-6)
STATION: LAWRENCEVILLE IL AIRPORT
MONTH: NOVEMBER
YEAR: 2022
LATITUDE: 38 45 N
LONGITUDE: 87 36 W
TEMPERATURE IN F: :PCPN: SNOW: WIND :SUNSHINE: SKY :PK WND
================================================================================
1 2 3 4 5 6A 6B 7 8 9 10 11 12 13 14 15 16 17 18
12Z AVG MX 2MIN
DY MAX MIN AVG DEP HDD CDD WTR SNW DPTH SPD SPD DIR MIN PSBL S-S WX SPD DR
================================================================================
1 70 47 59 8 6 0 0.00 M M 2.9 8 100 M M 5 12 11 190
2 73 48 61 11 4 0 0.00 M M 5.0 10 100 M M 0 14 180
3 74 46 60 10 5 0 0.00 M M 7.7 16 180 M M 0 1 22 170
4 77 53 65 15 0 0 0.00 M M 15.9 28 160 M M 2 37 160
5 70 47 59 10 6 0 0.51 M M 19.8 39 160 M M 4 1 54 160
6 68 42 55 6 10 0 0.00 M M 7.5 17 220 M M 0 23 220
7 65 45 55 7 10 0 0.00 M M 10.0 18 20 M M 0 24 20
8 67 47 57 9 8 0 0.00 M M 9.3 16 90 M M 3 8 22 80
9 76 46 61 14 4 0 0.00 M M 4.6 9 150 M M 0 8 10 150
10 73 47 60 13 5 0 0.00 M M 8.1 18 200 M M 0 26 220
11 57 31 44 -2 21 0 0.00 M M 12.2 23 330 M M 4 30 320
12 34 29 32 -14 33 0 0.10 M M 11.6 18 310 M M 10 12 25 320
13 39 28 34 -12 31 0 0.00 M M 4.9 15 290 M M 8 19 340
14 45 22 34 -11 31 0 0.00 M M 6.8 16 110 M M 0 21 120
15 40 36 38 -7 27 0 0.03 M M 7.6 17 290 M M 10 1 20 290
16 41 30 36 -8 29 0 T M M 13.7 25 290 M M 9 8 36 290
17 39 29 34 -10 31 0 T M M 10.7 17 240 M M 7 24 250
18 37 21 29 -15 36 0 0.00 M M 11.7 24 290 M M 5 33 290
19 40 17 29 -14 36 0 0.00 M M 13.3 28 290 M M 2 37 290
20 37 17 27 -16 38 0 0.00 M M 6.2 12 180 M M 0 12 250
21 52 20 36 -7 29 0 0.00 M M 10.2 21 200 M M 0 27 210
22 59 26 43 1 22 0 0.00 M M 6.7 16 210 M M 0 23 190
23 61 27 44 2 21 0 0.00 M M 4.3 10 180 M M 0 14 170
24 55 29 42 0 23 0 0.01 M M 4.2 10 280 M M 6 1 15 280
25 55 28 42 1 23 0 T M M 6.7 14 350 M M 5 1 17 340
26 54 25 40 -1 25 0 0.16 M M 5.7 15 90 M M 5 128 19 130
27 58 44 51 11 14 0 0.47 M M 13.5 32 220 M M 10 1 42 220
28 47 41 44 4 21 0 0.00 M M 4.6 9 150 M M 10 1 11 150
29 61 40 51 11 14 0 0.27 M M 15.1 32 300 M M 4 13 41 310
30 45 25 35 -5 30 0 0.00 M M 14.7 30 300 M M 2 42 280
================================================================================
SM 1669 1033 593 0 1.55 M 275.2 M 111
================================================================================
AV 55.6 34.4 9.2 FASTST M M 4 MAX(MPH)
MISC ----> 39 160 54 160
================================================================================
NOTES:
# LAST OF SEVERAL OCCURRENCES
COLUMN 17 PEAK WIND IN M.P.H.
PRELIMINARY LOCAL CLIMATOLOGICAL DATA (WS FORM: F-6) , PAGE 2
STATION: LAWRENCEVILLE IL AIRPORT
MONTH: NOVEMBER
YEAR: 2022
LATITUDE: 38 45 N
LONGITUDE: 87 36 W
[TEMPERATURE DATA] [PRECIPITATION DATA] SYMBOLS USED IN COLUMN 16
AVERAGE MONTHLY: 45.0 TOTAL FOR MONTH: 1.55 1 = FOG OR MIST
DPTR FM NORMAL: 0.2 DPTR FM NORMAL: -1.89 2 = FOG REDUCING VISIBILITY
HIGHEST: 77 ON 4 GRTST 24HR 0.63 ON 26-27 TO 1/4 MILE OR LESS
LOWEST: 17 ON 20,19 3 = THUNDER
SNOW, ICE PELLETS, HAIL 4 = ICE PELLETS
TOTAL MONTH: M 5 = HAIL
GRTST 24HR M ON M 6 = FREEZING RAIN OR DRIZZLE
GRTST DEPTH: M ON M 7 = DUSTSTORM OR SANDSTORM:
VSBY 1/2 MILE OR LESS
8 = SMOKE OR HAZE
[NO. OF DAYS WITH] [WEATHER - DAYS WITH] 9 = BLOWING SNOW
X = TORNADO
MAX 32 OR BELOW: 0 0.01 INCH OR MORE: 7
MAX 90 OR ABOVE: 0 0.10 INCH OR MORE: 5
MIN 32 OR BELOW: 16 0.50 INCH OR MORE: 1
MIN 0 OR BELOW: 0 1.00 INCH OR MORE: 0
[HDD (BASE 65) ]
TOTAL THIS MO. 593 CLEAR (SCALE 0-3) 14
DPTR FM NORMAL -13 PTCLDY (SCALE 4-7) 11
TOTAL FM JUL 1 915 CLOUDY (SCALE 8-10) 5
DPTR FM NORMAL 10
[CDD (BASE 65) ]
TOTAL THIS MO. 0
DPTR FM NORMAL -1 [PRESSURE DATA]
TOTAL FM JAN 1 1549 HIGHEST SLP 30.54 ON 20
DPTR FM NORMAL 170 LOWEST SLP 29.38 ON 27
[REMARKS]
#FINAL-11-22#