000
CXUS53 KILX 010900
CF6LWV
PRELIMINARY LOCAL CLIMATOLOGICAL DATA (WS FORM: F-6)
STATION: LAWRENCEVILLE IL AIRPORT
MONTH: OCTOBER
YEAR: 2022
LATITUDE: 38 45 N
LONGITUDE: 87 36 W
TEMPERATURE IN F: :PCPN: SNOW: WIND :SUNSHINE: SKY :PK WND
================================================================================
1 2 3 4 5 6A 6B 7 8 9 10 11 12 13 14 15 16 17 18
12Z AVG MX 2MIN
DY MAX MIN AVG DEP HDD CDD WTR SNW DPTH SPD SPD DIR MIN PSBL S-S WX SPD DR
================================================================================
1 77 46 62 -2 3 0 0.00 M M 10.3 18 360 M M 0 24 20
2 77 48 63 0 2 0 0.00 M M 9.1 20 20 M M 0 8 26 30
3 74 45 60 -3 5 0 0.00 M M 7.1 14 60 M M 0 19 70
4 76 38 57 -6 8 0 0.00 M M 2.2 9 20 M M 0 13 360
5 79 40 60 -2 5 0 0.00 M M 1.2 8 270 M M 0 12 270
6 80 53 67 5 0 2 0.01 M M 7.1 15 320 M M 4 8 20 260
7 66 44 55 -6 10 0 0.00 M M 10.4 20 330 M M 2 25 360
8 61 36 49 -12 16 0 0.00 M M 3.0 13 310 M M 0 21 340
9 69 35 52 -9 13 0 0.00 M M 6.2 16 210 M M 0 18 23 220
10 80 43 62 2 3 0 0.00 M M 6.6 18 210 M M 2 26 180
11 80 52 66 6 0 1 T M M 7.9 22 160 M M 4 28 150
12 70 50 60 1 5 0 0.14 M M 11.2 25 340 M M 7 1 38 330
13 67 39 53 -6 12 0 T M M 9.9 28 320 M M 4 38 320
14 72 36 54 -5 11 0 0.00 M M 9.0 33 220 M M 2 43 230
15 64 41 53 -5 12 0 0.00 M M 5.2 14 300 M M 1 19 290
16 72 39 56 -2 9 0 0.00 M M 7.0 21 320 M M 2 27 300
17 51 38 45 -12 20 0 T M M 15.3 26 300 M M 6 35 300
18 52 33 43 -14 22 0 T M M 14.5 24 310 M M 2 31 290
19 55 30 43 -13 22 0 0.00 M M 9.8 20 260 M M 0 26 280
20 66 29 48 -8 17 0 0.00 M M 9.5 21 220 M M 1 27 210
21 78 42 60 4 5 0 0.00 M M 12.2 25 200 M M 0 31 220
22 81 52 67 12 0 2 0.00 M M 14.0 25 190 M M 0 33 190
23 82 61 72 17 0 7 0.00 M M 16.2 32 180 M M 2 41 170
24 81 55 68 14 0 3 0.00 M M 13.1 25 150 M M 0 32 150
25 69 48 59 5 6 0 1.04 M M 15.2 26 160 M M 8 1 34 160
26 60 40 50 -3 15 0 0.01 M M 10.4 24 310 M M 5 1 29 320
27 61 36 49 -4 16 0 0.00 M M 7.2 15 70 M M 0 20 40
28 66 39 53 1 12 0 0.00 M M 5.0 10 70 M M 0 16 50
29 71 38 55 3 10 0 0.00 M M 4.6 10 40 M M 0 1 16 70
30 64 53 59 7 6 0 0.68 M M 7.8 16 150 M M 8 1 20 140
31 64 53 59 8 6 0 0.05 M M 8.5 15 260 M M 10 18 20 240
================================================================================
SM 2165 1332 271 15 1.93 M 276.7 M 70
================================================================================
AV 69.8 43.0 8.9 FASTST M M 2 MAX(MPH)
MISC ----> 33 220 43 230
================================================================================
NOTES:
# LAST OF SEVERAL OCCURRENCES
COLUMN 17 PEAK WIND IN M.P.H.
PRELIMINARY LOCAL CLIMATOLOGICAL DATA (WS FORM: F-6) , PAGE 2
STATION: LAWRENCEVILLE IL AIRPORT
MONTH: OCTOBER
YEAR: 2022
LATITUDE: 38 45 N
LONGITUDE: 87 36 W
[TEMPERATURE DATA] [PRECIPITATION DATA] SYMBOLS USED IN COLUMN 16
AVERAGE MONTHLY: 56.4 TOTAL FOR MONTH: 1.93 1 = FOG OR MIST
DPTR FM NORMAL: -1.2 DPTR FM NORMAL: -1.58 2 = FOG REDUCING VISIBILITY
HIGHEST: 82 ON 23 GRTST 24HR 1.05 ON 25-26 TO 1/4 MILE OR LESS
LOWEST: 29 ON 20 3 = THUNDER
SNOW, ICE PELLETS, HAIL 4 = ICE PELLETS
TOTAL MONTH: M 5 = HAIL
GRTST 24HR M ON M 6 = FREEZING RAIN OR DRIZZLE
GRTST DEPTH: M ON M 7 = DUSTSTORM OR SANDSTORM:
VSBY 1/2 MILE OR LESS
8 = SMOKE OR HAZE
[NO. OF DAYS WITH] [WEATHER - DAYS WITH] 9 = BLOWING SNOW
X = TORNADO
MAX 32 OR BELOW: 0 0.01 INCH OR MORE: 6
MAX 90 OR ABOVE: 0 0.10 INCH OR MORE: 3
MIN 32 OR BELOW: 2 0.50 INCH OR MORE: 2
MIN 0 OR BELOW: 0 1.00 INCH OR MORE: 1
[HDD (BASE 65) ]
TOTAL THIS MO. 271 CLEAR (SCALE 0-3) 22
DPTR FM NORMAL 9 PTCLDY (SCALE 4-7) 7
TOTAL FM JUL 1 322 CLOUDY (SCALE 8-10) 2
DPTR FM NORMAL 19
[CDD (BASE 65) ]
TOTAL THIS MO. 15
DPTR FM NORMAL -20 [PRESSURE DATA]
TOTAL FM JAN 1 1549 HIGHEST SLP 30.49 ON 8
DPTR FM NORMAL 171 LOWEST SLP 29.56 ON 25
[REMARKS]
#FINAL-10-22#