000
CXUS53 KILX 010900
CF6LWV
PRELIMINARY LOCAL CLIMATOLOGICAL DATA (WS FORM: F-6)
STATION: LAWRENCEVILLE IL AIRPORT
MONTH: AUGUST
YEAR: 2022
LATITUDE: 38 45 N
LONGITUDE: 87 36 W
TEMPERATURE IN F: :PCPN: SNOW: WIND :SUNSHINE: SKY :PK WND
================================================================================
1 2 3 4 5 6A 6B 7 8 9 10 11 12 13 14 15 16 17 18
12Z AVG MX 2MIN
DY MAX MIN AVG DEP HDD CDD WTR SNW DPTH SPD SPD DIR MIN PSBL S-S WX SPD DR
================================================================================
1 90 69 80 3 0 15 M M M 13.1 30 310 M M 7 13 42 310
2 80 68 74 -3 0 9 M M M 8.4 37 250 M M 3 13 56 250
3 91 70 81 4 0 16 M M M 8.7 24 290 M M 1 3 35 270
4 88 72 80 3 0 15 M M M 5.3 20 230 M M 5 13 26 220
5 87 72 80 3 0 15 T M M 2.8 8 220 M M 6 11 220
6 91 72 82 5 0 17 0.00 M M 6.6 13 230 M M 2 1 17 220
7 91 73 82 5 0 17 T M M 7.3 16 210 M M 1 19 200
8 92 74 83 6 0 18 0.09 M M 6.9 22 270 M M 2 38 34 280
9 86 71 79 2 0 14 0.00 M M 5.5 21 340 M M 7 3 27 320
10 84 67 76 -1 0 11 0.00 M M 5.0 12 340 M M 5 14 330
11 85 62 74 -3 0 9 T M M 4.8 14 20 M M 1 20 50
12 81 60 71 -6 0 6 0.00 M M 6.4 15 50 M M 0 19 40
13 82 59 71 -5 0 6 0.00 M M 4.7 12 170 M M 1 19 130
14 84 66 75 -1 0 10 M M M 7.9 17 290 M M 5 13 24 200
15 80 70 75 -1 0 10 T M M 7.7 14 340 M M 7 1 19 360
16 84 64 74 -2 0 9 0.00 M M 6.4 10 20 M M 1 M M
17 84 61 73 -3 0 8 0.00 M M 5.7 14 360 M M 1 20 350
18 86 60 73 -3 0 8 0.00 M M 1.9 8 30 M M 1 12 30
19 87 60 74 -2 0 9 0.00 M M 2.6 10 190 M M 1 1 13 190
20 86 67 77 1 0 12 0.00 M M 6.2 14 200 M M 2 18 200
21 83 68 76 0 0 11 0.15 M M 6.9 16 300 M M 5 1 21 300
22 85 66 76 0 0 11 0.00 M M 6.0 15 340 M M 1 19 340
23 86 61 74 -1 0 9 0.00 M M 2.5 10 330 M M 2 1 14 330
24 86 60 73 -2 0 8 0.00 M M 2.0 8 350 M M 1 13 30
25 88 62 75 0 0 10 0.00 M M 2.7 10 270 M M 2 16 260
26 89 67 78 3 0 13 0.00 M M 5.0 13 20 M M 2 16 20
27 90 67 79 4 0 14 0.00 M M 5.2 10 130 M M 2 14 100
28 94 69 82 8 0 17 0.19 M M 7.2 23 240 M M 1 13 30 230
29 90 71 81 7 0 16 0.04 M M 8.4 24 140 M M 3 13 36 140
30 87 63 75 1 0 10 0.07 M M 7.5 20 310 M M 2 1 27 300
31 84 58 71 -3 0 6 0.00 M M 4.1 13 300 M M 0 17 300
================================================================================
SM 2681 2049 0 359 0.54 M 181.4 M 80
================================================================================
AV 86.5 66.1 5.9 FASTST M M 3 MAX(MPH)
MISC ----> 37 250 56 250
================================================================================
NOTES:
# LAST OF SEVERAL OCCURRENCES
COLUMN 17 PEAK WIND IN M.P.H.
PRELIMINARY LOCAL CLIMATOLOGICAL DATA (WS FORM: F-6) , PAGE 2
STATION: LAWRENCEVILLE IL AIRPORT
MONTH: AUGUST
YEAR: 2022
LATITUDE: 38 45 N
LONGITUDE: 87 36 W
[TEMPERATURE DATA] [PRECIPITATION DATA] SYMBOLS USED IN COLUMN 16
AVERAGE MONTHLY: 76.3 TOTAL FOR MONTH: 0.54 1 = FOG OR MIST
DPTR FM NORMAL: 0.3 DPTR FM NORMAL: -2.40 2 = FOG REDUCING VISIBILITY
HIGHEST: 94 ON 28 GRTST 24HR 0.23 ON 28-29 TO 1/4 MILE OR LESS
LOWEST: 58 ON 31 3 = THUNDER
SNOW, ICE PELLETS, HAIL 4 = ICE PELLETS
TOTAL MONTH: M 5 = HAIL
GRTST 24HR M ON M 6 = FREEZING RAIN OR DRIZZLE
GRTST DEPTH: M ON M 7 = DUSTSTORM OR SANDSTORM:
VSBY 1/2 MILE OR LESS
8 = SMOKE OR HAZE
[NO. OF DAYS WITH] [WEATHER - DAYS WITH] 9 = BLOWING SNOW
X = TORNADO
MAX 32 OR BELOW: 0 0.01 INCH OR MORE: 5
MAX 90 OR ABOVE: 8 0.10 INCH OR MORE: 2
MIN 32 OR BELOW: 0 0.50 INCH OR MORE: 0
MIN 0 OR BELOW: 0 1.00 INCH OR MORE: 0
[HDD (BASE 65) ]
TOTAL THIS MO. 0 CLEAR (SCALE 0-3) 22
DPTR FM NORMAL -1 PTCLDY (SCALE 4-7) 9
TOTAL FM JUL 1 0 CLOUDY (SCALE 8-10) 0
DPTR FM NORMAL 0
[CDD (BASE 65) ]
TOTAL THIS MO. 359
DPTR FM NORMAL 19 [PRESSURE DATA]
TOTAL FM JAN 1 1337 HIGHEST SLP 30.21 ON 12
DPTR FM NORMAL 161 LOWEST SLP 29.84 ON 28
[REMARKS]
#FINAL-08-22#