000
CXUS53 KILX 011000
CF6LWV
PRELIMINARY LOCAL CLIMATOLOGICAL DATA (WS FORM: F-6)
STATION: LAWRENCEVILLE IL AIRPORT
MONTH: JANUARY
YEAR: 2022
LATITUDE: 38 45 N
LONGITUDE: 87 36 W
TEMPERATURE IN F: :PCPN: SNOW: WIND :SUNSHINE: SKY :PK WND
================================================================================
1 2 3 4 5 6A 6B 7 8 9 10 11 12 13 14 15 16 17 18
12Z AVG MX 2MIN
DY MAX MIN AVG DEP HDD CDD WTR SNW DPTH SPD SPD DIR MIN PSBL S-S WX SPD DR
================================================================================
1 61 39 50 18 15 0 1.36 M M M M M M M M M M
2 39 29 34 2 31 0 0.01 M M 15.3 21 340 M M M 26 30
3 32 24 28 -4 37 0 0.00 M M 7.5 16 340 M M 5 20 340
4 40 22 31 -1 34 0 0.00 M M 14.6 28 210 M M 2 1 36 200
5 38 19 29 -2 36 0 0.00 M M 17.8 28 210 M M 1 39 200
6 20 8 14 -17 51 0 T M M 11.8 20 320 M M 7 24 330
7 20 4 12 -19 53 0 0.00 M M 6.9 17 300 M M 2 20 320
8 43 15 29 -2 36 0 0.47 M M 12.6 26 180 M M 7 13 35 170
9 43 19 31 0 34 0 0.37 M M 12.6 26 340 M M 5 1 35 330
10 34 16 25 -6 40 0 0.00 M M 9.3 21 260 M M 0 28 260
11 35 16 26 -5 39 0 0.00 M M 10.2 22 180 M M 0 26 190
12 50 31 41 10 24 0 0.00 M M 8.7 17 220 M M 0 22 220
13 48 29 39 8 26 0 0.00 M M 7.0 15 350 M M 0 1 21 340
14 34 28 31 0 34 0 0.00 M M 6.1 9 70 M M 8 12 12 70
15 38 25 32 1 33 0 0.00 M M 13.5 20 50 M M 5 1 25 60
16 37 20 29 -2 36 0 T M M 11.6 18 340 M M 1 1 22 340
17 31 21 26 -5 39 0 0.01 M M 12.1 22 320 M M 9 1 29 310
18 46 18 32 1 33 0 0.00 M M 11.6 23 180 M M 2 29 180
19 44 18 31 0 34 0 0.00 M M 14.4 25 340 M M 3 31 340
20 26 12 19 -12 46 0 0.00 M M 12.5 23 350 M M 4 29 340
21 27 13 20 -11 45 0 0.00 M M 5.8 15 70 M M 5 20 70
22 36 10 23 -8 42 0 0.00 M M 8.2 18 230 M M 1 24 220
23 40 22 31 0 34 0 0.00 M M 11.2 25 310 M M 6 32 300
24 42 23 33 2 32 0 0.05 M M 12.7 25 310 M M 9 34 310
25 28 14 21 -10 44 0 0.00 M M 11.9 22 360 M M 2 29 340
26 22 5 14 -17 51 0 0.00 M M 4.9 16 340 M M 0 21 330
27 39 12 26 -5 39 0 T M M 7.4 16 230 M M 9 1 20 230
28 32 13 23 -8 42 0 T M M 11.1 22 360 M M 8 1 29 360
29 29 3 16 -16 49 0 0.00 M M 7.3 18 160 M M 2 22 170
30 37 21 29 -3 36 0 0.00 M M 9.5 21 320 M M 0 26 290
31 42 17 30 -2 35 0 0.00 M M 5.8 14 170 M M 1 1 17 170
================================================================================
SM 1133 566 1160 0 2.27 M 311.9 M 104
================================================================================
AV 36.5 18.3 10.4 FASTST M M 4 MAX(MPH)
MISC ----> # 28 210 39 200
================================================================================
NOTES:
# LAST OF SEVERAL OCCURRENCES
COLUMN 17 PEAK WIND IN M.P.H.
PRELIMINARY LOCAL CLIMATOLOGICAL DATA (WS FORM: F-6) , PAGE 2
STATION: LAWRENCEVILLE IL AIRPORT
MONTH: JANUARY
YEAR: 2022
LATITUDE: 38 45 N
LONGITUDE: 87 36 W
[TEMPERATURE DATA] [PRECIPITATION DATA] SYMBOLS USED IN COLUMN 16
AVERAGE MONTHLY: 27.4 TOTAL FOR MONTH: 2.27 1 = FOG OR MIST
DPTR FM NORMAL: -3.7 DPTR FM NORMAL: -0.89 2 = FOG REDUCING VISIBILITY
HIGHEST: 61 ON 1 GRTST 24HR 1.36 ON 1- 1 TO 1/4 MILE OR LESS
LOWEST: 3 ON 29 3 = THUNDER
SNOW, ICE PELLETS, HAIL 4 = ICE PELLETS
TOTAL MONTH: M 5 = HAIL
GRTST 24HR M ON M 6 = FREEZING RAIN OR DRIZZLE
GRTST DEPTH: M ON M 7 = DUSTSTORM OR SANDSTORM:
VSBY 1/2 MILE OR LESS
8 = SMOKE OR HAZE
[NO. OF DAYS WITH] [WEATHER - DAYS WITH] 9 = BLOWING SNOW
X = TORNADO
MAX 32 OR BELOW: 10 0.01 INCH OR MORE: 6
MAX 90 OR ABOVE: 0 0.10 INCH OR MORE: 3
MIN 32 OR BELOW: 30 0.50 INCH OR MORE: 1
MIN 0 OR BELOW: 0 1.00 INCH OR MORE: 1
[HDD (BASE 65) ]
TOTAL THIS MO. 1160 CLEAR (SCALE 0-3) 16
DPTR FM NORMAL 110 PTCLDY (SCALE 4-7) 10
TOTAL FM JUL 1 2499 CLOUDY (SCALE 8-10) 5
DPTR FM NORMAL -375
[CDD (BASE 65) ]
TOTAL THIS MO. 0
DPTR FM NORMAL 0 [PRESSURE DATA]
TOTAL FM JAN 1 0 HIGHEST SLP 30.64 ON 11
DPTR FM NORMAL 0 LOWEST SLP 29.60 ON 1
[REMARKS]
#FINAL-01-22#