000
CXUS53 KILX 010900
CF6LWV
PRELIMINARY LOCAL CLIMATOLOGICAL DATA (WS FORM: F-6)
STATION: LAWRENCEVILLE IL AIRPORT
MONTH: AUGUST
YEAR: 2021
LATITUDE: 38 45 N
LONGITUDE: 87 36 W
TEMPERATURE IN F: :PCPN: SNOW: WIND :SUNSHINE: SKY :PK WND
================================================================================
1 2 3 4 5 6A 6B 7 8 9 10 11 12 13 14 15 16 17 18
12Z AVG MX 2MIN
DY MAX MIN AVG DEP HDD CDD WTR SNW DPTH SPD SPD DIR MIN PSBL S-S WX SPD DR
================================================================================
1 81 60 71 -6 0 6 0.00 M M 7.1 15 350 M M 1 1 20 320
2 80 58 69 -8 0 4 0.00 M M 5.4 12 70 M M 1 16 20
3 83 60 72 -5 0 7 0.00 M M 5.1 15 20 M M 1 20 20
4 84 59 72 -5 0 7 0.00 M M 4.1 12 10 M M 1 16 50
5 85 59 72 -5 0 7 0.00 M M 2.3 10 230 M M 1 1 15 230
6 85 63 74 -3 0 9 0.00 M M 5.7 14 190 M M 2 17 200
7 88 66 77 0 0 12 T M M 5.1 12 200 M M 0 17 230
8 90 67 79 2 0 14 T M M 8.7 18 220 M M 1 1 25 170
9 83 69 76 -1 0 11 2.37 M M 9.6 17 170 M M 4 13 24 180
10 91 73 82 5 0 17 T M M 8.6 23 210 M M 3 3 30 210
11 91 75 83 6 0 18 0.22 M M 11.3 21 220 M M 1 3 26 220
12 91 72 82 5 0 17 0.36 M M 9.3 43 340 M M 1 13 58 320
13 87 70 79 3 0 14 0.00 M M 4.6 16 310 M M 1 22 310
14 84 68 76 0 0 11 0.00 M M 9.2 17 20 M M 2 23 10
15 80 68 74 -2 0 9 0.00 M M 7.2 14 70 M M 7 18 70
16 85 69 77 1 0 12 0.00 M M 4.8 8 40 M M 6 11 50
17 87 69 78 2 0 13 0.00 M M 3.1 10 100 M M 3 12 15 110
18 85 71 78 2 0 13 0.00 M M 2.6 10 180 M M 2 1 14 180
19 88 70 79 3 0 14 0.00 M M 1.3 8 320 M M 3 1 10 290
20 88 69 79 3 0 14 0.00 M M 4.3 10 130 M M 1 1 16 110
21 88 70 79 3 0 14 0.02 M M 4.0 14 130 M M 1 1 18 130
22 91 71 81 5 0 16 0.00 M M 3.5 8 290 M M 2 1 11 250
23 92 70 81 6 0 16 0.00 M M 3.2 9 320 M M 2 12 14 280
24 93 72 83 8 0 18 0.00 M M 3.9 12 190 M M 0 1 17 170
25 94 73 84 9 0 19 0.02 M M 4.9 18 90 M M 1 13 28 80
26 94 73 84 9 0 19 0.00 M M 4.9 18 310 M M 0 1 23 310
27 95 71 83 8 0 18 T M M 5.2 26 160 M M 2 3 35 130
28 93 74 84 10 0 19 0.01 M M 5.1 24 130 M M 1 3 31 140
29 93 72 83 9 0 18 0.00 M M 5.1 14 220 M M 2 19 250
30 81 70 76 2 0 11 0.17 M M 4.1 16 350 M M 3 13 24 350
31 86 70 78 4 0 13 0.02 M M 6.8 20 70 M M 6 1 27 80
================================================================================
SM 2716 2121 0 410 3.19 M 170.1 M 62
================================================================================
AV 87.6 68.4 5.5 FASTST M M 2 MAX(MPH)
MISC ----> 43 340 58 320
================================================================================
NOTES:
# LAST OF SEVERAL OCCURRENCES
COLUMN 17 PEAK WIND IN M.P.H.
PRELIMINARY LOCAL CLIMATOLOGICAL DATA (WS FORM: F-6) , PAGE 2
STATION: LAWRENCEVILLE IL AIRPORT
MONTH: AUGUST
YEAR: 2021
LATITUDE: 38 45 N
LONGITUDE: 87 36 W
[TEMPERATURE DATA] [PRECIPITATION DATA] SYMBOLS USED IN COLUMN 16
AVERAGE MONTHLY: 78.0 TOTAL FOR MONTH: 3.19 1 = FOG OR MIST
DPTR FM NORMAL: 2.0 DPTR FM NORMAL: 0.25 2 = FOG REDUCING VISIBILITY
HIGHEST: 95 ON 27 GRTST 24HR 2.37 ON 8- 9 TO 1/4 MILE OR LESS
LOWEST: 58 ON 2 3 = THUNDER
SNOW, ICE PELLETS, HAIL 4 = ICE PELLETS
TOTAL MONTH: M 5 = HAIL
GRTST 24HR M ON M 6 = FREEZING RAIN OR DRIZZLE
GRTST DEPTH: M ON M 7 = DUSTSTORM OR SANDSTORM:
VSBY 1/2 MILE OR LESS
8 = SMOKE OR HAZE
[NO. OF DAYS WITH] [WEATHER - DAYS WITH] 9 = BLOWING SNOW
X = TORNADO
MAX 32 OR BELOW: 0 0.01 INCH OR MORE: 8
MAX 90 OR ABOVE: 12 0.10 INCH OR MORE: 4
MIN 32 OR BELOW: 0 0.50 INCH OR MORE: 1
MIN 0 OR BELOW: 0 1.00 INCH OR MORE: 1
[HDD (BASE 65) ]
TOTAL THIS MO. 0 CLEAR (SCALE 0-3) 25
DPTR FM NORMAL -1 PTCLDY (SCALE 4-7) 6
TOTAL FM JUL 1 0 CLOUDY (SCALE 8-10) 0
DPTR FM NORMAL 0
[CDD (BASE 65) ]
TOTAL THIS MO. 410
DPTR FM NORMAL 70 [PRESSURE DATA]
TOTAL FM JAN 1 1241 HIGHEST SLP 30.21 ON 14
DPTR FM NORMAL 65 LOWEST SLP 29.67 ON 31
[REMARKS]
#FINAL-08-21#