000
CXUS53 KILX 010900
CF6LWV
PRELIMINARY LOCAL CLIMATOLOGICAL DATA (WS FORM: F-6)
STATION: LAWRENCEVILLE IL AIRPORT
MONTH: JUNE
YEAR: 2021
LATITUDE: 38 45 N
LONGITUDE: 87 36 W
TEMPERATURE IN F: :PCPN: SNOW: WIND :SUNSHINE: SKY :PK WND
================================================================================
1 2 3 4 5 6A 6B 7 8 9 10 11 12 13 14 15 16 17 18
12Z AVG MX 2MIN
DY MAX MIN AVG DEP HDD CDD WTR SNW DPTH SPD SPD DIR MIN PSBL S-S WX SPD DR
================================================================================
1 75 60 68 -3 0 3 0.12 M M 5.4 12 170 M M 6 1 16 140
2 71 61 66 -6 0 1 1.95 M M 6.7 13 120 M M 10 1 19 120
3 78 63 71 -1 0 6 0.00 M M 5.1 12 230 M M 6 1 16 210
4 86 60 73 1 0 8 0.00 M M 5.1 13 210 M M 0 17 210
5 87 63 75 3 0 10 0.00 M M 5.1 14 180 M M 1 1 19 220
6 86 68 77 4 0 12 0.04 M M 8.3 25 170 M M 5 1 32 170
7 84 70 77 4 0 12 0.03 M M 8.1 16 210 M M 6 1 23 190
8 78 70 74 1 0 9 0.61 M M 7.0 14 100 M M 6 1 M M
9 83 72 78 4 0 13 0.58 M M 3.1 14 210 M M 8 13 17 200
10 86 70 78 4 0 13 T M M 3.1 13 70 M M 6 123 16 80
11 92 70 81 7 0 16 0.00 M M 3.4 13 320 M M 5 12 18 310
12 95 72 84 10 0 19 0.01 M M 3.9 17 10 M M 1 27 340
13 90 69 80 6 0 15 0.00 M M 8.1 18 340 M M 1 23 340
14 94 64 79 4 0 14 0.00 M M 8.8 22 340 M M 0 28 330
15 85 60 73 -2 0 8 0.00 M M 5.8 20 10 M M 1 25 10
16 85 62 74 -1 0 9 0.00 M M 4.9 12 340 M M 2 19 340
17 89 58 74 -1 0 9 0.00 M M 3.7 12 150 M M 0 17 180
18 96 70 83 7 0 18 0.00 M M 13.8 29 230 M M 0 36 220
19 86 68 77 1 0 12 0.87 M M 11.2 38 350 M M 3 13 49 350
20 90 73 82 6 0 17 0.00 M M 10.0 17 200 M M 1 22 210
21 81 61 71 -5 0 6 0.01 M M 11.6 23 340 M M 5 3 31 330
22 76 54 65 -11 0 0 0.00 M M 5.7 16 10 M M 0 21 20
23 82 56 69 -7 0 4 0.00 M M 8.9 20 170 M M 0 25 180
24 85 60 73 -3 0 8 T M M 9.0 20 180 M M 3 3 26 190
25 85 73 79 2 0 14 0.01 M M 14.2 25 180 M M 4 3 35 180
26 88 74 81 4 0 16 0.00 M M 16.7 28 210 M M 3 35 190
27 91 74 83 6 0 18 T M M 12.6 22 200 M M 3 3 29 220
28 92 72 82 5 0 17 0.18 M M 4.7 25 230 M M 2 13 35 240
29 94 72 83 6 0 18 0.02 M M 2.7 15 110 M M 3 3 21 110
30 88 71 80 3 0 15 0.29 M M 5.0 21 310 M M 5 138 26 310
================================================================================
SM 2578 1990 0 340 4.72 M 221.7 M 96
================================================================================
AV 85.9 66.3 7.4 FASTST M M 3 MAX(MPH)
MISC ----> 38 350 49 350
================================================================================
NOTES:
# LAST OF SEVERAL OCCURRENCES
COLUMN 17 PEAK WIND IN M.P.H.
PRELIMINARY LOCAL CLIMATOLOGICAL DATA (WS FORM: F-6) , PAGE 2
STATION: LAWRENCEVILLE IL AIRPORT
MONTH: JUNE
YEAR: 2021
LATITUDE: 38 45 N
LONGITUDE: 87 36 W
[TEMPERATURE DATA] [PRECIPITATION DATA] SYMBOLS USED IN COLUMN 16
AVERAGE MONTHLY: 76.1 TOTAL FOR MONTH: 4.72 1 = FOG OR MIST
DPTR FM NORMAL: 1.4 DPTR FM NORMAL: 0.34 2 = FOG REDUCING VISIBILITY
HIGHEST: 96 ON 18 GRTST 24HR 2.07 ON 1- 2 TO 1/4 MILE OR LESS
LOWEST: 54 ON 22 3 = THUNDER
SNOW, ICE PELLETS, HAIL 4 = ICE PELLETS
TOTAL MONTH: M 5 = HAIL
GRTST 24HR M ON M 6 = FREEZING RAIN OR DRIZZLE
GRTST DEPTH: M ON M 7 = DUSTSTORM OR SANDSTORM:
VSBY 1/2 MILE OR LESS
8 = SMOKE OR HAZE
[NO. OF DAYS WITH] [WEATHER - DAYS WITH] 9 = BLOWING SNOW
X = TORNADO
MAX 32 OR BELOW: 0 0.01 INCH OR MORE: 13
MAX 90 OR ABOVE: 9 0.10 INCH OR MORE: 7
MIN 32 OR BELOW: 0 0.50 INCH OR MORE: 4
MIN 0 OR BELOW: 0 1.00 INCH OR MORE: 1
[HDD (BASE 65) ]
TOTAL THIS MO. 0 CLEAR (SCALE 0-3) 16
DPTR FM NORMAL -5 PTCLDY (SCALE 4-7) 13
TOTAL FM JUL 1 4536 CLOUDY (SCALE 8-10) 1
DPTR FM NORMAL -176
[CDD (BASE 65) ]
TOTAL THIS MO. 340
DPTR FM NORMAL 42 [PRESSURE DATA]
TOTAL FM JAN 1 470 HIGHEST SLP 30.22 ON 1
DPTR FM NORMAL 18 LOWEST SLP 29.58 ON 21
[REMARKS]
#FINAL-06-21#