000
CXUS53 KILX 010900
CF6LWV
PRELIMINARY LOCAL CLIMATOLOGICAL DATA (WS FORM: F-6)
STATION: LAWRENCEVILLE IL AIRPORT
MONTH: MARCH
YEAR: 2021
LATITUDE: 38 45 N
LONGITUDE: 87 36 W
TEMPERATURE IN F: :PCPN: SNOW: WIND :SUNSHINE: SKY :PK WND
================================================================================
1 2 3 4 5 6A 6B 7 8 9 10 11 12 13 14 15 16 17 18
12Z AVG MX 2MIN
DY MAX MIN AVG DEP HDD CDD WTR SNW DPTH SPD SPD DIR MIN PSBL S-S WX SPD DR
================================================================================
1 48 32 40 0 25 0 0.00 M M 10.9 20 330 M M 1 24 330
2 49 27 38 -2 27 0 0.00 M M 5.8 14 180 M M 0 19 170
3 65 31 48 8 17 0 0.00 M M 7.2 14 300 M M 0 18 18 300
4 56 35 46 5 19 0 0.00 M M 9.4 17 20 M M 0 24 30
5 49 28 39 -2 26 0 0.00 M M 7.5 16 40 M M 0 20 30
6 53 28 41 -1 24 0 0.00 M M 4.0 12 290 M M 0 15 270
7 58 29 44 2 21 0 0.00 M M 4.5 14 100 M M 0 17 110
8 67 34 51 9 14 0 0.00 M M 9.6 20 220 M M 0 27 220
9 70 39 55 12 10 0 0.00 M M 11.2 25 190 M M 1 33 170
10 70 50 60 17 5 0 T M M 20.3 32 190 M M 4 43 170
11 65 51 58 15 7 0 1.19 M M 10.7 22 190 M M 10 13 27 200
12 61 46 54 10 11 0 0.01 M M 9.5 16 20 M M 6 23 20
13 59 44 52 8 13 0 0.00 M M 9.2 16 80 M M M 19 50
14 53 41 47 3 18 0 T M M 9.8 21 80 M M 9 28 80
15 50 37 44 -1 21 0 0.39 M M 15.2 29 90 M M 10 1 39 90
16 54 41 48 3 17 0 0.00 M M 5.5 10 50 M M 7 128 15 50
17 61 41 51 6 14 0 0.19 M M 9.2 24 120 M M 2 18 30 110
18 61 41 51 5 14 0 0.93 M M 15.0 31 30 M M 10 138 40 30
19 54 33 44 -2 21 0 0.00 M M 15.7 28 20 M M 0 37 10
20 61 32 47 1 18 0 0.00 M M 5.4 9 130 M M 0 13 90
21 67 33 50 3 15 0 0.00 M M 6.6 15 170 M M 0 22 200
22 68 41 55 8 10 0 0.00 M M 8.1 21 180 M M 3 28 170
23 70 53 62 15 3 0 T M M 17.2 32 170 M M 9 43 160
24 73 50 62 14 3 0 0.00 M M 13.7 29 230 M M 4 38 220
25 62 48 55 7 10 0 0.19 M M 10.4 37 250 M M 7 18 49 250
26 57 43 50 2 15 0 0.00 M M 7.2 23 260 M M 7 1 32 270
27 77 43 60 11 5 0 1.02 M M 11.3 28 290 M M 2 13 37 290
28 57 37 47 -2 18 0 0.01 M M 17.3 31 310 M M 4 46 310
29 62 32 47 -3 18 0 0.00 M M 9.7 22 170 M M 0 31 200
30 74 44 59 9 6 0 0.09 M M 16.5 31 180 M M 4 38 39 180
31 54 34 44 -6 21 0 0.00 M M 17.5 31 330 M M 3 39 340
================================================================================
SM 1885 1198 466 0 4.02 M 331.1 M 103
================================================================================
AV 60.8 38.6 10.7 FASTST M M 3 MAX(MPH)
MISC ----> 37 250 49 250
================================================================================
NOTES:
# LAST OF SEVERAL OCCURRENCES
COLUMN 17 PEAK WIND IN M.P.H.
PRELIMINARY LOCAL CLIMATOLOGICAL DATA (WS FORM: F-6) , PAGE 2
STATION: LAWRENCEVILLE IL AIRPORT
MONTH: MARCH
YEAR: 2021
LATITUDE: 38 45 N
LONGITUDE: 87 36 W
[TEMPERATURE DATA] [PRECIPITATION DATA] SYMBOLS USED IN COLUMN 16
AVERAGE MONTHLY: 49.7 TOTAL FOR MONTH: 4.02 1 = FOG OR MIST
DPTR FM NORMAL: 4.7 DPTR FM NORMAL: 0.59 2 = FOG REDUCING VISIBILITY
HIGHEST: 77 ON 27 GRTST 24HR 1.20 ON 11-12 TO 1/4 MILE OR LESS
LOWEST: 27 ON 2 3 = THUNDER
SNOW, ICE PELLETS, HAIL 4 = ICE PELLETS
TOTAL MONTH: M 5 = HAIL
GRTST 24HR M ON M 6 = FREEZING RAIN OR DRIZZLE
GRTST DEPTH: M ON M 7 = DUSTSTORM OR SANDSTORM:
VSBY 1/2 MILE OR LESS
8 = SMOKE OR HAZE
[NO. OF DAYS WITH] [WEATHER - DAYS WITH] 9 = BLOWING SNOW
X = TORNADO
MAX 32 OR BELOW: 0 0.01 INCH OR MORE: 9
MAX 90 OR ABOVE: 0 0.10 INCH OR MORE: 6
MIN 32 OR BELOW: 8 0.50 INCH OR MORE: 3
MIN 0 OR BELOW: 0 1.00 INCH OR MORE: 2
[HDD (BASE 65) ]
TOTAL THIS MO. 466 CLEAR (SCALE 0-3) 17
DPTR FM NORMAL -156 PTCLDY (SCALE 4-7) 8
TOTAL FM JUL 1 4103 CLOUDY (SCALE 8-10) 6
DPTR FM NORMAL -192
[CDD (BASE 65) ]
TOTAL THIS MO. 0
DPTR FM NORMAL -2 [PRESSURE DATA]
TOTAL FM JAN 1 0 HIGHEST SLP 30.54 ON 20
DPTR FM NORMAL -2 LOWEST SLP 29.49 ON 25
[REMARKS]
#FINAL-03-21#