000
CXUS53 KILX 011000
CF6LWV
PRELIMINARY LOCAL CLIMATOLOGICAL DATA (WS FORM: F-6)
STATION: LAWRENCEVILLE IL AIRPORT
MONTH: FEBRUARY
YEAR: 2021
LATITUDE: 38 45 N
LONGITUDE: 87 36 W
TEMPERATURE IN F: :PCPN: SNOW: WIND :SUNSHINE: SKY :PK WND
================================================================================
1 2 3 4 5 6A 6B 7 8 9 10 11 12 13 14 15 16 17 18
12Z AVG MX 2MIN
DY MAX MIN AVG DEP HDD CDD WTR SNW DPTH SPD SPD DIR MIN PSBL S-S WX SPD DR
================================================================================
1 35 27 31 -1 34 0 T M M 17.6 26 330 M M 6 1 35 330
2 38 24 31 -1 34 0 0.00 M M 10.6 17 320 M M 7 22 320
3 39 21 30 -3 35 0 0.00 M M 5.1 9 290 M M 0 1 11 310
4 43 31 37 4 28 0 0.34 M M 15.1 35 290 M M 7 1 50 290
5 41 24 33 0 32 0 0.00 M M 13.8 28 260 M M 5 36 250
6 32 20 26 -7 39 0 0.01 M M 8.3 17 360 M M 3 1 25 360
7 21 5 13 -21 52 0 T M M 9.2 22 350 M M 4 27 350
8 28 15 22 -12 43 0 0.24 M M 6.1 13 60 M M 10 12 15 30
9 26 21 24 -10 41 0 0.04 M M 9.3 16 10 M M 10 18 20 340
10 26 22 24 -10 41 0 0.06 M M 13.2 17 20 M M 10 18 23 40
11 26 21 24 -10 41 0 T M M 14.3 22 20 M M 8 27 20
12 25 16 21 -14 44 0 0.00 M M 12.8 20 340 M M 10 24 350
13 21 11 16 -19 49 0 T M M 13.0 20 330 M M 10 24 330
14 18 3 11 -24 54 0 T M M 14.5 23 330 M M 9 1 30 360
15 15 7 11 -25 54 0 M M M 15.8 23 20 M M 10 128 30 360
16 15 -5 5 -31 60 0 M M M 7.7 16 320 M M 4 18 20 310
17 24 -6 9 -27 56 0 0.01 M M 6.1 12 50 M M 5 1 14 50
18 26 10 18 -18 47 0 0.02 M M 10.6 15 330 M M 4 18 19 340
19 25 -2 12 -25 53 0 0.00 M M 5.4 12 300 M M 0 12 14 290
20 29 -2 14 -23 51 0 0.00 M M 5.9 14 160 M M 3 12 16 170
21 46 13 30 -7 35 0 0.05 M M 11.8 30 210 M M 3 1 45 210
22 39 35 37 -1 28 0 T M M 12.9 22 280 M M 6 8 30 280
23 55 37 46 8 19 0 0.00 M M 9.2 17 200 M M 1 24 230
24 61 36 49 11 16 0 0.00 M M 12.7 24 350 M M 2 30 360
25 50 30 40 2 25 0 0.00 M M 7.6 15 330 M M 2 1 21 320
26 48 32 40 1 25 0 0.10 M M 9.5 20 100 M M 5 18 26 100
27 58 38 48 9 17 0 0.37 M M 6.6 15 80 M M 6 18 19 300
28 65 41 53 13 12 0 1.67 M M 9.9 24 320 M M 9 18 30 320
================================================================================
SM 975 525 1065 0 2.91 M 294.6 M 159
================================================================================
AV 34.8 18.8 10.5 FASTST M M 6 MAX(MPH)
MISC ----> 35 290 50 290
================================================================================
NOTES:
# LAST OF SEVERAL OCCURRENCES
COLUMN 17 PEAK WIND IN M.P.H.
PRELIMINARY LOCAL CLIMATOLOGICAL DATA (WS FORM: F-6) , PAGE 2
STATION: LAWRENCEVILLE IL AIRPORT
MONTH: FEBRUARY
YEAR: 2021
LATITUDE: 38 45 N
LONGITUDE: 87 36 W
[TEMPERATURE DATA] [PRECIPITATION DATA] SYMBOLS USED IN COLUMN 16
AVERAGE MONTHLY: 26.8 TOTAL FOR MONTH: 2.91 1 = FOG OR MIST
DPTR FM NORMAL: -8.7 DPTR FM NORMAL: 0.90 2 = FOG REDUCING VISIBILITY
HIGHEST: 65 ON 28 GRTST 24HR 1.96 ON 27-28 TO 1/4 MILE OR LESS
LOWEST: -6 ON 17 3 = THUNDER
SNOW, ICE PELLETS, HAIL 4 = ICE PELLETS
TOTAL MONTH: M 5 = HAIL
GRTST 24HR M ON M 6 = FREEZING RAIN OR DRIZZLE
GRTST DEPTH: M ON M 7 = DUSTSTORM OR SANDSTORM:
VSBY 1/2 MILE OR LESS
8 = SMOKE OR HAZE
[NO. OF DAYS WITH] [WEATHER - DAYS WITH] 9 = BLOWING SNOW
X = TORNADO
MAX 32 OR BELOW: 15 0.01 INCH OR MORE: 11
MAX 90 OR ABOVE: 0 0.10 INCH OR MORE: 5
MIN 32 OR BELOW: 23 0.50 INCH OR MORE: 1
MIN 0 OR BELOW: 4 1.00 INCH OR MORE: 1
[HDD (BASE 65) ]
TOTAL THIS MO. 1065 CLEAR (SCALE 0-3) 8
DPTR FM NORMAL 241 PTCLDY (SCALE 4-7) 12
TOTAL FM JUL 1 3637 CLOUDY (SCALE 8-10) 8
DPTR FM NORMAL -39
[CDD (BASE 65) ]
TOTAL THIS MO. 0
DPTR FM NORMAL 0 [PRESSURE DATA]
TOTAL FM JAN 1 0 HIGHEST SLP 30.48 ON 14
DPTR FM NORMAL 0 LOWEST SLP 29.49 ON 4
[REMARKS]
#FINAL-02-21#