000
CXUS53 KILX 140431
CF6LWV
PRELIMINARY LOCAL CLIMATOLOGICAL DATA (WS FORM: F-6)
STATION: LAWRENCEVILLE IL AIRPORT
MONTH: DECEMBER
YEAR: 2020
LATITUDE: 38 45 N
LONGITUDE: 87 36 W
TEMPERATURE IN F: :PCPN: SNOW: WIND :SUNSHINE: SKY :PK WND
================================================================================
1 2 3 4 5 6A 6B 7 8 9 10 11 12 13 14 15 16 17 18
12Z AVG MX 2MIN
DY MAX MIN AVG DEP HDD CDD WTR SNW DPTH SPD SPD DIR MIN PSBL S-S WX SPD DR
================================================================================
1 38 24 31 -9 34 0 0.00 M M 9.4 21 320 M M 1 28 320
2 48 19 34 -5 31 0 0.00 M M 1.8 7 250 M M 0 12 250
3 47 25 36 -3 29 0 0.00 M M 3.1 14 170 M M 4 17 170
4 49 23 36 -2 29 0 0.00 M M 5.2 18 260 M M 3 12 23 260
5 49 27 38 0 27 0 0.00 M M 5.8 10 60 M M 0 1 14 30
6 41 29 35 -3 30 0 0.00 M M 8.1 15 20 M M 7 20 10
7 42 32 37 0 28 0 0.00 M M 4.1 12 340 M M 9 16 350
8 41 30 36 -1 29 0 0.00 M M 5.5 13 220 M M 7 15 290
9 59 32 46 10 19 0 0.00 M M 4.8 10 290 M M 0 1 14 250
10 65 30 48 12 17 0 0.00 M M 6.2 16 170 M M 0 18 19 170
11 65 40 53 17 12 0 0.37 M M 11.8 23 210 M M 4 29 190
12 M M M M M M 0.74 M M 15.2 26 230 M M 10 39 230
13 41 37 39 4 26 0 0.00 M M 7.0 13 290 M M 10 15 300
14 39 27 33 -2 32 0 0.00 M M 10.7 21 320 M M 6 26 350
15 37 25 31 -3 34 0 0.00 M M 9.9 21 80 M M 3 1 27 80
16 34 31 33 -1 32 0 0.06 M M 8.7 16 310 M M 10 1 21 300
17 37 24 31 -3 34 0 0.00 M M 6.2 14 260 M M 7 18 17 260
18 40 22 31 -3 34 0 0.00 M M 8.5 17 170 M M 0 18 21 170
19 44 36 40 7 25 0 0.01 M M 11.0 16 190 M M 8 12 22 170
20 47 34 41 8 24 0 0.00 M M 7.3 14 210 M M 6 128 18 220
21 55 37 46 13 19 0 0.00 M M 13.7 26 270 M M 2 1 37 290
22 49 31 40 7 25 0 0.00 M M 7.2 15 290 M M 0 M M
23 54 37 46 14 19 0 0.63 M M 16.9 30 180 M M 8 18 40 180
24 37 16 27 -5 38 0 T M M 15.3 28 290 M M 8 37 290
25 19 12 16 -16 49 0 T M M 14.8 20 310 M M 9 25 310
26 41 15 28 -4 37 0 0.00 M M M M M M M M M M
27 54 29 42 10 23 0 T M M 15.1 23 170 M M 1 37 180
28 42 29 36 4 29 0 0.00 M M 11.1 22 310 M M 10 29 310
29 38 28 33 1 32 0 T M M 10.0 18 100 M M 7 23 130
30 51 30 41 9 24 0 0.80 M M 12.3 25 310 M M 8 1 32 310
31 31 28 30 -1 35 0 0.00 M M 10.0 16 330 M M M 19 50
================================================================================
SM 1334 839 856 0 2.61 M 276.7 M 148
================================================================================
AV 44.5 28.0 9.2 FASTST M M 5 MAX(MPH)
MISC ----> 30 180 40 180
================================================================================
NOTES:
# LAST OF SEVERAL OCCURRENCES
COLUMN 17 PEAK WIND IN M.P.H.
PRELIMINARY LOCAL CLIMATOLOGICAL DATA (WS FORM: F-6) , PAGE 2
STATION: LAWRENCEVILLE IL AIRPORT
MONTH: DECEMBER
YEAR: 2020
LATITUDE: 38 45 N
LONGITUDE: 87 36 W
[TEMPERATURE DATA] [PRECIPITATION DATA] SYMBOLS USED IN COLUMN 16
AVERAGE MONTHLY: 36.2 TOTAL FOR MONTH: 2.61 1 = FOG OR MIST
DPTR FM NORMAL: 1.6 DPTR FM NORMAL: -0.78 2 = FOG REDUCING VISIBILITY
HIGHEST: 65 ON 11,10 GRTST 24HR 1.11 ON 11-12 TO 1/4 MILE OR LESS
LOWEST: 12 ON 25 3 = THUNDER
SNOW, ICE PELLETS, HAIL 4 = ICE PELLETS
TOTAL MONTH: M 5 = HAIL
GRTST 24HR M ON M 6 = FREEZING RAIN OR DRIZZLE
GRTST DEPTH: M ON M 7 = DUSTSTORM OR SANDSTORM:
VSBY 1/2 MILE OR LESS
8 = SMOKE OR HAZE
[NO. OF DAYS WITH] [WEATHER - DAYS WITH] 9 = BLOWING SNOW
X = TORNADO
MAX 32 OR BELOW: 2 0.01 INCH OR MORE: 6
MAX 90 OR ABOVE: 0 0.10 INCH OR MORE: 4
MIN 32 OR BELOW: 24 0.50 INCH OR MORE: 3
MIN 0 OR BELOW: 0 1.00 INCH OR MORE: 0
[HDD (BASE 65) ]
TOTAL THIS MO. 856 CLEAR (SCALE 0-3) 11
DPTR FM NORMAL -85 PTCLDY (SCALE 4-7) 9
TOTAL FM JUL 1 1657 CLOUDY (SCALE 8-10) 11
DPTR FM NORMAL -142
[CDD (BASE 65) ]
TOTAL THIS MO. 0
DPTR FM NORMAL 0 [PRESSURE DATA]
TOTAL FM JAN 1 1227 HIGHEST SLP M ON M
DPTR FM NORMAL -160 LOWEST SLP 29.59 ON 23
[REMARKS]
#FINAL-12-20#
TEMPERATURE DATA MISSING 12/12 DUE TO EQUIPMENT MALFUNCTION.