000
CXUS53 KILX 012300
CF6LWV
PRELIMINARY LOCAL CLIMATOLOGICAL DATA (WS FORM: F-6)
STATION: LAWRENCEVILLE IL AIRPORT
MONTH: JULY
YEAR: 2020
LATITUDE: 38 45 N
LONGITUDE: 87 36 W
TEMPERATURE IN F: :PCPN: SNOW: WIND :SUNSHINE: SKY :PK WND
================================================================================
1 2 3 4 5 6A 6B 7 8 9 10 11 12 13 14 15 16 17 18
12Z AVG MX 2MIN
DY MAX MIN AVG DEP HDD CDD WTR SNW DPTH SPD SPD DIR MIN PSBL S-S WX SPD DR
================================================================================
1 87 70 79 1 0 14 0.00 M M 2.8 10 110 M M 4 128 14 120
2 91 71 81 3 0 16 0.00 M M 2.6 13 100 M M 1 1 18 40
3 91 68 80 2 0 15 0.00 M M 3.5 12 110 M M 1 15 110
4 94 71 83 5 0 18 0.00 M M 4.1 13 10 M M 2 8 17 10
5 94 73 84 6 0 19 0.00 M M 3.8 16 140 M M 2 138 21 140
6 91 70 81 3 0 16 0.00 M M 4.3 9 160 M M 0 1 13 170
7 94 72 83 5 0 18 0.00 M M 2.3 9 20 M M 1 138 13 230
8 94 72 83 5 0 18 0.03 M M 2.8 22 290 M M 0 138 27 290
9 93 70 82 4 0 17 0.00 M M 5.6 14 220 M M 0 18 20 230
10 90 70 80 2 0 15 0.00 M M 11.9 24 300 M M 2 32 290
11 93 66 80 2 0 15 0.20 M M 7.3 29 50 M M 2 138 42 30
12 86 65 76 -2 0 11 0.01 M M 6.2 13 170 M M 4 13 17 160
13 85 64 75 -3 0 10 0.00 M M 5.7 14 330 M M 0 18 330
14 89 62 76 -2 0 11 0.00 M M 3.5 9 150 M M 0 8 13 260
15 92 64 78 0 0 13 0.22 M M 7.7 24 180 M M 0 13 34 190
16 84 70 77 -1 0 12 0.00 M M 5.5 21 200 M M 6 1 28 210
17 90 67 79 1 0 14 0.00 M M 4.7 10 170 M M 2 128 15 100
18 94 71 83 5 0 18 0.00 M M 8.8 17 200 M M 2 12 24 180
19 95 71 83 5 0 18 1.09 M M 11.7 28 300 M M 2 138 36 290
20 89 70 80 2 0 15 0.11 M M 4.4 17 350 M M 3 3 24 340
21 91 72 82 4 0 17 0.09 M M 6.7 26 330 M M 5 1238 37 340
22 86 71 79 1 0 14 1.07 M M 5.9 23 180 M M 4 138 31 160
23 87 72 80 2 0 15 0.00 M M 3.7 10 320 M M 5 1 13 330
24 88 68 78 0 0 13 0.00 M M 3.9 10 350 M M 0 16 360
25 90 68 79 1 0 14 0.00 M M 2.1 7 200 M M 1 18 9 90
26 91 72 82 4 0 17 0.00 M M 5.6 13 170 M M 2 1 17 260
27 90 75 83 5 0 18 0.46 M M 7.0 32 290 M M 3 123 44 290
28 87 68 78 0 0 13 0.00 M M 3.7 9 350 M M 1 1 13 30
29 89 65 77 -1 0 12 0.00 M M 2.8 12 230 M M 2 12 15 220
30 81 71 76 -2 0 11 3.12 M M 7.1 16 340 M M 8 18 21 350
31 76 68 72 -5 0 7 0.13 M M 8.8 16 30 M M 10 18 21 40
================================================================================
SM 2772 2147 0 454 6.53 M 166.5 M 75
================================================================================
AV 89.4 69.3 5.4 FASTST M M 2 MAX(MPH)
MISC ----> # 32 290 # 44 290
================================================================================
NOTES:
# LAST OF SEVERAL OCCURRENCES
COLUMN 17 PEAK WIND IN M.P.H.
PRELIMINARY LOCAL CLIMATOLOGICAL DATA (WS FORM: F-6) , PAGE 2
STATION: LAWRENCEVILLE IL AIRPORT
MONTH: JULY
YEAR: 2020
LATITUDE: 38 45 N
LONGITUDE: 87 36 W
[TEMPERATURE DATA] [PRECIPITATION DATA] SYMBOLS USED IN COLUMN 16
AVERAGE MONTHLY: 79.3 TOTAL FOR MONTH: 6.53 1 = FOG OR MIST
DPTR FM NORMAL: 1.5 DPTR FM NORMAL: 2.11 2 = FOG REDUCING VISIBILITY
HIGHEST: 95 ON 19 GRTST 24HR 3.12 ON 30-30 TO 1/4 MILE OR LESS
LOWEST: 62 ON 14 3 = THUNDER
SNOW, ICE PELLETS, HAIL 4 = ICE PELLETS
TOTAL MONTH: M 5 = HAIL
GRTST 24HR M ON M 6 = FREEZING RAIN OR DRIZZLE
GRTST DEPTH: M ON M 7 = DUSTSTORM OR SANDSTORM:
VSBY 1/2 MILE OR LESS
8 = SMOKE OR HAZE
[NO. OF DAYS WITH] [WEATHER - DAYS WITH] 9 = BLOWING SNOW
X = TORNADO
MAX 32 OR BELOW: 0 0.01 INCH OR MORE: 11
MAX 90 OR ABOVE: 18 0.10 INCH OR MORE: 8
MIN 32 OR BELOW: 0 0.50 INCH OR MORE: 3
MIN 0 OR BELOW: 0 1.00 INCH OR MORE: 3
[HDD (BASE 65) ]
TOTAL THIS MO. 0 CLEAR (SCALE 0-3) 23
DPTR FM NORMAL 0 PTCLDY (SCALE 4-7) 6
TOTAL FM JUL 1 0 CLOUDY (SCALE 8-10) 2
DPTR FM NORMAL 0
[CDD (BASE 65) ]
TOTAL THIS MO. 454
DPTR FM NORMAL 56 [PRESSURE DATA]
TOTAL FM JAN 1 719 HIGHEST SLP 30.17 ON 17
DPTR FM NORMAL -108 LOWEST SLP 29.73 ON 30
[REMARKS]
#FINAL-07-20#