000
CXUS53 KILX 012300
CF6LWV
PRELIMINARY LOCAL CLIMATOLOGICAL DATA (WS FORM: F-6)
STATION: LAWRENCEVILLE IL AIRPORT
MONTH: MARCH
YEAR: 2020
LATITUDE: 38 45 N
LONGITUDE: 87 36 W
TEMPERATURE IN F: :PCPN: SNOW: WIND :SUNSHINE: SKY :PK WND
================================================================================
1 2 3 4 5 6A 6B 7 8 9 10 11 12 13 14 15 16 17 18
12Z AVG MX 2MIN
DY MAX MIN AVG DEP HDD CDD WTR SNW DPTH SPD SPD DIR MIN PSBL S-S WX SPD DR
================================================================================
1 66 28 47 7 18 0 0.03 M M 14.8 35 220 M M 4 46 220
2 55 48 52 12 13 0 0.52 M M 7.9 23 200 M M 9 13 29 180
3 60 36 48 8 17 0 0.09 M M 11.5 30 250 M M 3 13 39 250
4 58 32 45 4 20 0 0.00 M M 8.6 26 300 M M 1 33 310
5 62 29 46 5 19 0 0.00 M M 9.7 26 300 M M 1 36 290
6 45 26 36 -6 29 0 T M M 15.8 33 300 M M 7 42 310
7 53 22 38 -4 27 0 0.00 M M 5.7 14 180 M M 0 1 19 160
8 67 32 50 8 15 0 0.00 M M 12.6 25 200 M M 0 31 210
9 64 47 56 13 9 0 0.18 M M 16.5 30 180 M M 4 1 40 180
10 60 43 52 9 13 0 0.70 M M 11.0 31 300 M M 10 13 38 300
11 51 39 45 2 20 0 0.00 M M 5.2 13 240 M M 9 18 15 240
12 63 36 50 6 15 0 0.48 M M 8.9 28 130 M M 7 1238 34 130
13 55 37 46 2 19 0 0.00 M M 9.4 29 320 M M 2 37 330
14 44 37 41 -3 24 0 0.33 M M 11.4 18 20 M M 10 1 23 80
15 48 34 41 -4 24 0 0.00 M M 8.7 17 30 M M 8 24 30
16 47 41 44 -1 21 0 T M M 5.2 15 130 M M 10 19 120
17 56 39 48 3 17 0 0.00 M M 5.3 15 350 M M 5 20 360
18 59 39 49 3 16 0 0.61 M M 7.5 16 210 M M 8 1 20 190
19 69 54 62 16 3 0 1.93 M M 12.6 30 210 M M 9 123 40 210
20 69 38 54 8 11 0 0.07 M M 17.2 29 300 M M 7 13 39 210
21 41 31 36 -11 29 0 0.00 M M 8.9 20 20 M M 6 24 30
22 43 30 37 -10 28 0 T M M 8.2 17 90 M M 7 23 100
23 45 35 40 -7 25 0 0.00 M M 5.5 12 340 M M 8 15 340
24 52 37 45 -3 20 0 0.25 M M 9.5 16 40 M M 4 1 23 50
25 60 32 46 -2 19 0 0.00 M M 5.3 13 190 M M 4 12 16 190
26 71 43 57 9 8 0 T M M 7.8 20 160 M M 1 13 24 150
27 78 53 66 17 0 1 0.29 M M 9.0 18 190 M M 5 13 23 340
28 77 65 71 22 0 6 0.43 M M 14.9 28 220 M M 5 13 38 250
29 68 53 61 11 4 0 0.00 M M 19.5 32 240 M M 2 46 220
30 65 44 55 5 10 0 0.00 M M 8.8 18 290 M M 0 23 320
31 51 40 46 -4 19 0 0.00 M M 10.7 22 340 M M 5 29 330
================================================================================
SM 1802 1200 512 7 5.91 M 313.6 M 161
================================================================================
AV 58.1 38.7 10.1 FASTST M M 5 MAX(MPH)
MISC ----> # 35 220 # 46 220
================================================================================
NOTES:
# LAST OF SEVERAL OCCURRENCES
COLUMN 17 PEAK WIND IN M.P.H.
PRELIMINARY LOCAL CLIMATOLOGICAL DATA (WS FORM: F-6) , PAGE 2
STATION: LAWRENCEVILLE IL AIRPORT
MONTH: MARCH
YEAR: 2020
LATITUDE: 38 45 N
LONGITUDE: 87 36 W
[TEMPERATURE DATA] [PRECIPITATION DATA] SYMBOLS USED IN COLUMN 16
AVERAGE MONTHLY: 48.4 TOTAL FOR MONTH: 5.91 1 = FOG OR MIST
DPTR FM NORMAL: 3.4 DPTR FM NORMAL: 2.48 2 = FOG REDUCING VISIBILITY
HIGHEST: 78 ON 27 GRTST 24HR 1.93 ON 19-19 TO 1/4 MILE OR LESS
LOWEST: 22 ON 7 3 = THUNDER
SNOW, ICE PELLETS, HAIL 4 = ICE PELLETS
TOTAL MONTH: M 5 = HAIL
GRTST 24HR M ON M 6 = FREEZING RAIN OR DRIZZLE
GRTST DEPTH: M ON M 7 = DUSTSTORM OR SANDSTORM:
VSBY 1/2 MILE OR LESS
8 = SMOKE OR HAZE
[NO. OF DAYS WITH] [WEATHER - DAYS WITH] 9 = BLOWING SNOW
X = TORNADO
MAX 32 OR BELOW: 0 0.01 INCH OR MORE: 13
MAX 90 OR ABOVE: 0 0.10 INCH OR MORE: 10
MIN 32 OR BELOW: 9 0.50 INCH OR MORE: 4
MIN 0 OR BELOW: 0 1.00 INCH OR MORE: 1
[HDD (BASE 65) ]
TOTAL THIS MO. 512 CLEAR (SCALE 0-3) 9
DPTR FM NORMAL -110 PTCLDY (SCALE 4-7) 14
TOTAL FM JUL 1 4027 CLOUDY (SCALE 8-10) 8
DPTR FM NORMAL -270
[CDD (BASE 65) ]
TOTAL THIS MO. 7
DPTR FM NORMAL 5 [PRESSURE DATA]
TOTAL FM JAN 1 7 HIGHEST SLP 30.64 ON 7
DPTR FM NORMAL 5 LOWEST SLP 29.58 ON 3
[REMARKS]
#FINAL-03-20#