000
CXUS53 KILX 010900
CF6LWV
PRELIMINARY LOCAL CLIMATOLOGICAL DATA (WS FORM: F-6)
STATION: LAWRENCEVILLE IL AIRPORT
MONTH: JULY
YEAR: 2023
LATITUDE: 38 45 N
LONGITUDE: 87 36 W
TEMPERATURE IN F: :PCPN: SNOW: WIND :SUNSHINE: SKY :PK WND
================================================================================
1 2 3 4 5 6A 6B 7 8 9 10 11 12 13 14 15 16 17 18
12Z AVG MX 2MIN
DY MAX MIN AVG DEP HDD CDD WTR SNW DPTH SPD SPD DIR MIN PSBL S-S WX SPD DR
================================================================================
1 91 70 81 4 0 16 0.81 M M 12.3 35 220 M M 5 13 48 220
2 90 70 80 3 0 15 0.26 M M 9.2 32 210 M M 4 13 41 210
3 90 70 80 3 0 15 0.00 M M 6.6 14 310 M M 1 21 160
4 91 70 81 4 0 16 0.00 M M 4.0 13 190 M M 1 18 19 160
5 94 71 83 6 0 18 T M M 7.9 24 270 M M 1 13 34 280
6 88 70 79 2 0 14 0.00 M M 8.5 18 300 M M 2 24 300
7 87 65 76 -2 0 11 0.00 M M 4.0 10 250 M M 0 20 220
8 85 68 77 -1 0 12 0.12 M M 6.6 17 350 M M 5 13 28 330
9 84 62 73 -5 0 8 0.00 M M 4.4 14 340 M M 0 19 30
10 87 61 74 -4 0 9 0.00 M M 3.5 12 300 M M 0 1 17 330
11 89 63 76 -2 0 11 0.00 M M 8.5 20 210 M M 0 24 200
12 91 65 78 0 0 13 0.00 M M 8.3 20 170 M M 0 28 180
13 91 74 83 5 0 18 0.00 M M 6.6 15 280 M M 2 21 260
14 95 67 81 3 0 16 0.00 M M 4.9 15 160 M M 1 12 19 160
15 88 71 80 2 0 15 1.10 M M 5.9 22 290 M M 4 13 29 300
16 89 67 78 0 0 13 0.00 M M 6.3 15 230 M M 0 18 20 230
17 86 69 78 0 0 13 0.01 M M 6.1 14 230 M M 2 1 18 200
18 89 70 80 2 0 15 0.07 M M 5.3 15 20 M M 5 1 18 20
19 83 71 77 -1 0 12 0.00 M M 5.6 13 170 M M 7 1 16 170
20 89 71 80 2 0 15 0.00 M M 6.6 18 310 M M 7 26 290
21 84 65 75 -2 0 10 0.00 M M 5.6 13 340 M M 1 16 350
22 86 63 75 -2 0 10 0.00 M M 4.4 12 300 M M 3 16 330
23 89 62 76 -1 0 11 0.00 M M 4.3 10 200 M M 0 M M
24 93 70 82 5 0 17 0.30 M M M M M M M M 1 M M
25 93 68 81 4 0 16 0.00 M M M M M M M M 1 M M
26 92 75 84 7 0 19 T M M M M M M M M M M
27 96 77 87 10 0 22 0.01 M M 8.6 15 190 M M M 1 21 190
28 99 77 88 11 0 23 0.00 M M 8.6 17 210 M M 1 13 23 210
29 95 72 84 7 0 19 T M M 7.8 32 360 M M 2 38 41 360
30 91 70 81 4 0 16 0.00 M M 6.9 14 330 M M 1 25 350
31 88 63 76 -1 0 11 0.00 M M 8.0 15 360 M M 0 22 50
================================================================================
SM 2783 2127 0 449 2.68 M 185.3 M 55
================================================================================
AV 89.8 68.6 6.6 FASTST M M 2 MAX(MPH)
MISC ----> 35 220 48 220
================================================================================
NOTES:
# LAST OF SEVERAL OCCURRENCES
COLUMN 17 PEAK WIND IN M.P.H.
PRELIMINARY LOCAL CLIMATOLOGICAL DATA (WS FORM: F-6) , PAGE 2
STATION: LAWRENCEVILLE IL AIRPORT
MONTH: JULY
YEAR: 2023
LATITUDE: 38 45 N
LONGITUDE: 87 36 W
[TEMPERATURE DATA] [PRECIPITATION DATA] SYMBOLS USED IN COLUMN 16
AVERAGE MONTHLY: 79.2 TOTAL FOR MONTH: 2.68 1 = FOG OR MIST
DPTR FM NORMAL: 1.8 DPTR FM NORMAL: -1.54 2 = FOG REDUCING VISIBILITY
HIGHEST: 99 ON 28 GRTST 24HR 1.10 ON 15-15 TO 1/4 MILE OR LESS
LOWEST: 61 ON 10 3 = THUNDER
SNOW, ICE PELLETS, HAIL 4 = ICE PELLETS
TOTAL MONTH: M 5 = HAIL
GRTST 24HR M ON M 6 = FREEZING RAIN OR DRIZZLE
GRTST DEPTH: M ON M 7 = DUSTSTORM OR SANDSTORM:
VSBY 1/2 MILE OR LESS
8 = SMOKE OR HAZE
[NO. OF DAYS WITH] [WEATHER - DAYS WITH] 9 = BLOWING SNOW
X = TORNADO
MAX 32 OR BELOW: 0 0.01 INCH OR MORE: 8
MAX 90 OR ABOVE: 15 0.10 INCH OR MORE: 5
MIN 32 OR BELOW: 0 0.50 INCH OR MORE: 2
MIN 0 OR BELOW: 0 1.00 INCH OR MORE: 1
[HDD (BASE 65) ]
TOTAL THIS MO. 0 CLEAR (SCALE 0-3) 20
DPTR FM NORMAL 0 PTCLDY (SCALE 4-7) 7
TOTAL FM JUL 1 0 CLOUDY (SCALE 8-10) 4
DPTR FM NORMAL 0
[CDD (BASE 65) ]
TOTAL THIS MO. 449
DPTR FM NORMAL 65 [PRESSURE DATA]
TOTAL FM JAN 1 834 HIGHEST SLP 30.14 ON 31
DPTR FM NORMAL -2 LOWEST SLP 29.73 ON 2
[REMARKS]
#FINAL-07-23#