000
CXUS53 KGID 010904
CF6LXN
PRELIMINARY LOCAL CLIMATOLOGICAL DATA (WS FORM: F-6)
STATION: LEXINGTON
MONTH: MAY
YEAR: 2020
LATITUDE: 40 47 N
LONGITUDE: 99 46 W
TEMPERATURE IN F: :PCPN: SNOW: WIND :SUNSHINE: SKY :PK WND
================================================================================
1 2 3 4 5 6A 6B 7 8 9 10 11 12 13 14 15 16 17 18
12Z AVG MX 2MIN
DY MAX MIN AVG DEP HDD CDD WTR SNW DPTH SPD SPD DIR MIN PSBL S-S WX SPD DR
================================================================================
1 86 53 70 M 0 5 0.00 M M 9.4 16 30 M M 0 23 350
2 66 51 59 M 6 0 T M M 11.3 20 30 M M 7 24 30
3 76 46 61 M 4 0 0.16 M M 5.8 18 160 M M 6 16 100
4 61 44 53 M 12 0 0.95 M M 9.4 24 360 M M 8 28 360
5 67 41 54 M 11 0 0.00 M M 11.8 20 300 M M 3 23 300
6 62 39 51 M 14 0 0.00 M M 7.3 15 340 M M 0 M M
7 70 42 56 M 9 0 T M M 13.4 31 360 M M 6 38 360
8 59 35 47 M 18 0 0.00 M M 10.8 25 10 M M 1 38 10
9 60 37 49 M 16 0 0.01 M M 12.1 23 350 M M 7 31 350
10 56 28 42 M 23 0 0.00 M M 9.7 14 20 M M 4 20 20
11 44 38 41 M 24 0 T M M 7.8 10 170 M M 10 M M
12 51 38 45 M 20 0 0.00 M M 10.2 18 160 M M 10 23 160
13 56 44 50 M 15 0 0.01 M M 10.8 18 160 M M 9 12 27 160
14 78 45 62 M 3 0 T M M 4.8 13 40 M M 4 12 M M
15 76 52 64 M 1 0 T M M 7.3 15 140 M M 7 18 140
16 69 49 59 M 6 0 1.50 M M 8.7 20 350 M M 7 3 32 20
17 64 45 55 M 10 0 T M M 11.4 17 340 M M 6 22 340
18 69 42 56 M 9 0 0.00 M M 4.5 12 90 M M 3 1 M M
19 72 43 58 M 7 0 0.00 M M 6.9 13 110 M M 2 1 20 110
20 76 50 63 M 2 0 0.00 M M 14.1 22 150 M M 2 1 29 150
21 64 57 61 M 4 0 0.29 M M 10.6 17 140 M M 10 13 20 150
22 63 52 58 M 7 0 0.29 M M 3.3 13 130 M M 6 13 M M
23 75 47 61 M 4 0 0.00 M M 9.4 18 110 M M 8 12 28 140
24 71 56 64 M 1 0 0.24 M M 11.4 25 10 M M 9 35 10
25 62 46 54 M 11 0 1.21 M M 13.9 21 340 M M 7 28 350
26 73 44 59 M 6 0 0.00 M M 8.0 17 350 M M 0 20 360
27 76 46 61 M 4 0 0.00 M M 5.1 13 30 M M 0 20 70
28 77 52 65 M 0 0 T M M 10.8 18 10 M M 3 27 30
29 78 49 64 M 1 0 0.00 M M 5.6 10 110 M M 3 M M
30 75 56 66 M 0 1 T M M 13.1 20 90 M M 2 27 90
31 85 57 71 M 0 6 0.00 M M 17.8 25 160 M M 0 32 150
================================================================================
SM 2117 1424 248 12 4.66 M 296.5 M 150
================================================================================
AV 68.3 45.9 9.6 FASTST M M 5 MAX(MPH)
MISC ----> # 31 360 # M M
================================================================================
NOTES:
# LAST OF SEVERAL OCCURRENCES
COLUMN 17 PEAK WIND IN M.P.H.
PRELIMINARY LOCAL CLIMATOLOGICAL DATA (WS FORM: F-6) , PAGE 2
STATION: LEXINGTON
MONTH: MAY
YEAR: 2020
LATITUDE: 40 47 N
LONGITUDE: 99 46 W
[TEMPERATURE DATA] [PRECIPITATION DATA] SYMBOLS USED IN COLUMN 16
AVERAGE MONTHLY: 57.1 TOTAL FOR MONTH: 4.66 1 = FOG OR MIST
DPTR FM NORMAL: M DPTR FM NORMAL: M 2 = FOG REDUCING VISIBILITY
HIGHEST: 86 ON 1 GRTST 24HR 1.50 ON 16-16 TO 1/4 MILE OR LESS
LOWEST: 28 ON 10 3 = THUNDER
SNOW, ICE PELLETS, HAIL 4 = ICE PELLETS
TOTAL MONTH: M 5 = HAIL
GRTST 24HR M ON M 6 = FREEZING RAIN OR DRIZZLE
GRTST DEPTH: M ON M 7 = DUSTSTORM OR SANDSTORM:
VSBY 1/2 MILE OR LESS
8 = SMOKE OR HAZE
[NO. OF DAYS WITH] [WEATHER - DAYS WITH] 9 = BLOWING SNOW
X = TORNADO
MAX 32 OR BELOW: 0 0.01 INCH OR MORE: 9
MAX 90 OR ABOVE: 0 0.10 INCH OR MORE: 7
MIN 32 OR BELOW: 1 0.50 INCH OR MORE: 3
MIN 0 OR BELOW: 0 1.00 INCH OR MORE: 2
[HDD (BASE 65) ]
TOTAL THIS MO. 248 CLEAR (SCALE 0-3) 11
DPTR FM NORMAL M PTCLDY (SCALE 4-7) 15
TOTAL FM JUL 1 6129 CLOUDY (SCALE 8-10) 5
DPTR FM NORMAL M
[CDD (BASE 65) ]
TOTAL THIS MO. 12
DPTR FM NORMAL M [PRESSURE DATA]
TOTAL FM JAN 1 12 HIGHEST SLP M ON M
DPTR FM NORMAL M LOWEST SLP M ON M
[REMARKS]
#FINAL-05-20#