000
CXUS53 KGID 011246 AAA
CF6LXN
PRELIMINARY LOCAL CLIMATOLOGICAL DATA (WS FORM: F-6)
STATION: LEXINGTON NE
MONTH: SEPTEMBER
YEAR: 2023
LATITUDE: 40 47 N
LONGITUDE: 99 46 W
TEMPERATURE IN F: :PCPN: SNOW: WIND :SUNSHINE: SKY :PK WND
================================================================================
1 2 3 4 5 6A 6B 7 8 9 10 11 12 13 14 15 16 17 18
12Z AVG MX 2MIN
DY MAX MIN AVG DEP HDD CDD WTR SNW DPTH SPD SPD DIR MIN PSBL S-S WX SPD DR
================================================================================
1 97 64 81 M 0 16 0.00 M M 13.1 23 150 M M 0 28 150
2 104 69 87 M 0 22 0.00 M M 11.8 16 170 M M 0 24 180
3 100 64 82 M 0 17 0.00 M M 8.4 20 200 M M 0 29 200
4 97 59 78 M 0 13 0.07 M M 11.9 21 160 M M 0 32 290
5 78 51 65 M 0 0 0.00 M M 14.2 27 320 M M 0 18 36 320
6 81 47 64 M 1 0 0.00 M M 5.8 9 120 M M 0 18 M M
7 87 52 70 M 0 5 0.00 M M 7.9 14 160 M M 3 18 21 160
8 86 50 68 M 0 3 0.00 M M 5.7 10 160 M M 0 18 M M
9 90 58 74 M 0 9 0.23 M M 9.8 21 130 M M 1 32 360
10 67 60 64 M 1 0 1.04 M M 7.5 12 40 M M 7 3 18 50
11 72 51 62 M 3 0 0.00 M M 3.4 8 90 M M 6 1 16 0
12 76 46 61 M 4 0 0.00 M M 3.9 8 130 M M 1 1 M M
13 78 47 63 M 2 0 0.00 M M 7.0 16 180 M M 2 1 22 180
14 80 54 67 M 0 2 0.00 M M 7.3 14 170 M M 5 1 18 200
15 73 57 65 M 0 0 0.19 M M 2.5 6 320 M M 6 12 0
16 83 51 67 M 0 2 0.00 M M 6.8 17 310 M M 2 1 21 310
17 82 46 64 M 1 0 0.00 M M 5.5 12 160 M M 0 18 140
18 93 54 74 M 0 9 0.00 M M 8.3 20 200 M M 0 25 200
19 91 52 72 M 0 7 0.00 M M 2.4 7 350 M M 0 M M
20 91 51 71 M 0 6 0.00 M M 4.6 12 150 M M 0 17 150
21 77 60 69 M 0 4 M M M 12.6 30 100 M M 6 13 43 100
22 75 55 65 M 0 0 0.10 M M 6.4 14 150 M M 6 1 27 110
23 75 51 63 M 2 0 0.02 M M 11.2 22 310 M M 4 1 27 290
24 80 46 63 M 2 0 0.00 M M 7.9 17 290 M M 0 24 300
25 82 47 65 M 0 0 0.00 M M 4.4 10 40 M M 0 8 M M
26 76 48 62 M 3 0 0.00 M M 5.1 14 70 M M 0 16 80
27 79 45 62 M 3 0 0.00 M M 5.5 13 130 M M 1 18 17 130
28 94 55 75 M 0 10 0.00 M M 10.9 20 170 M M 0 27 170
29 87 65 76 M 0 11 0.00 M M 10.1 15 190 M M 0 21 160
30 92 56 74 M 0 9 0.00 M M 11.7 25 160 M M 0 30 160
================================================================================
SM 2523 1611 22 145 M M 233.6 M 50
================================================================================
AV 84.1 53.7 7.8 FASTST M M 2 MAX(MPH)
MISC ----> 30 100 M M
================================================================================
NOTES:
# LAST OF SEVERAL OCCURRENCES
COLUMN 17 PEAK WIND IN M.P.H.
PRELIMINARY LOCAL CLIMATOLOGICAL DATA (WS FORM: F-6) , PAGE 2
STATION: LEXINGTON NE
MONTH: SEPTEMBER
YEAR: 2023
LATITUDE: 40 47 N
LONGITUDE: 99 46 W
[TEMPERATURE DATA] [PRECIPITATION DATA] SYMBOLS USED IN COLUMN 16
AVERAGE MONTHLY: 68.9 TOTAL FOR MONTH: M 1 = FOG OR MIST
DPTR FM NORMAL: M DPTR FM NORMAL: M 2 = FOG REDUCING VISIBILITY
HIGHEST: 104 ON 2 GRTST 24HR M ON M TO 1/4 MILE OR LESS
LOWEST: 45 ON 27 3 = THUNDER
SNOW, ICE PELLETS, HAIL 4 = ICE PELLETS
TOTAL MONTH: M 5 = HAIL
GRTST 24HR M ON M 6 = FREEZING RAIN OR DRIZZLE
GRTST DEPTH: M ON M 7 = DUSTSTORM OR SANDSTORM:
VSBY 1/2 MILE OR LESS
8 = SMOKE OR HAZE
[NO. OF DAYS WITH] [WEATHER - DAYS WITH] 9 = BLOWING SNOW
X = TORNADO
MAX 32 OR BELOW: 0 0.01 INCH OR MORE: M
MAX 90 OR ABOVE: 10 0.10 INCH OR MORE: M
MIN 32 OR BELOW: 0 0.50 INCH OR MORE: M
MIN 0 OR BELOW: 0 1.00 INCH OR MORE: M
[HDD (BASE 65) ]
TOTAL THIS MO. 22 CLEAR (SCALE 0-3) 23
DPTR FM NORMAL M PTCLDY (SCALE 4-7) 7
TOTAL FM JUL 1 28 CLOUDY (SCALE 8-10) 0
DPTR FM NORMAL M
[CDD (BASE 65) ]
TOTAL THIS MO. 145
DPTR FM NORMAL M [PRESSURE DATA]
TOTAL FM JAN 1 1017 HIGHEST SLP M ON M
DPTR FM NORMAL M LOWEST SLP M ON M
[REMARKS]
#FINAL-09-23#