000
CXUS53 KEAX 010736
CF6LXT
PRELIMINARY LOCAL CLIMATOLOGICAL DATA (WS FORM: F-6)
STATION: LEE`S SUMMIT MO
MONTH: AUGUST
YEAR: 2021
LATITUDE: 38 57 N
LONGITUDE: 94 22 W
TEMPERATURE IN F: :PCPN: SNOW: WIND :SUNSHINE: SKY :PK WND
================================================================================
1 2 3 4 5 6A 6B 7 8 9 10 11 12 13 14 15 16 17 18
12Z AVG MX 2MIN
DY MAX MIN AVG DEP HDD CDD WTR SNW DPTH SPD SPD DIR MIN PSBL S-S WX SPD DR
================================================================================
1 83 65 74 -5 0 9 0.00 M M 8.0 17 350 M M 1 18 23 350
2 84 63 74 -5 0 9 0.00 M M 5.8 15 30 M M 2 18 20 50
3 81 60 71 -8 0 6 0.00 M M 4.8 14 80 M M 0 17 70
4 83 62 73 -6 0 8 0.00 M M 6.4 12 150 M M 1 18 100
5 81 69 75 -4 0 10 T M M 10.7 17 210 M M 3 24 190
6 88 67 78 -1 0 13 0.00 M M 9.3 16 160 M M 0 21 180
7 92 71 82 3 0 17 0.00 M M 13.2 22 200 M M 0 33 160
8 88 69 79 0 0 14 T M M 10.1 18 220 M M 4 25 220
9 94 77 86 8 0 21 0.00 M M 12.2 18 210 M M 1 25 170
10 92 73 83 5 0 18 0.08 M M 12.4 26 160 M M 2 13 38 170
11 97 79 88 10 0 23 0.00 M M 16.2 28 220 M M 0 36 230
12 98 70 84 6 0 19 1.69 M M 14.8 48 330 M M 2 13 79 360
13 81 68 75 -3 0 10 0.76 M M 8.0 26 180 M M 6 13 40 170
14 84 66 75 -3 0 10 0.00 M M 5.2 10 80 M M 0 15 60
15 83 63 73 -5 0 8 0.00 M M 6.3 13 130 M M 0 19 110
16 84 64 74 -4 0 9 0.00 M M 6.8 13 100 M M 1 22 100
17 88 68 78 1 0 13 0.00 M M 6.7 18 180 M M 1 29 160
18 87 69 78 1 0 13 0.00 M M 7.0 14 140 M M 2 21 140
19 88 71 80 3 0 15 0.00 M M 7.5 10 100 M M 4 22 150
20 87 68 78 1 0 13 0.68 M M 10.9 33 320 M M 5 13 48 310
21 85 67 76 -1 0 11 0.38 M M 6.2 20 210 M M 3 13 25 250
22 86 64 75 -1 0 10 0.00 M M 6.9 14 160 M M 0 21 110
23 93 77 85 9 0 20 0.00 M M 10.7 18 200 M M 0 24 190
24 93 75 84 8 0 19 0.00 M M 13.2 23 190 M M 0 31 200
25 92 74 83 7 0 18 0.00 M M 9.6 17 110 M M 0 25 110
26 94 76 85 9 0 20 0.00 M M 7.5 14 210 M M 1 20 170
27 92 75 84 9 0 19 0.00 M M 12.5 24 180 M M 1 31 170
28 90 74 82 7 0 17 0.00 M M 10.7 18 150 M M 1 26 200
29 89 72 81 6 0 16 0.00 M M 7.4 20 200 M M 2 27 200
30 90 70 80 6 0 15 0.00 M M 4.5 10 140 M M 1 16 120
31 82 66 74 0 0 9 0.42 M M 7.9 35 330 M M 3 13 48 320
================================================================================
SM 2729 2152 0 432 4.01 M 279.4 M 47
================================================================================
AV 88.0 69.4 9.0 FASTST M M 2 MAX(MPH)
MISC ----> 48 330 79 360
================================================================================
NOTES:
# LAST OF SEVERAL OCCURRENCES
COLUMN 17 PEAK WIND IN M.P.H.
PRELIMINARY LOCAL CLIMATOLOGICAL DATA (WS FORM: F-6) , PAGE 2
STATION: LEE`S SUMMIT MO
MONTH: AUGUST
YEAR: 2021
LATITUDE: 38 57 N
LONGITUDE: 94 22 W
[TEMPERATURE DATA] [PRECIPITATION DATA] SYMBOLS USED IN COLUMN 16
AVERAGE MONTHLY: 78.7 TOTAL FOR MONTH: 4.01 1 = FOG OR MIST
DPTR FM NORMAL: 1.4 DPTR FM NORMAL: -0.53 2 = FOG REDUCING VISIBILITY
HIGHEST: 98 ON 12 GRTST 24HR 2.45 ON 12-13 TO 1/4 MILE OR LESS
LOWEST: 60 ON 3 3 = THUNDER
SNOW, ICE PELLETS, HAIL 4 = ICE PELLETS
TOTAL MONTH: M 5 = HAIL
GRTST 24HR M ON M 6 = FREEZING RAIN OR DRIZZLE
GRTST DEPTH: M ON M 7 = DUSTSTORM OR SANDSTORM:
VSBY 1/2 MILE OR LESS
8 = SMOKE OR HAZE
[NO. OF DAYS WITH] [WEATHER - DAYS WITH] 9 = BLOWING SNOW
X = TORNADO
MAX 32 OR BELOW: 0 0.01 INCH OR MORE: 6
MAX 90 OR ABOVE: 12 0.10 INCH OR MORE: 5
MIN 32 OR BELOW: 0 0.50 INCH OR MORE: 3
MIN 0 OR BELOW: 0 1.00 INCH OR MORE: 1
[HDD (BASE 65) ]
TOTAL THIS MO. 0 CLEAR (SCALE 0-3) 26
DPTR FM NORMAL -2 PTCLDY (SCALE 4-7) 5
TOTAL FM JUL 1 0 CLOUDY (SCALE 8-10) 0
DPTR FM NORMAL 0
[CDD (BASE 65) ]
TOTAL THIS MO. 432
DPTR FM NORMAL 51 [PRESSURE DATA]
TOTAL FM JAN 1 1263 HIGHEST SLP M ON M
DPTR FM NORMAL 20 LOWEST SLP 29.70 ON 20
[REMARKS]
#FINAL-08-21#