000
CXUS55 KPUB 011210
CF6LXV
PRELIMINARY LOCAL CLIMATOLOGICAL DATA (WS FORM: F-6)
STATION: LEADVILLE CO
MONTH: MAY
YEAR: 2021
LATITUDE: 39 15 N
LONGITUDE: 106 18 W
TEMPERATURE IN F: :PCPN: SNOW: WIND :SUNSHINE: SKY :PK WND
================================================================================
1 2 3 4 5 6A 6B 7 8 9 10 11 12 13 14 15 16 17 18
12Z AVG MX 2MIN
DY MAX MIN AVG DEP HDD CDD WTR SNW DPTH SPD SPD DIR MIN PSBL S-S WX SPD DR
================================================================================
1 65 27 46 11 19 0 0.00 M M 5.8 21 280 M M 0 32 300
2 52 30 41 5 24 0 0.08 M M 7.1 26 360 M M 5 123 37 360
3 36 26 31 -5 34 0 0.18 M M 12.8 26 190 M M 9 12 33 180
4 43 25 34 -2 31 0 0.11 M M 7.0 21 270 M M 9 128 32 360
5 49 25 37 0 28 0 T M M 9.4 24 310 M M 4 12 37 270
6 61 25 43 6 22 0 0.00 M M 6.6 23 310 M M 0 30 310
7 61 25 43 5 22 0 0.00 M M 6.2 23 200 M M 1 34 210
8 50 27 39 1 26 0 0.01 M M 8.7 29 310 M M 4 18 49 310
9 43 20 32 -6 33 0 0.00 M M 6.9 18 270 M M 4 31 280
10 37 24 31 -8 34 0 0.15 M M 6.1 20 310 M M 10 128 29 290
11 37 21 29 -10 36 0 0.08 M M 5.6 22 310 M M 8 128 30 300
12 50 15 33 -6 32 0 0.00 M M 5.3 21 300 M M 3 12 31 310
13 56 21 39 -1 26 0 0.00 M M 8.3 26 290 M M 2 39 290
14 59 25 42 2 23 0 T M M 6.9 32 290 M M 3 49 290
15 62 28 45 4 20 0 0.00 M M 6.1 23 190 M M 2 33 190
16 60 34 47 6 18 0 T M M 6.6 26 220 M M 6 3 38 210
17 51 29 40 -1 25 0 0.08 M M 2.7 15 230 M M 6 12 21 200
18 49 29 39 -3 26 0 0.23 M M 4.4 26 180 M M 6 12 33 170
19 60 29 45 3 20 0 0.12 M M 6.3 18 60 M M 6 13 30 350
20 59 31 45 3 20 0 0.00 M M 9.3 26 200 M M 3 37 200
21 53 39 46 3 19 0 0.01 M M 12.3 29 170 M M 7 44 170
22 58 33 46 3 19 0 0.06 M M 10.9 29 170 M M 6 13 46 160
23 50 27 39 -5 26 0 0.00 M M 11.3 35 190 M M 3 12 46 190
24 55 20 38 -6 27 0 0.00 M M 7.5 21 210 M M 0 29 200
25 59 24 42 -2 23 0 0.00 M M 7.8 20 280 M M 0 28 290
26 59 28 44 -1 21 0 T M M 6.1 21 240 M M 1 8 32 210
27 61 29 45 0 20 0 0.00 M M 9.6 23 280 M M 0 34 290
28 64 23 44 -1 21 0 0.00 M M 5.8 21 290 M M 1 36 300
29 65 28 47 1 18 0 0.00 M M 6.3 18 240 M M 3 26 230
30 58 35 47 1 18 0 0.07 M M 6.7 23 190 M M 6 3 35 170
31 49 30 40 -6 25 0 0.05 M M 6.2 21 180 M M 8 13 26 180
================================================================================
SM 1671 832 756 0 1.23 M 228.6 M 126
================================================================================
AV 53.9 26.8 7.4 FASTST M M 4 MAX(MPH)
MISC ----> 35 190 # 49 310
================================================================================
NOTES:
# LAST OF SEVERAL OCCURRENCES
COLUMN 17 PEAK WIND IN M.P.H.
PRELIMINARY LOCAL CLIMATOLOGICAL DATA (WS FORM: F-6) , PAGE 2
STATION: LEADVILLE CO
MONTH: MAY
YEAR: 2021
LATITUDE: 39 15 N
LONGITUDE: 106 18 W
[TEMPERATURE DATA] [PRECIPITATION DATA] SYMBOLS USED IN COLUMN 16
AVERAGE MONTHLY: 40.4 TOTAL FOR MONTH: 1.23 1 = FOG OR MIST
DPTR FM NORMAL: -0.5 DPTR FM NORMAL: 0.17 2 = FOG REDUCING VISIBILITY
HIGHEST: 65 ON 29, 1 GRTST 24HR 0.23 ON 18-19 TO 1/4 MILE OR LESS
LOWEST: 15 ON 12 3 = THUNDER
SNOW, ICE PELLETS, HAIL 4 = ICE PELLETS
TOTAL MONTH: M 5 = HAIL
GRTST 24HR M ON M 6 = FREEZING RAIN OR DRIZZLE
GRTST DEPTH: M ON M 7 = DUSTSTORM OR SANDSTORM:
VSBY 1/2 MILE OR LESS
8 = SMOKE OR HAZE
[NO. OF DAYS WITH] [WEATHER - DAYS WITH] 9 = BLOWING SNOW
X = TORNADO
MAX 32 OR BELOW: 0 0.01 INCH OR MORE: 13
MAX 90 OR ABOVE: 0 0.10 INCH OR MORE: 5
MIN 32 OR BELOW: 27 0.50 INCH OR MORE: 0
MIN 0 OR BELOW: 0 1.00 INCH OR MORE: 0
[HDD (BASE 65) ]
TOTAL THIS MO. 756 CLEAR (SCALE 0-3) 14
DPTR FM NORMAL 7 PTCLDY (SCALE 4-7) 14
TOTAL FM JUL 1 10502 CLOUDY (SCALE 8-10) 3
DPTR FM NORMAL -113
[CDD (BASE 65) ]
TOTAL THIS MO. 0
DPTR FM NORMAL 0 [PRESSURE DATA]
TOTAL FM JAN 1 0 HIGHEST SLP 30.26 ON 12
DPTR FM NORMAL 0 LOWEST SLP 29.44 ON 2
[REMARKS]
#FINAL-05-21#