000
CXUS55 KPUB 011310
CF6LXV
PRELIMINARY LOCAL CLIMATOLOGICAL DATA (WS FORM: F-6)
STATION: LEADVILLE CO
MONTH: NOVEMBER
YEAR: 2020
LATITUDE: 39 15 N
LONGITUDE: 106 18 W
TEMPERATURE IN F: :PCPN: SNOW: WIND :SUNSHINE: SKY :PK WND
================================================================================
1 2 3 4 5 6A 6B 7 8 9 10 11 12 13 14 15 16 17 18
12Z AVG MX 2MIN
DY MAX MIN AVG DEP HDD CDD WTR SNW DPTH SPD SPD DIR MIN PSBL S-S WX SPD DR
================================================================================
1 56 17 37 7 28 0 0.00 0.0 0 6.5 17 310 M M 0 23 300
2 59 18 39 9 26 0 0.00 M M 4.7 15 320 M M 0 24 270
3 57 24 41 11 24 0 0.00 M M 5.8 17 320 M M 1 24 310
4 53 24 39 10 26 0 0.00 M M 7.3 18 300 M M 2 28 40
5 61 23 42 13 23 0 0.00 M M 4.6 10 50 M M 0 15 40
6 51 22 37 9 28 0 0.00 M M 4.7 18 190 M M 0 22 180
7 48 25 37 9 28 0 0.35 M M 11.4 28 180 M M 4 1 36 170
8 34 20 27 -1 38 0 0.21 M M 9.8 28 180 M M 8 12 41 190
9 26 13 20 -7 45 0 0.12 M M 6.3 22 180 M M 10 12 30 160
10 22 6 14 -13 51 0 0.02 M M 10.8 21 10 M M 7 8 32 350
11 29 -2 14 -12 51 0 0.00 M M 7.1 23 270 M M 2 34 270
12 28 -2 13 -13 52 0 0.02 M M 8.5 21 280 M M 4 1 37 280
13 36 -4 16 -9 49 0 0.00 M M 7.9 21 170 M M 1 36 180
14 28 11 20 -5 45 0 0.07 M M 16.7 37 300 M M 8 1289 56 300
15 35 11 23 -1 42 0 0.00 M M 12.0 18 10 M M 8 33 20
16 46 19 33 9 32 0 0.00 M M 7.6 18 300 M M 3 31 310
17 52 14 33 9 32 0 0.00 M M 4.1 12 210 M M 0 19 240
18 51 28 40 17 25 0 0.00 M M 7.8 22 190 M M 0 35 220
19 47 24 36 13 29 0 0.00 M M 6.6 21 210 M M 1 28 200
20 43 21 32 10 33 0 0.00 M M 4.4 14 170 M M 7 21 170
21 40 19 30 8 35 0 0.01 0.0 0 6.1 17 300 M M 6 1 27 290
22 37 5 21 -1 44 0 0.03 M M 4.1 14 200 M M 2 1 20 190
23 39 21 30 9 35 0 0.02 M M 4.8 20 180 M M 7 1 25 180
24 29 10 20 -1 45 0 0.46 M M 8.5 18 20 M M 10 12 28 40
25 40 2 21 1 44 0 0.00 M M 7.4 17 10 M M 0 31 330
26 28 4 16 -4 49 0 0.00 M M 5.8 13 180 M M 3 17 60
27 35 -4 16 -4 49 0 0.00 M M 4.6 16 350 M M 0 23 340
28 41 -3 19 -1 46 0 0.00 M M 7.1 20 10 M M 0 26 10
29 34 -3 16 -3 49 0 0.00 M M 4.8 12 360 M M 0 18 360
30 39 -4 18 -1 47 0 0.00 M M 6.9 17 360 M M 0 24 360
================================================================================
SM 1224 359 1150 0 1.31 0.0 214.7 M 94
================================================================================
AV 40.8 12.0 7.2 FASTST M M 3 MAX(MPH)
MISC ----> 37 300 56 300
================================================================================
NOTES:
# LAST OF SEVERAL OCCURRENCES
COLUMN 17 PEAK WIND IN M.P.H.
PRELIMINARY LOCAL CLIMATOLOGICAL DATA (WS FORM: F-6) , PAGE 2
STATION: LEADVILLE CO
MONTH: NOVEMBER
YEAR: 2020
LATITUDE: 39 15 N
LONGITUDE: 106 18 W
[TEMPERATURE DATA] [PRECIPITATION DATA] SYMBOLS USED IN COLUMN 16
AVERAGE MONTHLY: 26.4 TOTAL FOR MONTH: 1.31 1 = FOG OR MIST
DPTR FM NORMAL: 2.0 DPTR FM NORMAL: 0.55 2 = FOG REDUCING VISIBILITY
HIGHEST: 61 ON 5 GRTST 24HR 0.52 ON 7- 8 TO 1/4 MILE OR LESS
LOWEST: -4 ON 30,27 3 = THUNDER
SNOW, ICE PELLETS, HAIL 4 = ICE PELLETS
TOTAL MONTH: 0.0 INCH 5 = HAIL
GRTST 24HR 0.0 6 = FREEZING RAIN OR DRIZZLE
GRTST DEPTH: 0 7 = DUSTSTORM OR SANDSTORM:
VSBY 1/2 MILE OR LESS
8 = SMOKE OR HAZE
[NO. OF DAYS WITH] [WEATHER - DAYS WITH] 9 = BLOWING SNOW
X = TORNADO
MAX 32 OR BELOW: 7 0.01 INCH OR MORE: 10
MAX 90 OR ABOVE: 0 0.10 INCH OR MORE: 4
MIN 32 OR BELOW: 30 0.50 INCH OR MORE: 0
MIN 0 OR BELOW: 7 1.00 INCH OR MORE: 0
[HDD (BASE 65) ]
TOTAL THIS MO. 1150 CLEAR (SCALE 0-3) 17
DPTR FM NORMAL -66 PTCLDY (SCALE 4-7) 9
TOTAL FM JUL 1 3083 CLOUDY (SCALE 8-10) 4
DPTR FM NORMAL -321
[CDD (BASE 65) ]
TOTAL THIS MO. 0
DPTR FM NORMAL 0 [PRESSURE DATA]
TOTAL FM JAN 1 0 HIGHEST SLP 30.61 ON 2
DPTR FM NORMAL 0 LOWEST SLP 29.08 ON 8
[REMARKS]
#FINAL-11-20#