000
CXUS54 KLZK 061823
CF6LZK
STATION: NORTH LITTLE ROCK
MONTH: FEBRUARY
YEAR: 2021
LATITUDE: 34 50 N
LONGITUDE: 92 16 W
TEMPERATURE IN F: :PCPN: SNOW: WIND :SUNSHINE: SKY :PK WND
================================================================================
1 2 3 4 5 6A 6B 7 8 9 10 11 12 13 14 15 16 17 18
12Z AVG MX 2MIN
DY MAX MIN AVG DEP HDD CDD WTR SNW DPTH SPD SPD DIR MIN PSBL S-S WX SPD DR
================================================================================
1 45 33 39 -3 26 0 0.00 0.0 0 10.2 20 320 M M 5 21 360
2 46 27 37 -5 28 0 0.00 0.0 0 4.5 9 50 M M 2 13 90
3 50 28 39 -4 26 0 0.00 0.0 0 5.8 10 170 M M 1 1 15 120
4 56 40 48 5 17 0 0.03 0.0 0 11.7 23 300 M M 7 1 31 310
5 56 29 43 0 22 0 0.00 0.0 0 6.4 12 200 M M 2 14 180
6 51 36 44 1 21 0 0.32 0.0 0 7.2 15 70 M M 9 1 22 90
7 36 29 33 -10 32 0 T 0.0 0 8.7 13 70 M M 10 M M
8 43 29 36 -8 29 0 0.00 0.0 0 7.1 12 130 M M 10 1 16 80
9 41 30 36 -8 29 0 0.01 0.0 0 9.4 13 70 M M 10 12 14 50
10 31 29 30 -14 35 0 0.01 0.0 0 7.6 12 10 M M 9 126 17 20
11 29 24 27 -17 38 0 0.28 0.4 T 10.1 13 10 M M 8 1346 20 360
12 27 23 25 -19 40 0 0.00 0.0 T 11.3 16 40 M M 10 16 360
13 29 20 25 -20 40 0 0.00 0.0 T 10.0 13 10 M M 9 18 360
14 20 11 16 -29 49 0 0.12 2.0 T 12.6 17 20 M M 10 1249 23 20
15 12 6 9 -36 56 0 0.41 9.0 4 12.3 16 330 M M 9 129 22 360
16 21 -1 10 -36 55 0 T T 8 5.3 10 340 M M 5 M M
17 19 12 16 -30 49 0 0.43 7.3 8 8.9 12 10 M M 9 12 17 30
18 31 18 25 -21 40 0 0.02 0.2 14 9.5 14 10 M M 7 1 16 360
19 39 14 27 -19 38 0 0.00 0.0 11 5.0 12 330 M M 0 M M
20 42 17 30 -17 35 0 0.00 0.0 8 7.4 13 140 M M 1 M M
21 48 24 36 -11 29 0 0.17 0.0 7 6.4 10 300 M M 6 1 14 150
22 61 34 48 1 17 0 0.00 0.0 4 7.0 13 280 M M 1 1 15 300
23 73 40 57 9 8 0 0.00 0.0 T 9.3 16 210 M M 2 23 200
24 71 51 61 13 4 0 0.00 0.0 0 11.1 21 200 M M 7 27 200
25 55 41 48 0 17 0 0.14 0.0 0 11.5 16 60 M M 8 1 17 40
26 45 39 42 -6 23 0 1.34 0.0 0 4.9 16 90 M M 7 123 20 60
27 52 45 49 0 16 0 0.22 0.0 0 4.5 10 90 M M 9 123 M M
28 73 50 62 13 3 0 1.83 0.0 0 10.5 16 360 M M 5 123 25 210
================================================================================
SM 1202 778 822 0 5.33 18.9 236.2 M 178
================================================================================
AV 42.9 27.8 8.4 FASTST M M 6 MAX(MPH)
MISC ----> 23 300 31 310
================================================================================
NOTES:
# LAST OF SEVERAL OCCURRENCES
COLUMN 17 PEAK WIND IN M.P.H.
PRELIMINARY LOCAL CLIMATOLOGICAL DATA (WS FORM: F-6) , PAGE 2
STATION: NORTH LITTLE ROCK
MONTH: FEBRUARY
YEAR: 2021
LATITUDE: 34 50 N
LONGITUDE: 92 16 W
[TEMPERATURE DATA] [PRECIPITATION DATA] SYMBOLS USED IN COLUMN 16
AVERAGE MONTHLY: 35.4 TOTAL FOR MONTH: 5.33 1 = FOG OR MIST
DPTR FM NORMAL: -9.9 DPTR FM NORMAL: 1.67 2 = FOG REDUCING VISIBILITY
HIGHEST: 73 ON 28,23 GRTST 24HR 1.83 ON 28-28 TO 1/4 MILE OR LESS
LOWEST: -1 ON 16 3 = THUNDER
SNOW, ICE PELLETS, HAIL 4 = ICE PELLETS
TOTAL MONTH: 18.9 INCHES 5 = HAIL
GRTST 24HR 10.9 ON 14-15 6 = FREEZING RAIN OR DRIZZLE
GRTST DEPTH: 14 ON 18 7 = DUSTSTORM OR SANDSTORM:
VSBY 1/2 MILE OR LESS
8 = SMOKE OR HAZE
[NO. OF DAYS WITH] [WEATHER - DAYS WITH] 9 = BLOWING SNOW
X = TORNADO
MAX 32 OR BELOW: 9 0.01 INCH OR MORE: 14
MAX 90 OR ABOVE: 0 0.10 INCH OR MORE: 10
MIN 32 OR BELOW: 18 0.50 INCH OR MORE: 2
MIN 0 OR BELOW: 1 1.00 INCH OR MORE: 2
[HDD (BASE 65) ]
TOTAL THIS MO. 822 CLEAR (SCALE 0-3) 7
DPTR FM NORMAL 269 PTCLDY (SCALE 4-7) 10
TOTAL FM JUL 1 2664 CLOUDY (SCALE 8-10) 11
DPTR FM NORMAL 178
[CDD (BASE 65) ]
TOTAL THIS MO. 0
DPTR FM NORMAL -1 [PRESSURE DATA]
TOTAL FM JAN 1 0 HIGHEST SLP 30.57 ON 19
DPTR FM NORMAL -1 LOWEST SLP 29.65 ON 04
[REMARKS]
#FINAL-02-21#