216
CXUS56 KHNX 011146
CF6MAE
PRELIMINARY LOCAL CLIMATOLOGICAL DATA (WS FORM: F-6)
STATION: MADERA CA AIRPORT
MONTH: AUGUST
YEAR: 2020
LATITUDE: 36 58 N
LONGITUDE: 120 7 W
TEMPERATURE IN F: :PCPN: SNOW: WIND :SUNSHINE: SKY :PK WND
================================================================================
1 2 3 4 5 6A 6B 7 8 9 10 11 12 13 14 15 16 17 18
12Z AVG MX 2MIN
DY MAX MIN AVG DEP HDD CDD WTR SNW DPTH SPD SPD DIR MIN PSBL S-S WX SPD DR
================================================================================
1 99 59 79 1 0 14 0.00 0.0 0 6.9 13 300 M M 1 17 320
2 100 58 79 1 0 14 0.00 0.0 0 5.8 13 300 M M 1 16 300
3 100 59 80 2 0 15 0.00 0.0 0 7.8 15 290 M M 1 19 300
4 98 59 79 1 0 14 0.00 0.0 0 6.9 13 280 M M 1 16 270
5 91 59 75 -3 0 10 0.00 0.0 0 9.2 17 300 M M 0 22 300
6 87 56 72 -6 0 7 0.00 0.0 0 6.7 12 350 M M 0 15 250
7 94 60 77 -1 0 12 0.00 0.0 0 5.4 10 300 M M 1 8 14 270
8 99 62 81 3 0 16 0.00 0.0 0 4.8 10 300 M M 2 15 310
9 102 64 83 5 0 18 0.00 0.0 0 6.3 12 330 M M 2 17 310
10 102 66 84 6 0 19 0.00 0.0 0 7.0 14 290 M M 2 18 290
11 100 64 82 4 0 17 0.00 0.0 0 6.3 13 290 M M 2 16 270
12 103 60 82 5 0 17 0.00 0.0 0 5.1 10 290 M M 2 14 330
13 94 64 79 2 0 14 0.00 0.0 0 2.8 12 230 M M 0 8 14 230
14 105 72 89 12 0 24 0.00 0.0 0 4.1 10 300 M M 3 8 13 300
15 104 70 87 10 0 22 0.00 0.0 0 4.3 14 200 M M 1 8 18 220
16 111 76 94 17 0 29 0.00 0.0 0 8.2 20 300 M M 4 8 26 290
17 109 70 90 13 0 25 0.00 0.0 0 6.9 16 300 M M 0 22 320
18 106 73 90 13 0 25 0.00 0.0 0 6.3 13 300 M M 0 8 16 300
19 96 71 84 7 0 19 0.00 0.0 0 6.7 15 300 M M 2 8 19 300
20 98 66 82 5 0 17 0.00 0.0 0 5.8 14 350 M M 6 8 16 330
21 93 61 77 0 0 12 0.00 0.0 0 5.6 14 310 M M 9 8 17 290
22 94 64 79 3 0 14 0.00 0.0 0 4.3 9 300 M M 7 18 11 280
23 96 65 81 5 0 16 T 0.0 0 3.8 10 330 M M 10 18 13 280
24 99 68 84 8 0 19 0.00 0.0 0 5.7 12 300 M M 10 8 15 310
25 97 68 83 7 0 18 0.00 0.0 0 6.9 13 320 M M 0 8 16 320
26 98 65 82 6 0 17 0.00 0.0 0 6.1 13 290 M M 0 18 16 290
27 96 60 78 2 0 13 0.00 0.0 0 7.2 13 340 M M 0 14 330
28 101 60 81 5 0 16 0.00 0.0 0 4.7 9 270 M M 0 8 12 280
29 100 61 81 5 0 16 0.00 0.0 0 5.0 10 300 M M 0 8 13 290
30 97 61 79 3 0 14 0.00 0.0 0 6.2 17 340 M M 0 8 20 340
31 95 60 78 2 0 13 0.00 0.0 0 4.7 10 290 M M 0 8 13 290
================================================================================
SM 3064 1981 0 516 T 0.0 183.5 M 67
================================================================================
AV 98.8 63.9 5.9 FASTST M M 2 MAX(MPH)
MISC ----> # 20 300 # 26 290
================================================================================
NOTES:
# LAST OF SEVERAL OCCURRENCES
COLUMN 17 PEAK WIND IN M.P.H.
PRELIMINARY LOCAL CLIMATOLOGICAL DATA (WS FORM: F-6) , PAGE 2
STATION: MADERA CA AIRPORT
MONTH: AUGUST
YEAR: 2020
LATITUDE: 36 58 N
LONGITUDE: 120 7 W
[TEMPERATURE DATA] [PRECIPITATION DATA] SYMBOLS USED IN COLUMN 16
AVERAGE MONTHLY: 81.4 TOTAL FOR MONTH: T 1 = FOG OR MIST
DPTR FM NORMAL: 4.3 DPTR FM NORMAL: -0.02 2 = FOG REDUCING VISIBILITY
HIGHEST: 111 ON 16 GRTST 24HR T ON 23-23 TO 1/4 MILE OR LESS
LOWEST: 56 ON 6 3 = THUNDER
SNOW, ICE PELLETS, HAIL 4 = ICE PELLETS
TOTAL MONTH: 0.0 INCH 5 = HAIL
GRTST 24HR 0.0 6 = FREEZING RAIN OR DRIZZLE
GRTST DEPTH: 0 7 = DUSTSTORM OR SANDSTORM:
VSBY 1/2 MILE OR LESS
8 = SMOKE OR HAZE
[NO. OF DAYS WITH] [WEATHER - DAYS WITH] 9 = BLOWING SNOW
X = TORNADO
MAX 32 OR BELOW: 0 0.01 INCH OR MORE: 0
MAX 90 OR ABOVE: 30 0.10 INCH OR MORE: 0
MIN 32 OR BELOW: 0 0.50 INCH OR MORE: 0
MIN 0 OR BELOW: 0 1.00 INCH OR MORE: 0
[HDD (BASE 65) ]
TOTAL THIS MO. 0 CLEAR (SCALE 0-3) 25
DPTR FM NORMAL 0 PTCLDY (SCALE 4-7) 3
TOTAL FM JUL 1 0 CLOUDY (SCALE 8-10) 3
DPTR FM NORMAL 0
[CDD (BASE 65) ]
TOTAL THIS MO. 516
DPTR FM NORMAL 142 [PRESSURE DATA]
TOTAL FM JAN 1 1479 HIGHEST SLP M ON M
DPTR FM NORMAL 255 LOWEST SLP 29.66 ON 27
[REMARKS]
#FINAL-08-20#