000
CXUS56 KHNX 031708
CLMMCE
CLIMATE REPORT
NATIONAL WEATHER SERVICE
1008 AM PDT MON APR 03 2023
...................................
...THE MERCED CA AIRPORT CLIMATE SUMMARY FOR THE MONTH OF MARCH 2023...
CLIMATE NORMAL PERIOD 1991 TO 2020
CLIMATE RECORD PERIOD 1928 TO 2023
WEATHER OBSERVED NORMAL DEPART LAST YEAR`S
VALUE DATE(S) VALUE FROM VALUE DATE(S)
NORMAL
................................................................
TEMPERATURE (F)
RECORD
HIGH 88 03/27/2015
03/15/2015
LOW 27 03/10/2009
HIGHEST 70 03/13 MM 71 03/31
LOWEST 31 03/27 MM 31 03/06
03/11
MEAN 51.0 55.2 -4.2 57.5
DAYS MAX >= 90 0 0.0 0.0 0
DAYS MIN <= 32 3 1.1 1.9 MM
PRECIPITATION (INCHES)
RECORD
MAXIMUM 6.93 1958
MINIMUM 0.00 1997
TOTALS 4.36 1.82 2.54
DAYS >= .01 15 8.2 6.8 0
DAYS >= .10 10 4.5 5.5 0
DAYS >= .50 3 0.8 2.2 0
DAYS >= 1.00 1 0.1 0.9 0
SNOWFALL (INCHES)
RECORDS
TOTAL MM MM
TOTALS 0.0 MM
DEGREE DAYS
HEATING TOTAL 424 305 119 238
SINCE 7/1 2510 2320 190 MM
COOLING TOTAL 0 1 -1 14
SINCE 1/1 0 1 -1 MM
................................................................
WIND (MPH)
AVERAGE WIND SPEED 7.2
HIGHEST WIND SPEED/DIRECTION 37/140 DATE 03/14
HIGHEST GUST SPEED/DIRECTION 47/130 DATE 03/14
47/150 03/21
AVERAGE RH (PERCENT) 71
WEATHER CONDITIONS. NUMBER OF DAYS WITH
THUNDERSTORM 2 RAIN 7
HAIL 0 FOG 18
FOG W/VIS <= 1/4 MILE 1 HAZE 5
- INDICATES NEGATIVE NUMBERS.
R INDICATES RECORD WAS SET OR TIED.
MM INDICATES DATA IS MISSING.
T INDICATES TRACE AMOUNT.
$$