000
CXUS53 KEAX 010736
CF6MCI
PRELIMINARY LOCAL CLIMATOLOGICAL DATA (WS FORM: F-6)
STATION: KANSAS CITY INTERNATIONAL MO
MONTH: JULY
YEAR: 2023
LATITUDE: 39 19 N
LONGITUDE: 94 43 W
TEMPERATURE IN F: :PCPN: SNOW: WIND :SUNSHINE: SKY :PK WND
================================================================================
1 2 3 4 5 6A 6B 7 8 9 10 11 12 13 14 15 16 17 18
12Z AVG MX 2MIN
DY MAX MIN AVG DEP HDD CDD WTR SNW DPTH SPD SPD DIR MIN PSBL S-S WX SPD DR
================================================================================
1 85 65 75 -2 0 10 0.20 0.0 0 7.3 26 310 M M 9 13 43 310
2 86 64 75 -2 0 10 0.00 0.0 0 6.3 12 310 M M 4 1 16 310
3 90 64 77 0 0 12 0.00 0.0 0 4.9 10 70 M M 5 18 17 80
4 95 64 80 2 0 15 0.42 0.0 0 8.2 41 340 M M 3 13 63 310
5 81 66 74 -4 0 9 0.72 0.0 0 6.4 23 330 M M 8 13 35 340
6 78 62 70 -8 0 5 0.00 0.0 0 5.7 13 20 M M 6 15 30
7 79 65 72 -6 0 7 0.00 0.0 0 7.7 22 20 M M 8 27 360
8 76 62 69 -9 0 4 0.01 0.0 0 7.6 15 10 M M 8 1 20 10
9 82 60 71 -7 0 6 0.00 0.0 0 4.0 12 20 M M 5 8 16 10
10 86 59 73 -5 0 8 0.00 0.0 0 7.0 13 210 M M 1 17 200
11 92 68 80 2 0 15 0.00 0.0 0 8.0 17 220 M M 4 22 200
12 91 73 82 4 0 17 0.00 0.0 0 10.8 25 340 M M 6 34 330
13 90 71 81 3 0 16 0.00 0.0 0 5.1 14 330 M M 5 1 20 350
14 95 67 81 3 0 16 0.88 0.0 0 7.1 28 10 M M 5 138 37 10
15 87 63 75 -3 0 10 0.00 0.0 0 5.0 10 280 M M 7 128 14 280
16 84 66 75 -3 0 10 0.88 0.0 0 5.5 16 40 M M 8 13 22 350
17 88 69 79 1 0 14 T 0.0 0 7.2 17 30 M M 5 18 22 40
18 80 67 74 -4 0 9 0.11 0.0 0 10.3 22 60 M M 7 13 28 70
19 85 71 78 0 0 13 T 0.0 0 8.1 16 110 M M 8 1 21 130
20 88 69 79 0 0 14 T 0.0 0 6.5 15 350 M M 7 18 20 350
21 81 67 74 -5 0 9 0.00 0.0 0 6.2 15 360 M M 7 8 20 360
22 86 60 73 -6 0 8 0.00 0.0 0 6.2 14 250 M M 4 18 19 250
23 91 63 77 -2 0 12 0.00 0.0 0 6.2 13 230 M M 4 18 250
24 90 68 79 0 0 14 0.98 0.0 0 7.6 26 290 M M 4 138 51 260
25 92 74 83 4 0 18 0.00 0.0 M 10.7 20 200 M M 7 8 29 200
26 98 81 90 11 0 25 T 0.0 0 9.4 21 210 M M 4 38 29 210
27 91 74 83 4 0 18 0.00 0.0 0 9.1 15 200 M M 5 18 22 170
28 99 78 89 10 0 24 0.00 0.0 0 11.7 21 280 M M 4 32 290
29 88 71 80 1 0 15 0.10 0.0 0 7.9 31 220 M M 6 13 46 230
30 90 68 79 0 0 14 0.67 0.0 0 8.2 44 20 M M 5 13 65 40
31 82 68 75 -4 0 10 0.44 0.0 0 10.1 20 70 M M 8 13 30 100
================================================================================
SM 2706 2087 0 387 5.41 0.0 232.0 M 177
================================================================================
AV 87.3 67.3 7.5 FASTST M M 6 MAX(MPH)
MISC ----> 44 20 65 40
================================================================================
NOTES:
# LAST OF SEVERAL OCCURRENCES
COLUMN 17 PEAK WIND IN M.P.H.
PRELIMINARY LOCAL CLIMATOLOGICAL DATA (WS FORM: F-6) , PAGE 2
STATION: KANSAS CITY INTERNATIONAL MO
MONTH: JULY
YEAR: 2023
LATITUDE: 39 19 N
LONGITUDE: 94 43 W
[TEMPERATURE DATA] [PRECIPITATION DATA] SYMBOLS USED IN COLUMN 16
AVERAGE MONTHLY: 77.3 TOTAL FOR MONTH: 5.41 1 = FOG OR MIST
DPTR FM NORMAL: -0.9 DPTR FM NORMAL: 0.83 2 = FOG REDUCING VISIBILITY
HIGHEST: 99 ON 28 GRTST 24HR 1.14 ON 4- 5 TO 1/4 MILE OR LESS
LOWEST: 59 ON 10 3 = THUNDER
SNOW, ICE PELLETS, HAIL 4 = ICE PELLETS
TOTAL MONTH: 0.0 INCH 5 = HAIL
GRTST 24HR 0.0 6 = FREEZING RAIN OR DRIZZLE
GRTST DEPTH: 0 7 = DUSTSTORM OR SANDSTORM:
VSBY 1/2 MILE OR LESS
8 = SMOKE OR HAZE
[NO. OF DAYS WITH] [WEATHER - DAYS WITH] 9 = BLOWING SNOW
X = TORNADO
MAX 32 OR BELOW: 0 0.01 INCH OR MORE: 11
MAX 90 OR ABOVE: 13 0.10 INCH OR MORE: 10
MIN 32 OR BELOW: 0 0.50 INCH OR MORE: 5
MIN 0 OR BELOW: 0 1.00 INCH OR MORE: 0
[HDD (BASE 65) ]
TOTAL THIS MO. 0 CLEAR (SCALE 0-3) 2
DPTR FM NORMAL 0 PTCLDY (SCALE 4-7) 27
TOTAL FM JUL 1 0 CLOUDY (SCALE 8-10) 2
DPTR FM NORMAL 0
[CDD (BASE 65) ]
TOTAL THIS MO. 387
DPTR FM NORMAL -22 [PRESSURE DATA]
TOTAL FM JAN 1 832 HIGHEST SLP M ON M
DPTR FM NORMAL 23 LOWEST SLP 29.69 ON 14
[REMARKS]
#FINAL-07-23#