217
CXUS53 KEAX 010753
CLAMCI
CLIMATE REPORT
NATIONAL WEATHER SERVICE
146 AM CST WED JAN 01 2020
...................................
...THE KANSAS CITY INTERNATIONAL MO CLIMATE SUMMARY FOR THE YEAR OF
2019...
CLIMATE NORMAL PERIOD: 1981 TO 2010
CLIMATE RECORD PERIOD: 1888 TO 2019
WEATHER OBSERVED NORMAL DEPART LAST YEAR`S
VALUE DATE(S) VALUE FROM VALUE
NORMAL
..............................................................
TEMPERATURE (F)
RECORD
HIGH 113 08/14/1936
LOW -23 12/23/1989
12/22/1989
HIGHEST 97 07/20 99 -2
07/19
LOWEST -6 01/30 0 -6
AVG. MAXIMUM 63.5 64.7 -1.2
AVG. MINIMUM 44.4 44.6 -0.2
MEAN 54.0 54.6 -0.6
DAYS MAX >= 90 25 30.2 -5.2
DAYS MAX <= 32 32 27.0 5.0
DAYS MIN <= 32 121 108.2 12.8 127
DAYS MIN <= 0 3 5.2 -2.2
PRECIPITATION (INCHES)
RECORD
MAXIMUM 60.25 1961
MINIMUM 20.93 1953
TOTALS 53.21 38.86 14.35
DAILY AVG. 0.15 0.11 0.04
DAYS >= .01 116 104.8 11.2
DAYS >= .10 78 64.1 13.9
DAYS >= .50 37 25.6 11.4
DAYS >= 1.00 15 10.0 5.0
GREATEST
24 HR. TOTAL 2.84 06/22 TO 06/22
SNOWFALL (INCHES)
RECORDS
TOTAL 63.0 1960
24 HR TOTAL 20.0 03/23/1912 TO 03/23/1912
TOTALS 26.4 18.8 7.6
DAYS >= TRACE 32 14.6 17.4
DAYS >= 1.0 9 5.9 3.1
GREATEST
SNOW DEPTH 5 02/15
24 HR TOTAL 3.8 02/15 TO 02/15
DEGREE DAYS
HEATING TOTAL 5326 5133 193
COOLING TOTAL 1449 1360 89
..............................................................
WIND (MPH)
AVERAGE WIND SPEED 10.0
HIGHEST WIND SPEED/DIRECTION 45/120 DATE 05/21
HIGHEST GUST SPEED/DIRECTION 63/310 DATE 01/28
SKY COVER
POSSIBLE SUNSHINE (PERCENT) MM
AVERAGE SKY COVER 0.56
NUMBER OF DAYS FAIR 76
NUMBER OF DAYS PC 159
NUMBER OF DAYS CLOUDY 99
AVERAGE RH (PERCENT) 72
WEATHER CONDITIONS. NUMBER OF DAYS WITH
THUNDERSTORM 69 MIXED PRECIP 0
HEAVY RAIN 42 RAIN 58
LIGHT RAIN 118 FREEZING RAIN 1
LT FREEZING RAIN 17 HAIL 3
HEAVY SNOW 2 SNOW 6
LIGHT SNOW 34 SLEET 6
FOG 161 FOG W/VIS <= 1/4 MILE 27
HAZE 71
- INDICATES NEGATIVE NUMBERS.
R INDICATES RECORD WAS SET OR TIED.
MM INDICATES DATA IS MISSING.
T INDICATES TRACE AMOUNT.
$$