000
CXUS53 KEAX 011559
CLMMCI
CLIMATE REPORT
NATIONAL WEATHER SERVICE KANSAS CITY/PLEASANT HILL MO
1050 AM CDT FRI SEP 01 2023
...................................
...THE KANSAS CITY INTERNATIONAL MO CLIMATE SUMMARY FOR THE MONTH OF AUGUST 2023...
CLIMATE NORMAL PERIOD: 1991 TO 2020
CLIMATE RECORD PERIOD: 1888 TO 2023
WEATHER OBSERVED NORMAL DEPART LAST YEAR`S
VALUE DATE(S) VALUE FROM VALUE DATE(S)
NORMAL
................................................................
TEMPERATURE (F)
RECORD
HIGH 113 08/14/1936
LOW 43 08/28/1986
HIGHEST 103 08/25 99 4 100 08/02
08/06
LOWEST 57 08/16 55 2 59 08/31
AVG. MAXIMUM 87.2 87.1 0.1 89.7
AVG. MINIMUM 68.3 66.3 2.0 68.2
MEAN 77.7 76.7 1.0 79.0
DAYS MAX >= 90 10 11.6 -1.6 15
DAYS MAX <= 32 0 0.0 0.0 0
DAYS MIN <= 32 0 0.0 0.0 0
DAYS MIN <= 0 0 0.0 0.0 0
PRECIPITATION (INCHES)
RECORD
MAXIMUM 10.19 2017
MINIMUM 0.13 1894
TOTALS 4.81 4.24 0.57 2.41
DAILY AVG. 0.16 0.14 0.02 0.08
DAYS >= .01 5 8.4 -3.4 6
DAYS >= .10 3 5.5 -2.5 3
DAYS >= .50 2 2.7 -0.7 2
DAYS >= 1.00 2 1.3 0.7 1
GREATEST
24 HR. TOTAL 2.91 08/13 TO 08/13
SNOWFALL (INCHES)
RECORDS
TOTAL T 2021
TOTALS 0.0 0.0 0.0 0.0
SINCE 7/1 0.0 0.0 0.0 MM
SNOWDEPTH AVG. 0 0
DAYS >= 1.0 0 0.0 0.0 0
GREATEST
SNOW DEPTH 0 0 MM
24 HR TOTAL MM
DEGREE DAYS
HEATING TOTAL 0 2 -2 0
SINCE 7/1 0 0 0 MM
COOLING TOTAL 403 364 39 438
SINCE 1/1 1235 1173 62 MM
................................................................
WIND (MPH)
AVERAGE WIND SPEED 7.6
HIGHEST WIND SPEED/DIRECTION 25/110 DATE 08/02
25/300 08/06
HIGHEST GUST SPEED/DIRECTION 38/310 DATE 08/06
SKY COVER
POSSIBLE SUNSHINE (PERCENT) MM
AVERAGE SKY COVER 0.46
NUMBER OF DAYS FAIR 10
NUMBER OF DAYS PC 15
NUMBER OF DAYS CLOUDY 6
AVERAGE RH (PERCENT) 77
WEATHER CONDITIONS. NUMBER OF DAYS WITH
THUNDERSTORM 6 MIXED PRECIP 0
HEAVY RAIN 3 RAIN 4
LIGHT RAIN 8 FREEZING RAIN 0
LT FREEZING RAIN 0 HAIL 0
HEAVY SNOW 0 SNOW 0
LIGHT SNOW 0 SLEET 0
FOG 19 FOG W/VIS <= 1/4 MILE 3
HAZE 12
- INDICATES NEGATIVE NUMBERS.
R INDICATES RECORD WAS SET OR TIED.
MM INDICATES DATA IS MISSING.
T INDICATES TRACE AMOUNT.
$$