000
CXUS52 KFFC 020909
CLMMCN


CLIMATE REPORT
NATIONAL WEATHER SERVICE PEACHTREE CITY GA
509 AM EDT MON SEP 2 2019

...................................

...THE MACON CLIMATE SUMMARY FOR THE SEASON, FROM
6/1/2019 TO 8/31/2019...

CLIMATE NORMAL PERIOD 1981 TO 2010
CLIMATE RECORD PERIOD 1899 TO 2019

WEATHER         OBSERVED          NORMAL  DEPART  LAST YEAR`S
                 VALUE   DATE(S)  VALUE   FROM    VALUE  DATE(S)
                                          NORMAL
................................................................
TEMPERATURE (F)
RECORD
 HIGH             108   07/01/2012
                        07/13/1980
                        07/13/1980
 LOW               46   06/02/1972
                        06/12/1913
HIGHEST           100   08/17        MM      MM       MM  MM
                        07/18
                        07/16
LOWEST             55   06/14        MM      MM       MM  MM
AVG. MAXIMUM     93.4              91.4     2.0       MM
AVG. MINIMUM     70.2              69.7     0.5       MM
MEAN             81.9              80.5     1.4       MM
DAYS MAX >= 90     79              60.4    18.6       MM
DAYS MAX <= 32      0               0.0     0.0       MM
DAYS MIN <= 32      0               0.0     0.0       MM
DAYS MIN <= 0       0               0.0     0.0       MM

PRECIPITATION (INCHES)
RECORD
 MAXIMUM           MM   MM
 MINIMUM           MM   MM
TOTALS          13.89             13.11    0.78
DAILY AVG.       0.15              0.14    0.01       MM
DAYS >= .01        32              32.1    -0.1       MM
DAYS >= .10        23              20.8     2.2       MM
DAYS >= .50         7               8.0    -1.0       MM
DAYS >= 1.00        5               3.7     1.3       MM
GREATEST
 24 HR. TOTAL    2.23   08/01 TO 08/01                MM

DEGREE_DAYS
HEATING TOTAL       0                 0       0       MM
 SINCE 7/1          0                 0       0       MM
COOLING TOTAL    1572              1431     141       MM
 SINCE 1/1       2060              1744     316       MM
.................................................................

WIND (MPH)
AVERAGE WIND SPEED              4.9
HIGHEST WIND SPEED/DIRECTION    45/360    DATE  08/01
HIGHEST GUST SPEED/DIRECTION    66/360    DATE  08/01

SKY COVER
POSSIBLE SUNSHINE (PERCENT)   MM
AVERAGE SKY COVER           0.30
NUMBER OF DAYS FAIR           64
NUMBER OF DAYS PC             24
NUMBER OF DAYS CLOUDY          4

AVERAGE RH (PERCENT)     69

WEATHER CONDITIONS. NUMBER OF DAYS WITH
  0
 12
  0
  0
  0
  0
  4
HAZE                     18

-  INDICATES NEGATIVE NUMBERS.
R  INDICATES RECORD WAS SET OR TIED.
MM INDICATES DATA IS MISSING.
T  INDICATES TRACE AMOUNT.

$$
