000
CXUS52 KMLB 080116 CCA
CLAMCO
CLIMATE REPORT...CORRECTED
NATIONAL WEATHER SERVICE MELBOURNE FL
816 PM EST SUN JAN 7 2024
...................................
...THE ORLANDO INTL CLIMATE SUMMARY FOR THE YEAR OF 2023...
CLIMATE NORMAL PERIOD 1991 TO 2020
CLIMATE RECORD PERIOD 1892 TO 2023
WEATHER OBSERVED NORMAL DEPART LAST YEAR`S
VALUE DATE(S) VALUE FROM VALUE
NORMAL
..............................................................
TEMPERATURE (F)
YEARLY RECORDS
WARMEST 75.6 2015
COOLEST 70.2 1901
DAILY RECORD
HIGH 103 09/08/1921
LOW 18 12/28/1894
2023 DATA
HIGHEST 100 08/12 99
LOWEST 36 01/15 30
AVG. MAXIMUM 85.4 83.2 2.2 85.1
AVG. MINIMUM 65.8 62.7 3.1 65.4
MEAN 75.6R 73.0 2.6 75.2
DAYS MAX >= 90 134 109.9 24.1 144
DAYS MAX <= 32 0 0.0 0.0 0
DAYS MIN <= 32 0 1.6 -1.6 MM
DAYS MIN <= 0 0 0.0 0.0 MM
PRECIPITATION (INCHES)
YEARLY RECORDS
MAXIMUM 74.79 1905
MINIMUM 30.38 2000
DAILY RECORD
MAXIMUM 8.43 09/16/1945
2023 DATA
TOTALS 52.41 51.45 0.96 61.92
DAYS >= .01 105 121.1 -16.1 109
DAYS >= .10 63 77.1 -14.1 72
DAYS >= .50 30 33.2 -3.2 34
DAYS >= 1.00 19 15.0 4.0 19
GREATEST
24 HR. TOTAL 4.36 11/16 TO 11/17
SNOWFALL (INCHES)
TOTALS 0.0 0.0 0.0 0.0
SINCE 7/1 0.0 0.0 0.0 MM
DAYS >= TRACE 0 0
DEGREE DAYS
HEATING TOTAL 245 525 -280 372
SINCE 7/1 105 177 -72 MM
COOLING TOTAL 4212 3452 760 4214
SINCE 1/1 4212 3451 761 MM
..............................................................
WIND (MPH)
AVERAGE WIND SPEED 7.8
HIGHEST WIND SPEED/DIRECTION 46/360 DATE 09/11
HIGHEST GUST SPEED/DIRECTION 65/220 DATE 06/17
SKY COVER
POSSIBLE SUNSHINE (PERCENT) MM
AVERAGE SKY COVER 0.51
NUMBER OF DAYS FAIR 97
NUMBER OF DAYS PC 206
NUMBER OF DAYS CLOUDY 62
AVERAGE RH (PERCENT) 71
WEATHER CONDITIONS. NUMBER OF DAYS WITH
THUNDERSTORM 102 MIXED PRECIP 0
HEAVY RAIN 48 RAIN 53
LIGHT RAIN 153 LT FREEZING RAIN 0
HAIL 0 LIGHT SNOW 0
SLEET 0 FOG 142
FOG W/VIS <= 1/4 MILE 13 HAZE 25
- INDICATES NEGATIVE NUMBERS.
R INDICATES RECORD WAS SET OR TIED.
MM INDICATES DATA IS MISSING.
T INDICATES TRACE AMOUNT.
$$