302
CDUS41 KCTP 162116
CLIMDT


CLIMATE REPORT
NATIONAL WEATHER SERVICE STATE COLLEGE PA
516 PM EDT WED OCT 16 2019

...................................

...THE HARRISBURG PA CLIMATE SUMMARY FOR OCTOBER 16 2019...
VALID TODAY AS OF 0500 PM LOCAL TIME.

CLIMATE NORMAL PERIOD 1981 TO 2010
CLIMATE RECORD PERIOD 1888 TO 2019


WEATHER ITEM   OBSERVED TIME   RECORD YEAR NORMAL DEPARTURE LAST
                VALUE   (LST)  VALUE       VALUE  FROM      YEAR
                                                  NORMAL
...................................................................
TEMPERATURE (F)
 TODAY
  MAXIMUM         62   1021 AM  86    1897  64     -2       58
  MINIMUM         51   1235 AM  30    1939  44      7       44
                                      1944
  AVERAGE         57                        54      3       51

PRECIPITATION (IN)
  TODAY            1.23          1.47 1942   0.10   1.13     0.00
  MONTH TO DATE    2.74                      1.84   0.90     0.94
  SINCE SEP 1      4.22                      5.91  -1.69     7.85
  SINCE JAN 1     36.66                     32.85   3.81    51.32

SNOWFALL (IN)
  TODAY            0.0           T    1977   0.0    0.0      0.0
  MONTH TO DATE    0.0                       0.0    0.0      0.0
  SINCE SEP 1      0.0                       0.0    0.0      0.0
  SINCE JUL 1      0.0                       0.0    0.0      0.0
  SNOW DEPTH       0

DEGREE DAYS
 HEATING
  TODAY            8                        11     -3       14
  MONTH TO DATE   83                       140    -57       54
  SINCE SEP 1     86                       210   -124       79
  SINCE JUL 1     86                       212   -126       79

 COOLING
  TODAY            0                         0      0        0
  MONTH TO DATE   29                        10     19       66
  SINCE SEP 1    225                       107    118      272
  SINCE JAN 1   1445                      1003    442     1382
...................................................................


WIND (MPH)
  HIGHEST WIND SPEED    14   HIGHEST WIND DIRECTION    NW (300)
  HIGHEST GUST SPEED    21   HIGHEST GUST DIRECTION    SE (130)
  AVERAGE WIND SPEED     7.5


SKY COVER
  POSSIBLE SUNSHINE  MM
  AVERAGE SKY COVER 0.9


WEATHER CONDITIONS
THE FOLLOWING WEATHER WAS RECORDED TODAY.
  HEAVY RAIN
  RAIN
  LIGHT RAIN
  FOG
  HAZE


RELATIVE HUMIDITY (PERCENT)
 HIGHEST    93           100 PM
 LOWEST     77          1200 AM
 AVERAGE    85

..........................................................


THE HARRISBURG PA CLIMATE NORMALS FOR TOMORROW
                         NORMAL    RECORD    YEAR
 MAXIMUM TEMPERATURE (F)   64        86      1908
 MINIMUM TEMPERATURE (F)   44        31      1937


SUNRISE AND SUNSET
OCTOBER 16 2019.......SUNRISE   719 AM EDT   SUNSET   626 PM EDT
OCTOBER 17 2019.......SUNRISE   720 AM EDT   SUNSET   625 PM EDT


-  INDICATES NEGATIVE NUMBERS.
R  INDICATES RECORD WAS SET OR TIED.
MM INDICATES DATA IS MISSING.
T  INDICATES TRACE AMOUNT.




$$
