000
CXUS53 KARX 010900
CF6MDZ
PRELIMINARY LOCAL CLIMATOLOGICAL DATA (WS FORM: F-6)
STATION: MEDFORD WI
MONTH: OCTOBER
YEAR: 2022
LATITUDE: 45 5 N
LONGITUDE: 90 18 W
TEMPERATURE IN F: :PCPN: SNOW: WIND :SUNSHINE: SKY :PK WND
================================================================================
1 2 3 4 5 6A 6B 7 8 9 10 11 12 13 14 15 16 17 18
12Z AVG MX 2MIN
DY MAX MIN AVG DEP HDD CDD WTR SNW DPTH SPD SPD DIR MIN PSBL S-S WX SPD DR
================================================================================
1 68 36 52 M 13 0 0.00 0.0 0 1.2 6 110 M M 3 M M
2 66 47 57 M 8 0 0.00 0.0 0 4.0 7 130 M M 5 M M
3 67 47 57 M 8 0 0.00 0.0 0 4.8 8 170 M M 3 M M
4 72 46 59 M 6 0 0.00 0.0 0 4.6 10 170 M M 2 M M
5 69 43 56 M 9 0 0.00 0.0 0 4.3 10 220 M M 2 16 220
6 55 34 45 M 20 0 0.21 0.0 0 10.6 20 330 M M 7 28 330
7 46 30 38 M 27 0 0.00 0.0 0 6.0 13 320 M M 7 17 320
8 57 30 44 M 21 0 0.00 0.0 0 8.5 21 270 M M 0 27 270
9 61 29 45 M 20 0 0.00 0.0 0 2.3 8 330 M M 1 M M
10 62 36 49 M 16 0 0.00 0.0 0 6.6 10 170 M M 3 M M
11 74 43 59 M 6 0 0.04 0.0 0 12.0 24 180 M M 5 30 180
12 61 39 50 M 15 0 0.06 0.0 0 9.4 17 180 M M 9 30 260
13 40 34 37 M 28 0 0.01 0.0 0 8.1 13 280 M M 10 18 260
14 35 30 33 M 32 0 0.02 M 0 4.8 8 190 M M 10 M M
15 47 30 39 M 26 0 0.00 0.0 0 7.7 13 270 M M 10 25 270
16 42 31 37 M 28 0 0.00 0.0 0 10.4 18 320 M M 10 27 320
17 33 29 31 M 34 0 0.00 0.0 0 15.7 23 340 M M 10 32 340
18 42 27 35 M 30 0 0.00 0.0 0 13.2 18 330 M M 4 31 350
19 42 22 32 M 33 0 0.00 0.0 0 7.0 13 330 M M 5 17 330
20 56 34 45 M 20 0 0.00 0.0 0 4.7 8 280 M M 3 M M
21 64 34 49 M 16 0 0.00 0.0 0 5.9 9 270 M M 0 18 210
22 70 33 52 M 13 0 0.00 0.0 0 6.8 13 160 M M 0 17 150
23 73 54 64 M 1 0 0.05 0.0 0 10.5 16 140 M M 4 3 28 140
24 64 47 56 M 9 0 0.42 0.0 0 10.8 20 170 M M 9 25 160
25 47 35 41 M 24 0 0.00 0.0 0 8.1 14 280 M M 8 22 280
26 44 25 35 M 30 0 0.00 0.0 0 7.3 14 310 M M 5 20 320
27 54 25 40 M 25 0 0.00 0.0 0 4.8 10 190 M M 4 M M
28 55 34 45 M 20 0 0.00 0.0 0 7.0 12 210 M M 2 16 190
29 61 32 47 M 18 0 0.00 0.0 0 5.9 9 190 M M 0 M M
30 58 30 44 M 21 0 0.00 0.0 0 2.6 6 160 M M 0 M M
31 62 29 46 M 19 0 0.00 0.0 0 2.8 8 260 M M 2 M M
================================================================================
SM 1747 1075 596 0 0.81 0.0 218.4 M 143
================================================================================
AV 56.4 34.7 7.0 FASTST M M 5 MAX(MPH)
MISC ----> 24 180 32 340
================================================================================
NOTES:
# LAST OF SEVERAL OCCURRENCES
COLUMN 17 PEAK WIND IN M.P.H.
PRELIMINARY LOCAL CLIMATOLOGICAL DATA (WS FORM: F-6) , PAGE 2
STATION: MEDFORD WI
MONTH: OCTOBER
YEAR: 2022
LATITUDE: 45 5 N
LONGITUDE: 90 18 W
[TEMPERATURE DATA] [PRECIPITATION DATA] SYMBOLS USED IN COLUMN 16
AVERAGE MONTHLY: 45.5 TOTAL FOR MONTH: 0.81 1 = FOG OR MIST
DPTR FM NORMAL: 0.0 DPTR FM NORMAL: M 2 = FOG REDUCING VISIBILITY
HIGHEST: 74 ON 11 GRTST 24HR 0.42 ON 24-24 TO 1/4 MILE OR LESS
LOWEST: 22 ON 19 3 = THUNDER
SNOW, ICE PELLETS, HAIL 4 = ICE PELLETS
TOTAL MONTH: 0.0 INCH 5 = HAIL
GRTST 24HR 0.0 6 = FREEZING RAIN OR DRIZZLE
GRTST DEPTH: 0 7 = DUSTSTORM OR SANDSTORM:
VSBY 1/2 MILE OR LESS
8 = SMOKE OR HAZE
[NO. OF DAYS WITH] [WEATHER - DAYS WITH] 9 = BLOWING SNOW
X = TORNADO
MAX 32 OR BELOW: 0 0.01 INCH OR MORE: 7
MAX 90 OR ABOVE: 0 0.10 INCH OR MORE: 2
MIN 32 OR BELOW: 14 0.50 INCH OR MORE: 0
MIN 0 OR BELOW: 0 1.00 INCH OR MORE: 0
[HDD (BASE 65) ]
TOTAL THIS MO. 596 CLEAR (SCALE 0-3) 13
DPTR FM NORMAL M PTCLDY (SCALE 4-7) 11
TOTAL FM JUL 1 911 CLOUDY (SCALE 8-10) 7
DPTR FM NORMAL M
[CDD (BASE 65) ]
TOTAL THIS MO. 0
DPTR FM NORMAL M [PRESSURE DATA]
TOTAL FM JAN 1 247 HIGHEST SLP M ON M
DPTR FM NORMAL M LOWEST SLP M ON M
[REMARKS]
#FINAL-10-22#