000
CXUS54 KMEG 010900
CF6MEG
PRELIMINARY LOCAL CLIMATOLOGICAL DATA (WS FORM: F-6)
STATION: MEMPHIS/GERMANTOWN WFO
MONTH: APRIL
YEAR: 2023
LATITUDE: 35 7 N
LONGITUDE: 89 48 W
TEMPERATURE IN F: :PCPN: SNOW: WIND :SUNSHINE: SKY :PK WND
================================================================================
1 2 3 4 5 6A 6B 7 8 9 10 11 12 13 14 15 16 17 18
12Z AVG MX 2MIN
DY MAX MIN AVG DEP HDD CDD WTR SNW DPTH SPD SPD DIR MIN PSBL S-S WX SPD DR
================================================================================
1 71 46 59 3 6 0 0.00 0.0 0 M M M M M M M M
2 78 41 60 3 5 0 0.00 0.0 0 M M M M M M M M
3 76 56 66 9 0 1 0.17 0.0 0 M M M M M M 1 M M
4 88 68 78 21 0 13 0.00 0.0 0 M M M M M M M M
5 80 52 66 8 0 1 1.35 0.0 0 M M M M M M 13 M M
6 53 47 50 -8 15 0 1.10 0.0 0 M M M M M M 1 M M
7 61 48 55 -3 10 0 0.00 0.0 0 M M M M M M M M
8 61 52 57 -2 8 0 0.00 0.0 0 M M M M M M M M
9 66 50 58 -1 7 0 0.00 0.0 0 M M M M M M M M
10 75 49 62 3 3 0 0.00 0.0 0 M M M M M M M M
11 78 45 62 2 3 0 0.00 0.0 0 M M M M M M M M
12 81 44 63 3 2 0 0.00 0.0 0 M M M M M M M M
13 75 54 65 5 0 0 0.10 0.0 0 M M M M M M M M
14 73 55 64 4 1 0 0.00 0.0 0 M M M M M M M M
15 82 56 69 8 0 4 0.63 0.0 0 M M M M M M 13 M M
16 65 47 56 -5 9 0 T 0.0 0 M M M M M M M M
17 72 44 58 -3 7 0 0.00 0.0 0 M M M M M M M M
18 81 47 64 2 1 0 0.00 0.0 0 M M M M M M M M
19 85 55 70 8 0 5 0.00 0.0 0 M M M M M M M M
20 84 62 73 11 0 8 0.07 0.0 0 M M M M M M 3 M M
21 63 45 54 -8 11 0 2.07 0.0 0 M M M M M M 123 M M
22 69 42 56 -7 9 0 0.00 0.0 0 M M M M M M M M
23 60 41 51 -12 14 0 T 0.0 0 M M M M M M M M
24 63 37 50 -13 15 0 0.00 0.0 0 M M M M M M M M
25 71 44 58 -6 7 0 0.04 0.0 0 M M M M M M M M
26 69 49 59 -5 6 0 0.02 0.0 0 M M M M M M M M
27 71 55 63 -1 2 0 0.21 0.0 0 M M M M M M 13 M M
28 67 55 61 -4 4 0 T 0.0 0 M M M M M M 1 M M
29 61 53 57 -8 8 0 0.09 0.0 0 M M M M M M M M
30 69 46 58 -7 7 0 0.00 0.0 0 M M M M M M M M
================================================================================
SM 2148 1485 160 32 5.85 0.0 M M M
================================================================================
AV 71.6 49.5 M FASTST M M M MAX(MPH)
MISC ----> M M M M
================================================================================
NOTES:
# LAST OF SEVERAL OCCURRENCES
COLUMN 17 PEAK WIND IN M.P.H.
PRELIMINARY LOCAL CLIMATOLOGICAL DATA (WS FORM: F-6) , PAGE 2
STATION: MEMPHIS/GERMANTOWN WFO
MONTH: APRIL
YEAR: 2023
LATITUDE: 35 7 N
LONGITUDE: 89 48 W
[TEMPERATURE DATA] [PRECIPITATION DATA] SYMBOLS USED IN COLUMN 16
AVERAGE MONTHLY: 60.6 TOTAL FOR MONTH: 5.85 1 = FOG OR MIST
DPTR FM NORMAL: -0.2 DPTR FM NORMAL: 0.00 2 = FOG REDUCING VISIBILITY
HIGHEST: 88 ON 4 GRTST 24HR 2.07 ON 21-21 TO 1/4 MILE OR LESS
LOWEST: 37 ON 24 3 = THUNDER
SNOW, ICE PELLETS, HAIL 4 = ICE PELLETS
TOTAL MONTH: 0.0 INCH 5 = HAIL
GRTST 24HR 0.0 6 = FREEZING RAIN OR DRIZZLE
GRTST DEPTH: 0 7 = DUSTSTORM OR SANDSTORM:
VSBY 1/2 MILE OR LESS
8 = SMOKE OR HAZE
[NO. OF DAYS WITH] [WEATHER - DAYS WITH] 9 = BLOWING SNOW
X = TORNADO
MAX 32 OR BELOW: 0 0.01 INCH OR MORE: 11
MAX 90 OR ABOVE: 0 0.10 INCH OR MORE: 7
MIN 32 OR BELOW: 0 0.50 INCH OR MORE: 4
MIN 0 OR BELOW: 0 1.00 INCH OR MORE: 3
[HDD (BASE 65) ]
TOTAL THIS MO. 160 CLEAR (SCALE 0-3) 0
DPTR FM NORMAL -21 PTCLDY (SCALE 4-7) 0
TOTAL FM JUL 1 2664 CLOUDY (SCALE 8-10) 30
DPTR FM NORMAL -647
[CDD (BASE 65) ]
TOTAL THIS MO. 32
DPTR FM NORMAL -24 [PRESSURE DATA]
TOTAL FM JAN 1 60 HIGHEST SLP M ON M
DPTR FM NORMAL -9 LOWEST SLP M ON M
[REMARKS]
#FINAL-04-23#