000
CXUS54 KMEG 011516
CLMMEG
CLIMATE REPORT
NATIONAL WEATHER SERVICE MEMPHIS TN
1016 AM CDT WED NOV 01 2023
...................................
...THE MEMPHIS/GERMANTOWN WFO CLIMATE SUMMARY FOR THE MONTH OF OCTOBER 2023...
CLIMATE NORMAL PERIOD 1991 TO 2020
CLIMATE RECORD PERIOD 1988 TO 2023
WEATHER OBSERVED NORMAL DEPART LAST YEAR`S
VALUE DATE(S) VALUE FROM VALUE DATE(S)
NORMAL
................................................................
TEMPERATURE (F)
RECORD
HIGH 98 10/03/2019
LOW 29 10/29/2017
10/28/2001
10/22/1987
HIGHEST 92 10/02 88 4 85 10/06
10/12
LOWEST 30 10/31 35 -5 30 10/19
AVG. MAXIMUM 76.4 74.6 1.8 74.3
AVG. MINIMUM 53.7 49.7 4.0 48.5
MEAN 65.1 62.2 2.9 61.4
DAYS MAX >= 90 2 1.1 0.9 0
DAYS MAX <= 32 0 0.0 0.0 0
DAYS MIN <= 32 1 0.6 0.4 1
DAYS MIN <= 0 0 0.0 0.0 0
PRECIPITATION (INCHES)
RECORD
MAXIMUM 4.19 2021
MINIMUM 3.71 2022
TOTALS 1.66R 4.20 -2.54 3.71
DAILY AVG. 0.05 0.14 -0.09 0.12
DAYS >= .01 5 7.6 -2.6 5
DAYS >= .10 4 5.2 -1.2 4
DAYS >= .50 1 2.9 -1.9 3
DAYS >= 1.00 0 1.4 -1.4 2
GREATEST
24 HR. TOTAL 0.72 10/30 TO 10/30
SNOWFALL (INCHES)
RECORDS
TOTAL MM 5
TOTALS 0.0 0.0 0.0 0.0
SINCE 7/1 0.0 0.0 0.0 MM
SNOWDEPTH AVG. 0 0
DAYS >= 1.0 0 0.0 0.0 0
GREATEST
SNOW DEPTH 0 0 MM
24 HR TOTAL MM
DEGREE DAYS
HEATING TOTAL 106 162 -56 143
SINCE 7/1 106 177 -71 MM
COOLING TOTAL 116 74 42 36
SINCE 1/1 2186 1967 219 MM
................................................................
- INDICATES NEGATIVE NUMBERS.
R INDICATES RECORD WAS SET OR TIED.
MM INDICATES DATA IS MISSING.
T INDICATES TRACE AMOUNT.
$$