000
CXUS54 KJAN 011410
CF6MEI
PRELIMINARY LOCAL CLIMATOLOGICAL DATA (WS FORM: F-6)
STATION: MERIDIAN
MONTH: JUNE
YEAR: 2023
LATITUDE: 32 19 N
LONGITUDE: 88 45 W
TEMPERATURE IN F: :PCPN: SNOW: WIND :SUNSHINE: SKY :PK WND
================================================================================
1 2 3 4 5 6A 6B 7 8 9 10 11 12 13 14 15 16 17 18
12Z AVG MX 2MIN
DY MAX MIN AVG DEP HDD CDD WTR SNW DPTH SPD SPD DIR MIN PSBL S-S WX SPD DR
================================================================================
1 86 66 76 -1 0 11 0.00 0.0 0 4.2 14 40 M M 2 18 40
2 91 65 78 0 0 13 T 0.0 0 4.7 14 60 M M 1 18 50
3 92 66 79 1 0 14 0.00 0.0 0 4.1 14 30 M M 0 19 30
4 92 63 78 0 0 13 0.00 0.0 0 4.1 13 60 M M 0 17 80
5 90 67 79 1 0 14 0.10 0.0 0 3.8 21 180 M M 2 3 28 180
6 90 64 77 -1 0 12 0.00 0.0 0 3.7 10 190 M M 1 12 14 180
7 92 67 80 1 0 15 0.00 0.0 0 3.1 13 360 M M 1 17 360
8 93 64 79 0 0 14 0.00 0.0 0 4.3 15 350 M M 1 138 19 330
9 89 68 79 0 0 14 0.00 0.0 0 3.2 12 340 M M 1 17 360
10 92 67 80 1 0 15 0.81 0.0 0 4.7 35 250 M M 3 138 53 240
11 90 68 79 0 0 14 0.00 0.0 0 5.3 18 220 M M 1 26 200
12 86 71 79 -1 0 14 0.02 0.0 0 4.8 18 20 M M 5 3 23 30
13 80 69 75 -5 0 10 0.95 0.0 0 3.0 21 340 M M 6 1238 27 350
14 93 67 80 0 0 15 1.75 0.0 0 8.6 29 20 M M 4 13 37 320
15 90 68 79 -1 0 14 0.29 0.0 0 4.1 17 50 M M 6 13 24 10
16 92 68 80 0 0 15 1.04 0.0 0 7.3 35 30 M M 2 138 51 250
17 89 71 80 0 0 15 0.00 0.0 0 3.9 18 350 M M 5 123 22 10
18 83 71 77 -3 0 12 0.30 0.0 0 8.1 23 240 M M 4 1238 35 240
19 91 68 80 -1 0 15 3.21 0.0 0 7.8 29 320 M M 3 13 40 300
20 92 69 81 0 0 16 0.00 0.0 0 3.5 12 10 M M 1 16 M
21 88 70 79 -2 0 14 0.03 0.0 0 5.4 16 50 M M 3 13 21 60
22 87 72 80 -1 0 15 0.00 0.0 0 4.3 12 360 M M 6 13 10
23 89 67 78 -3 0 13 0.00 0.0 0 3.8 15 330 M M 0 20 10
24 92 66 79 -2 0 14 0.00 0.0 0 2.7 10 210 M M 0 15 230
25 95 72 84 3 0 19 0.01 0.0 0 6.1 20 270 M M 1 13 33 260
26 92 70 81 0 0 16 0.01 0.0 0 5.9 24 250 M M 0 3 40 230
27 95 76 86 4 0 21 0.00 0.0 0 4.4 13 310 M M 3 3 20 320
28 96 75 86 4 0 21 0.00 0.0 0 2.8 8 330 M M 1 1 13 320
29 97 74 86 4 0 21 0.00 0.0 0 2.3 9 70 M M 0 1 13 210
30 98 75 87 5 0 22 0.00 0.0 0 2.3 9 80 M M 1 18 12 80
================================================================================
SM 2722 2064 0 451 8.52 0.0 136.3 M 64
================================================================================
AV 90.7 68.8 4.5 FASTST M M 2 MAX(MPH)
MISC ----> # 35 30 53 240
================================================================================
NOTES:
# LAST OF SEVERAL OCCURRENCES
COLUMN 17 PEAK WIND IN M.P.H.
PRELIMINARY LOCAL CLIMATOLOGICAL DATA (WS FORM: F-6) , PAGE 2
STATION: MERIDIAN
MONTH: JUNE
YEAR: 2023
LATITUDE: 32 19 N
LONGITUDE: 88 45 W
[TEMPERATURE DATA] [PRECIPITATION DATA] SYMBOLS USED IN COLUMN 16
AVERAGE MONTHLY: 79.8 TOTAL FOR MONTH: 8.52 1 = FOG OR MIST
DPTR FM NORMAL: -0.2 DPTR FM NORMAL: 3.88 2 = FOG REDUCING VISIBILITY
HIGHEST: 98 ON 30 GRTST 24HR 3.51 ON 18-19 TO 1/4 MILE OR LESS
LOWEST: 63 ON 4 3 = THUNDER
SNOW, ICE PELLETS, HAIL 4 = ICE PELLETS
TOTAL MONTH: 0.0 INCH 5 = HAIL
GRTST 24HR 0.0 6 = FREEZING RAIN OR DRIZZLE
GRTST DEPTH: 0 7 = DUSTSTORM OR SANDSTORM:
VSBY 1/2 MILE OR LESS
8 = SMOKE OR HAZE
[NO. OF DAYS WITH] [WEATHER - DAYS WITH] 9 = BLOWING SNOW
X = TORNADO
MAX 32 OR BELOW: 0 0.01 INCH OR MORE: 12
MAX 90 OR ABOVE: 21 0.10 INCH OR MORE: 8
MIN 32 OR BELOW: 0 0.50 INCH OR MORE: 5
MIN 0 OR BELOW: 0 1.00 INCH OR MORE: 3
[HDD (BASE 65) ]
TOTAL THIS MO. 0 CLEAR (SCALE 0-3) 21
DPTR FM NORMAL 0 PTCLDY (SCALE 4-7) 9
TOTAL FM JUL 1 1731 CLOUDY (SCALE 8-10) 0
DPTR FM NORMAL -385
[CDD (BASE 65) ]
TOTAL THIS MO. 451
DPTR FM NORMAL 3 [PRESSURE DATA]
TOTAL FM JAN 1 940 HIGHEST SLP 30.07 ON 18
DPTR FM NORMAL 74 LOWEST SLP 29.60 ON 14
[REMARKS]
#FINAL-06-23#