000
CXUS54 KMEG 011113
CF6MEM
PRELIMINARY LOCAL CLIMATOLOGICAL DATA (WS FORM: F-6)
STATION: MEMPHIS
MONTH: JANUARY
YEAR: 2023
LATITUDE: 35 3 N
LONGITUDE: 89 59 W
TEMPERATURE IN F: :PCPN: SNOW: WIND :SUNSHINE: SKY :PK WND
================================================================================
1 2 3 4 5 6A 6B 7 8 9 10 11 12 13 14 15 16 17 18
12Z AVG MX 2MIN
DY MAX MIN AVG DEP HDD CDD WTR SNW DPTH SPD SPD DIR MIN PSBL S-S WX SPD DR
================================================================================
1 74 51 63 21 2 0 0.00 0.0 0 9.0 17 190 M M 5 1 25 180
2 71 63 67 25 0 2 0.67 0.0 0 10.5 23 170 M M 10 13 31 180
3 71 59 65 23 0 0 3.84 0.0 0 9.3 26 230 M M 8 13 38 230
4 60 42 51 9 14 0 0.00 0.0 0 6.7 18 240 M M 3 24 270
5 55 40 48 6 17 0 0.00 0.0 0 8.3 20 270 M M 0 28 280
6 57 33 45 3 20 0 0.00 0.0 0 3.9 12 170 M M 4 16 150
7 58 50 54 12 11 0 0.02 0.0 0 6.7 18 220 M M 10 1 26 220
8 55 37 46 4 19 0 0.00 0.0 0 6.3 15 340 M M 6 12 19 340
9 56 33 45 3 20 0 0.00 0.0 0 3.2 8 200 M M 2 1 11 200
10 61 39 50 8 15 0 0.00 0.0 0 8.1 20 190 M M 5 25 190
11 71 59 65 23 0 0 0.00 0.0 0 12.2 23 200 M M 8 34 190
12 68 40 54 12 11 0 0.30 0.0 0 16.8 30 300 M M 9 13 41 320
13 40 33 37 -5 28 0 0.00 0.0 0 11.8 20 310 M M 10 26 340
14 46 28 37 -5 28 0 0.00 0.0 0 3.6 15 10 M M 5 21 10
15 59 30 45 3 20 0 0.00 0.0 0 7.9 17 160 M M 3 22 210
16 63 49 56 14 9 0 0.18 0.0 0 12.9 20 190 M M 10 1 28 200
17 69 54 62 20 3 0 0.26 0.0 0 4.4 17 200 M M 7 1 27 260
18 73 52 63 21 2 0 0.89 0.0 0 9.3 22 240 M M 7 18 29 180
19 57 40 49 7 16 0 0.00 0.0 0 11.4 26 280 M M 1 37 290
20 50 35 43 1 22 0 0.00 0.0 0 6.1 16 340 M M 4 20 320
21 53 32 43 1 22 0 0.11 0.0 0 6.7 15 90 M M 4 1 19 100
22 51 39 45 3 20 0 0.31 0.0 0 5.5 13 90 M M 10 1 15 310
23 49 34 42 0 23 0 0.00 0.0 0 4.3 12 310 M M 3 15 360
24 49 32 41 -1 24 0 0.71 0.0 0 8.2 25 80 M M 6 1 34 80
25 47 36 42 0 23 0 0.07 T 0 10.9 24 230 M M 10 1 32 240
26 44 30 37 -5 28 0 0.00 0.0 0 8.8 20 290 M M 6 26 300
27 57 30 44 2 21 0 0.00 0.0 0 11.6 21 220 M M 1 29 240
28 59 37 48 5 17 0 0.04 0.0 0 11.1 24 180 M M 6 31 170
29 58 44 51 8 14 0 0.69 0.0 0 7.4 26 170 M M 10 1 36 180
30 44 31 38 -5 27 0 0.40 0.0 0 9.9 15 360 M M 10 16 20 10
31 32 25 29 -14 36 0 0.64 0.2 0 11.5 20 20 M M 10 146 24 30
================================================================================
SM 1757 1237 512 2 9.13 0.2 264.3 M 193
================================================================================
AV 56.7 39.9 8.5 FASTST M M 6 MAX(MPH)
MISC ----> 30 300 41 320
================================================================================
NOTES:
# LAST OF SEVERAL OCCURRENCES
COLUMN 17 PEAK WIND IN M.P.H.
PRELIMINARY LOCAL CLIMATOLOGICAL DATA (WS FORM: F-6) , PAGE 2
STATION: MEMPHIS
MONTH: JANUARY
YEAR: 2023
LATITUDE: 35 3 N
LONGITUDE: 89 59 W
[TEMPERATURE DATA] [PRECIPITATION DATA] SYMBOLS USED IN COLUMN 16
AVERAGE MONTHLY: 48.3 TOTAL FOR MONTH: 9.13 1 = FOG OR MIST
DPTR FM NORMAL: 6.2 DPTR FM NORMAL: 4.99 2 = FOG REDUCING VISIBILITY
HIGHEST: 74 ON 1 GRTST 24HR 3.84 ON 3- 3 TO 1/4 MILE OR LESS
LOWEST: 25 ON 31 3 = THUNDER
SNOW, ICE PELLETS, HAIL 4 = ICE PELLETS
TOTAL MONTH: 0.2 INCH 5 = HAIL
GRTST 24HR 0.2 ON 31-31 6 = FREEZING RAIN OR DRIZZLE
GRTST DEPTH: 0 7 = DUSTSTORM OR SANDSTORM:
VSBY 1/2 MILE OR LESS
8 = SMOKE OR HAZE
[NO. OF DAYS WITH] [WEATHER - DAYS WITH] 9 = BLOWING SNOW
X = TORNADO
MAX 32 OR BELOW: 1 0.01 INCH OR MORE: 15
MAX 90 OR ABOVE: 0 0.10 INCH OR MORE: 12
MIN 32 OR BELOW: 8 0.50 INCH OR MORE: 6
MIN 0 OR BELOW: 0 1.00 INCH OR MORE: 1
[HDD (BASE 65) ]
TOTAL THIS MO. 512 CLEAR (SCALE 0-3) 7
DPTR FM NORMAL -198 PTCLDY (SCALE 4-7) 13
TOTAL FM JUL 1 1634 CLOUDY (SCALE 8-10) 11
DPTR FM NORMAL -204
[CDD (BASE 65) ]
TOTAL THIS MO. 2
DPTR FM NORMAL 1 [PRESSURE DATA]
TOTAL FM JAN 1 2 HIGHEST SLP 30.40 ON 14
DPTR FM NORMAL 1 LOWEST SLP 29.53 ON 25
[REMARKS]
#FINAL-01-23#