000
CXUS54 KMEG 010640
CF6MEM
PRELIMINARY LOCAL CLIMATOLOGICAL DATA (WS FORM: F-6)
STATION: MEMPHIS
MONTH: APRIL
YEAR: 2020
LATITUDE: 35 3 N
LONGITUDE: 89 59 W
TEMPERATURE IN F: :PCPN: SNOW: WIND :SUNSHINE: SKY :PK WND
================================================================================
1 2 3 4 5 6A 6B 7 8 9 10 11 12 13 14 15 16 17 18
12Z AVG MX 2MIN
DY MAX MIN AVG DEP HDD CDD WTR SNW DPTH SPD SPD DIR MIN PSBL S-S WX SPD DR
================================================================================
1 69 45 57 -2 8 0 0.00 0.0 0 5.5 14 80 M M 3 16 80
2 74 50 62 3 3 0 0.00 0.0 0 6.5 14 140 M M 6 17 160
3 73 55 64 5 1 0 T 0.0 0 4.6 14 280 M M 8 19 310
4 69 52 61 1 4 0 0.00 0.0 0 5.3 13 10 M M 8 17 10
5 75 48 62 2 3 0 0.00 0.0 0 5.8 10 350 M M 2 16 320
6 80 56 68 8 0 3 0.00 0.0 0 5.7 15 260 M M 6 20 240
7 76 64 70 10 0 5 0.18 0.0 0 10.4 20 180 M M 9 1 29 210
8 82 68 75 14 0 10 0.00 0.0 0 9.2 18 210 M M 8 13 25 250
9 75 57 66 5 0 1 0.00 0.0 0 11.7 31 20 M M 5 42 20
10 60 43 52 -9 13 0 0.00 0.0 0 10.1 25 10 M M 0 32 360
11 70 45 58 -4 7 0 0.29 0.0 0 7.8 22 190 M M 4 1 31 190
12 65 56 61 -1 4 0 2.60 0.0 0 9.7 26 280 M M 10 13 42 240
13 58 42 50 -12 15 0 0.13 0.0 0 11.7 38 290 M M 6 1 50 290
14 53 38 46 -16 19 0 0.00 0.0 0 10.1 20 10 M M 4 26 20
15 62 34 48 -15 17 0 0.00 0.0 0 3.1 14 320 M M 0 19 280
16 70 42 56 -7 9 0 0.00 0.0 0 6.8 15 180 M M 0 22 200
17 73 48 61 -2 4 0 0.13 0.0 0 12.6 25 190 M M 6 1 34 210
18 64 42 53 -11 12 0 T 0.0 0 8.1 20 10 M M 5 1 24 10
19 59 53 56 -8 9 0 0.69 0.0 0 6.5 14 20 M M 10 1 18 340
20 73 48 61 -3 4 0 T 0.0 0 6.0 13 240 M M 3 1 18 230
21 77 55 66 1 0 1 0.00 0.0 0 7.2 16 350 M M 1 23 330
22 66 57 62 -3 3 0 0.28 0.0 0 9.2 20 120 M M 10 138 25 120
23 66 56 61 -4 4 0 0.22 0.0 0 9.4 24 160 M M 9 13 32 150
24 74 48 61 -5 4 0 T 0.0 0 3.3 15 90 M M 5 17 90
25 67 52 60 -6 5 0 0.05 0.0 0 12.5 30 290 M M 5 13 39 250
26 69 50 60 -6 5 0 0.00 0.0 0 7.9 18 10 M M 1 25 20
27 73 53 63 -3 2 0 T 0.0 0 7.1 16 170 M M 8 19 170
28 75 59 67 0 0 2 0.46 0.0 0 11.5 31 310 M M 8 13 43 300
29 73 58 66 -1 0 1 0.54 0.0 0 13.7 31 300 M M 9 13 39 310
30 72 52 62 -5 3 0 0.00 0.0 0 8.8 22 300 M M 3 28 310
================================================================================
SM 2092 1526 158 23 5.57 0.0 247.8 M 162
================================================================================
AV 69.7 50.9 8.3 FASTST M M 5 MAX(MPH)
MISC ----> # 38 290 # 50 290
================================================================================
NOTES:
# LAST OF SEVERAL OCCURRENCES
COLUMN 17 PEAK WIND IN M.P.H.
PRELIMINARY LOCAL CLIMATOLOGICAL DATA (WS FORM: F-6) , PAGE 2
STATION: MEMPHIS
MONTH: APRIL
YEAR: 2020
LATITUDE: 35 3 N
LONGITUDE: 89 59 W
[TEMPERATURE DATA] [PRECIPITATION DATA] SYMBOLS USED IN COLUMN 16
AVERAGE MONTHLY: 60.3 TOTAL FOR MONTH: 5.57 1 = FOG OR MIST
DPTR FM NORMAL: -2.6 DPTR FM NORMAL: 0.07 2 = FOG REDUCING VISIBILITY
HIGHEST: 82 ON 8 GRTST 24HR 2.60 ON 12-12 TO 1/4 MILE OR LESS
LOWEST: 34 ON 15 3 = THUNDER
SNOW, ICE PELLETS, HAIL 4 = ICE PELLETS
TOTAL MONTH: 0.0 INCH 5 = HAIL
GRTST 24HR 0.0 6 = FREEZING RAIN OR DRIZZLE
GRTST DEPTH: 0 7 = DUSTSTORM OR SANDSTORM:
VSBY 1/2 MILE OR LESS
8 = SMOKE OR HAZE
[NO. OF DAYS WITH] [WEATHER - DAYS WITH] 9 = BLOWING SNOW
X = TORNADO
MAX 32 OR BELOW: 0 0.01 INCH OR MORE: 11
MAX 90 OR ABOVE: 0 0.10 INCH OR MORE: 10
MIN 32 OR BELOW: 0 0.50 INCH OR MORE: 3
MIN 0 OR BELOW: 0 1.00 INCH OR MORE: 1
[HDD (BASE 65) ]
TOTAL THIS MO. 158 CLEAR (SCALE 0-3) 8
DPTR FM NORMAL 21 PTCLDY (SCALE 4-7) 13
TOTAL FM JUL 1 2675 CLOUDY (SCALE 8-10) 9
DPTR FM NORMAL -270
[CDD (BASE 65) ]
TOTAL THIS MO. 23
DPTR FM NORMAL -52 [PRESSURE DATA]
TOTAL FM JAN 1 54 HIGHEST SLP M ON M
DPTR FM NORMAL -41 LOWEST SLP 29.37 ON 12
[REMARKS]
#FINAL-04-20#