000
CXUS54 KLZK 011230
CF6MEZ
PRELIMINARY LOCAL CLIMATOLOGICAL DATA (WS FORM: F-6)
STATION: MENA AIRPORT
MONTH: OCTOBER
YEAR: 2022
LATITUDE: 34 9 N
LONGITUDE: 94 15 W
TEMPERATURE IN F: :PCPN: SNOW: WIND :SUNSHINE: SKY :PK WND
================================================================================
1 2 3 4 5 6A 6B 7 8 9 10 11 12 13 14 15 16 17 18
12Z AVG MX 2MIN
DY MAX MIN AVG DEP HDD CDD WTR SNW DPTH SPD SPD DIR MIN PSBL S-S WX SPD DR
================================================================================
1 82 39 61 -4 4 0 4.80 M M 2.0 9 300 M M 0 8 M M
2 83 40 62 -3 3 0 0.00 M M 2.4 8 50 M M 0 M M
3 85 42 64 0 1 0 0.00 M M 2.7 12 50 M M 0 M M
4 84 44 64 0 1 0 5.28 M M 2.1 8 60 M M 0 M M
5 86 44 65 1 0 0 4.80 M M 1.6 10 320 M M 0 M M
6 87 50 69 6 0 4 0.00 M M 3.2 12 290 M M 0 8 21 99
7 85 48 67 4 0 2 0.00 M M 3.2 14 360 M M 2 18 17 360
8 75 50 63 0 2 0 0.00 M M 4.7 13 60 M M 2 M M
9 78 46 62 0 3 0 4.80 M M 1.9 8 250 M M 2 M M
10 82 50 66 4 0 1 4.80 M M 1.2 6 99 M M 2 M M
11 81 60 71 9 0 6 4.80 M M 3.6 8 230 M M 4 M M
12 86 51 69 8 0 4 4.80 M M 6.7 12 260 M M 2 20 290
13 75 42 59 -2 6 0 0.00 M M 4.8 13 300 M M 0 21 290
14 84 39 62 1 3 0 0.00 M M 6.0 15 260 M M 0 25 250
15 88 67 78 18 0 13 0.00 M M 5.7 10 240 M M 0 18 99
16 76 61 69 9 0 4 0.00 M M 3.5 10 270 M M 2 1 21 270
17 62 44 53 -7 12 0 4.80 M M 6.5 13 330 M M 0 21 340
18 53 28 41 -19 24 0 4.80 M M 5.3 13 350 M M 0 24 340
19 59 23 41 -18 24 0 0.00 M M 2.4 9 290 M M 0 M M
20 74 31 53 -6 12 0 0.00 M M 1.6 6 50 M M 0 M M
21 82 37 60 1 5 0 0.00 M M 2.6 8 260 M M 0 21 99
22 78 62 70 12 0 5 0.00 M M 6.5 12 220 M M 1 24 230
23 80 67 74 16 0 9 0.00 M M 5.5 9 220 M M 4 22 240
24 75 59 67 9 0 2 0.00 M M 4.8 9 140 M M 2 1 21 260
25 59 40 50 -8 15 0 0.13 M M 9.7 22 290 M M 0 1 32 290
26 68 35 52 -5 13 0 0.00 M M 2.7 7 110 M M 0 M M
27 65 33 49 -8 16 0 T M M 3.1 9 90 M M 0 M M
28 62 44 53 -4 12 0 0.01 M M 2.3 9 80 M M 0 1 M M
29 57 54 56 0 9 0 0.17 M M 4.2 21 70 M M 0 1 29 90
30 61 55 58 2 7 0 0.01 M M 4.6 10 290 M M 0 1 M M
31 73 44 59 3 6 0 0.00 M M 2.0 7 270 M M 0 1 M M
================================================================================
SM 2325 1429 178 50 44.00 M 119.2 M 23
================================================================================
AV 75.0 46.1 3.8 FASTST M M 1 MAX(MPH)
MISC ----> 22 290 32 290
================================================================================
NOTES:
# LAST OF SEVERAL OCCURRENCES
COLUMN 17 PEAK WIND IN M.P.H.
PRELIMINARY LOCAL CLIMATOLOGICAL DATA (WS FORM: F-6) , PAGE 2
STATION: MENA AIRPORT
MONTH: OCTOBER
YEAR: 2022
LATITUDE: 34 9 N
LONGITUDE: 94 15 W
[TEMPERATURE DATA] [PRECIPITATION DATA] SYMBOLS USED IN COLUMN 16
AVERAGE MONTHLY: 60.5 TOTAL FOR MONTH: 44.00 1 = FOG OR MIST
DPTR FM NORMAL: 0.2 DPTR FM NORMAL: 38.00 2 = FOG REDUCING VISIBILITY
HIGHEST: 88 ON 15 GRTST 24HR 5.28 ON 4- 4 TO 1/4 MILE OR LESS
LOWEST: 23 ON 19 3 = THUNDER
SNOW, ICE PELLETS, HAIL 4 = ICE PELLETS
TOTAL MONTH: M 5 = HAIL
GRTST 24HR M ON M 6 = FREEZING RAIN OR DRIZZLE
GRTST DEPTH: M ON M 7 = DUSTSTORM OR SANDSTORM:
VSBY 1/2 MILE OR LESS
8 = SMOKE OR HAZE
[NO. OF DAYS WITH] [WEATHER - DAYS WITH] 9 = BLOWING SNOW
X = TORNADO
MAX 32 OR BELOW: 0 0.01 INCH OR MORE: 13
MAX 90 OR ABOVE: 0 0.10 INCH OR MORE: 11
MIN 32 OR BELOW: 3 0.50 INCH OR MORE: 9
MIN 0 OR BELOW: 0 1.00 INCH OR MORE: 9
[HDD (BASE 65) ]
TOTAL THIS MO. 178 CLEAR (SCALE 0-3) 29
DPTR FM NORMAL -12 PTCLDY (SCALE 4-7) 2
TOTAL FM JUL 1 200 CLOUDY (SCALE 8-10) 0
DPTR FM NORMAL -21
[CDD (BASE 65) ]
TOTAL THIS MO. 50
DPTR FM NORMAL 6 [PRESSURE DATA]
TOTAL FM JAN 1 1702 HIGHEST SLP M ON M
DPTR FM NORMAL 190 LOWEST SLP M ON M
[REMARKS]
#FINAL-10-22#